000
CXUS51 KCLE 010900
CF6MFD
PRELIMINARY LOCAL CLIMATOLOGICAL DATA (WS FORM: F-6)
STATION: MANSFIELD OH
MONTH: FEBRUARY
YEAR: 2024
LATITUDE: 40 49 N
LONGITUDE: 82 31 W
TEMPERATURE IN F: :PCPN: SNOW: WIND :SUNSHINE: SKY :PK WND
================================================================================
1 2 3 4 5 6A 6B 7 8 9 10 11 12 13 14 15 16 17 18
12Z AVG MX 2MIN
DY MAX MIN AVG DEP HDD CDD WTR SNW DPTH SPD SPD DIR MIN PSBL S-S WX SPD DR
================================================================================
1 50 34 42 16 23 0 0.00 0.0 0 13.7 22 200 M M 5 28 230
2 38 29 34 7 31 0 0.00 0.0 0 8.6 15 350 M M 10 22 360
3 39 26 33 6 32 0 0.00 0.0 0 5.2 10 30 M M 6 14 60
4 49 25 37 10 28 0 0.00 0.0 0 6.4 13 10 M M 0 17 10
5 40 27 34 7 31 0 0.00 0.0 0 9.4 17 20 M M 8 1 28 20
6 45 23 34 7 31 0 0.00 0.0 0 6.3 15 40 M M 2 21 40
7 54 25 40 13 25 0 0.00 0.0 0 6.4 12 160 M M 0 14 150
8 62 39 51 23 14 0 T 0.0 0 13.1 24 190 M M 1 35 190
9 63 49 56 28 9 0 0.00 0.0 0 17.3 23 190 M M 2 35 190
10 56 34 45 17 20 0 0.04 0.0 0 10.4 20 210 M M 6 30 200
11 39 26 33 5 32 0 0.00 0.0 0 5.7 12 10 M M 7 14 340
12 43 25 34 6 31 0 0.00 0.0 0 5.3 14 360 M M 0 19 20
13 43 26 35 7 30 0 0.00 0.0 0 8.6 20 260 M M 5 31 260
14 37 23 30 1 35 0 0.00 0.0 0 4.1 9 260 M M 4 15 300
15 45 23 34 5 31 0 0.01 0.0 0 13.7 25 230 M M 5 8 41 230
16 32 22 27 -2 38 0 0.19 1.6 0 5.8 13 300 M M 6 1 19 310
17 24 12 18 -12 47 0 0.01 T 2 10.3 21 220 M M 7 1 37 220
18 31 12 22 -8 43 0 0.00 0.0 1 15.7 26 210 M M 0 39 200
19 41 15 28 -2 37 0 0.00 0.0 T 4.0 12 220 M M 0 14 210
20 49 21 35 5 30 0 0.00 0.0 0 6.4 12 170 M M 0 18 170
21 58 30 44 14 21 0 0.00 0.0 0 13.7 22 190 M M 3 30 180
22 53 41 47 16 18 0 0.62 0.0 0 7.3 22 190 M M 10 1 30 190
23 53 30 42 11 23 0 0.00 0.0 0 7.9 17 330 M M 7 1 23 290
24 30 17 24 -7 41 0 0.09 0.4 T 11.2 21 10 M M 4 1 29 20
25 47 15 31 -1 34 0 0.00 0.0 0 14.9 24 170 M M 1 33 180
26 63 33 48 16 17 0 0.00 0.0 0 8.0 13 170 M M 0 M M
27 68 52 60 28 5 0 T 0.0 0 16.1 23 200 M M 6 46 210
28 62 21 42 10 23 0 0.60 T 0 15.0 29 200 M M 9 13 44 200
29 36 19 28 -5 37 0 0.00 0.0 0 8.5 15 260 M M 0 26 250
================================================================================
SM 1350 774 817 0 1.56 2.0 279.0 M 114
================================================================================
AV 46.6 26.7 9.6 FASTST M M 4 MAX(MPH)
MISC ----> 29 200 46 210
================================================================================
NOTES:
# LAST OF SEVERAL OCCURRENCES
COLUMN 17 PEAK WIND IN M.P.H.
PRELIMINARY LOCAL CLIMATOLOGICAL DATA (WS FORM: F-6) , PAGE 2
STATION: MANSFIELD OH
MONTH: FEBRUARY
YEAR: 2024
LATITUDE: 40 49 N
LONGITUDE: 82 31 W
[TEMPERATURE DATA] [PRECIPITATION DATA] SYMBOLS USED IN COLUMN 16
AVERAGE MONTHLY: 36.6 TOTAL FOR MONTH: 1.56 1 = FOG OR MIST
DPTR FM NORMAL: 7.5 DPTR FM NORMAL: -0.97 2 = FOG REDUCING VISIBILITY
HIGHEST: 68 ON 27 GRTST 24HR 0.62 ON 22-22 TO 1/4 MILE OR LESS
LOWEST: 12 ON 18,17 3 = THUNDER
SNOW, ICE PELLETS, HAIL 4 = ICE PELLETS
TOTAL MONTH: 2.0 INCHES 5 = HAIL
GRTST 24HR 1.6 ON 16-16 6 = FREEZING RAIN OR DRIZZLE
GRTST DEPTH: 2 ON 17 7 = DUSTSTORM OR SANDSTORM:
VSBY 1/2 MILE OR LESS
8 = SMOKE OR HAZE
[NO. OF DAYS WITH] [WEATHER - DAYS WITH] 9 = BLOWING SNOW
X = TORNADO
MAX 32 OR BELOW: 4 0.01 INCH OR MORE: 7
MAX 90 OR ABOVE: 0 0.10 INCH OR MORE: 3
MIN 32 OR BELOW: 22 0.50 INCH OR MORE: 2
MIN 0 OR BELOW: 0 1.00 INCH OR MORE: 0
[HDD (BASE 65) ]
TOTAL THIS MO. 817 CLEAR (SCALE 0-3) 12
DPTR FM NORMAL -188 PTCLDY (SCALE 4-7) 14
TOTAL FM JUL 1 3831 CLOUDY (SCALE 8-10) 3
DPTR FM NORMAL -665
[CDD (BASE 65) ]
TOTAL THIS MO. 0
DPTR FM NORMAL 0 [PRESSURE DATA]
TOTAL FM JAN 1 0 HIGHEST SLP 30.50 ON 29
DPTR FM NORMAL 0 LOWEST SLP 29.32 ON 28
[REMARKS]
#FINAL-02-24#