000
CXUS51 KCLE 010800
CF6MFD
PRELIMINARY LOCAL CLIMATOLOGICAL DATA (WS FORM: F-6)
STATION: MANSFIELD OH
MONTH: MAY
YEAR: 2021
LATITUDE: 40 49 N
LONGITUDE: 82 31 W
TEMPERATURE IN F: :PCPN: SNOW: WIND :SUNSHINE: SKY :PK WND
================================================================================
1 2 3 4 5 6A 6B 7 8 9 10 11 12 13 14 15 16 17 18
12Z AVG MX 2MIN
DY MAX MIN AVG DEP HDD CDD WTR SNW DPTH SPD SPD DIR MIN PSBL S-S WX SPD DR
================================================================================
1 67 33 50 -6 15 0 0.00 0.0 0 12.8 28 200 M M 0 36 200
2 82 62 72 16 0 7 0.00 0.0 0 16.3 25 220 M M 0 33 220
3 68 56 62 6 3 0 0.40 0.0 0 8.7 17 210 M M 10 1 23 220
4 69 54 62 5 3 0 0.86 0.0 0 8.1 16 210 M M 9 18 21 200
5 54 38 46 -11 19 0 0.04 0.0 0 8.5 20 320 M M 8 1 24 310
6 59 37 48 -9 17 0 0.08 0.0 0 3.6 14 260 M M 5 1 20 250
7 59 43 51 -7 14 0 0.40 0.0 0 8.1 23 270 M M 9 1 32 280
8 56 38 47 -11 18 0 T 0.0 0 7.4 18 330 M M 7 24 320
9 47 36 42 -16 23 0 2.73 0.0 0 10.9 22 10 M M 10 1 29 10
10 58 36 47 -12 18 0 0.00 0.0 0 4.6 15 310 M M 3 18 19 320
11 54 37 46 -13 19 0 T 0.0 0 7.4 20 320 M M 4 24 310
12 62 33 48 -11 17 0 0.00 0.0 0 6.1 18 360 M M 1 24 360
13 67 38 53 -7 12 0 0.00 0.0 0 4.6 15 360 M M 0 21 40
14 71 39 55 -5 10 0 0.00 0.0 0 3.3 13 310 M M 2 17 320
15 72 41 57 -3 8 0 0.00 0.0 0 3.6 10 230 M M 2 17 330
16 72 55 64 4 1 0 0.00 0.0 0 4.0 12 190 M M 6 17 180
17 74 51 63 2 2 0 0.00 0.0 0 5.4 14 130 M M 1 20 110
18 80 49 65 4 0 0 0.00 0.0 0 4.9 13 110 M M 0 18 20 130
19 85 53 69 8 0 4 0.00 0.0 0 6.2 14 180 M M 1 20 170
20 87 60 74 12 0 9 0.00 0.0 0 5.9 15 150 M M 0 21 130
21 87 61 74 12 0 9 0.00 0.0 0 6.4 12 170 M M 1 16 170
22 85 66 76 14 0 11 0.00 0.0 0 6.0 13 250 M M 1 24 280
23 89 66 78 16 0 13 0.58 0.0 0 8.2 20 330 M M 5 1 24 340
24 83 64 74 11 0 9 0.00 0.0 0 4.7 10 360 M M 7 128 15 360
25 89 69 79 16 0 14 0.00 0.0 0 9.1 20 210 M M 4 25 210
26 80 63 72 9 0 7 0.49 0.0 0 8.4 18 320 M M 3 1 23 200
27 75 54 65 1 0 0 0.00 0.0 0 7.1 16 40 M M 1 21 20
28 60 45 53 -11 12 0 0.46 0.0 0 12.8 28 350 M M 10 1 36 10
29 57 45 51 -13 14 0 0.02 0.0 0 13.4 24 10 M M 10 1 33 10
30 66 46 56 -9 9 0 0.00 0.0 0 8.9 15 30 M M 3 20 30
31 74 42 58 -7 7 0 0.00 0.0 0 3.4 9 190 M M 0 14 280
================================================================================
SM 2188 1510 241 83 6.06 0.0 228.8 M 123
================================================================================
AV 70.6 48.7 7.4 FASTST M M 4 MAX(MPH)
MISC ----> # 28 200 # 36 200
================================================================================
NOTES:
# LAST OF SEVERAL OCCURRENCES
COLUMN 17 PEAK WIND IN M.P.H.
PRELIMINARY LOCAL CLIMATOLOGICAL DATA (WS FORM: F-6) , PAGE 2
STATION: MANSFIELD OH
MONTH: MAY
YEAR: 2021
LATITUDE: 40 49 N
LONGITUDE: 82 31 W
[TEMPERATURE DATA] [PRECIPITATION DATA] SYMBOLS USED IN COLUMN 16
AVERAGE MONTHLY: 59.6 TOTAL FOR MONTH: 6.06 1 = FOG OR MIST
DPTR FM NORMAL: -0.7 DPTR FM NORMAL: 1.87 2 = FOG REDUCING VISIBILITY
HIGHEST: 89 ON 25,23 GRTST 24HR 2.73 ON 9- 9 TO 1/4 MILE OR LESS
LOWEST: 33 ON 12, 1 3 = THUNDER
SNOW, ICE PELLETS, HAIL 4 = ICE PELLETS
TOTAL MONTH: 0.0 INCH 5 = HAIL
GRTST 24HR 0.0 6 = FREEZING RAIN OR DRIZZLE
GRTST DEPTH: 0 7 = DUSTSTORM OR SANDSTORM:
VSBY 1/2 MILE OR LESS
8 = SMOKE OR HAZE
[NO. OF DAYS WITH] [WEATHER - DAYS WITH] 9 = BLOWING SNOW
X = TORNADO
MAX 32 OR BELOW: 0 0.01 INCH OR MORE: 10
MAX 90 OR ABOVE: 0 0.10 INCH OR MORE: 7
MIN 32 OR BELOW: 0 0.50 INCH OR MORE: 3
MIN 0 OR BELOW: 0 1.00 INCH OR MORE: 1
[HDD (BASE 65) ]
TOTAL THIS MO. 241 CLEAR (SCALE 0-3) 14
DPTR FM NORMAL 42 PTCLDY (SCALE 4-7) 10
TOTAL FM JUL 1 5456 CLOUDY (SCALE 8-10) 7
DPTR FM NORMAL -487
[CDD (BASE 65) ]
TOTAL THIS MO. 83
DPTR FM NORMAL 28 [PRESSURE DATA]
TOTAL FM JAN 1 105 HIGHEST SLP 30.45 ON 21
DPTR FM NORMAL 42 LOWEST SLP 29.59 ON 3
[REMARKS]
#FINAL-05-21#