000
CXUS51 KCLE 010800
CF6MFD
PRELIMINARY LOCAL CLIMATOLOGICAL DATA (WS FORM: F-6)
STATION: MANSFIELD OH
MONTH: JULY
YEAR: 2020
LATITUDE: 40 49 N
LONGITUDE: 82 31 W
TEMPERATURE IN F: :PCPN: SNOW: WIND :SUNSHINE: SKY :PK WND
================================================================================
1 2 3 4 5 6A 6B 7 8 9 10 11 12 13 14 15 16 17 18
12Z AVG MX 2MIN
DY MAX MIN AVG DEP HDD CDD WTR SNW DPTH SPD SPD DIR MIN PSBL S-S WX SPD DR
================================================================================
1 87 64 76 5 0 11 0.00 0.0 0 7.1 14 10 M M 0 19 30
2 89 62 76 5 0 11 0.00 0.0 0 4.2 12 340 M M 1 1 16 20
3 93 61 77 6 0 12 0.00 0.0 0 4.0 13 360 M M 1 1 15 330
4 91 64 78 7 0 13 0.00 0.0 0 4.5 15 360 M M 1 18 19 360
5 91 60 76 4 0 11 0.00 0.0 0 2.8 12 340 M M 0 18 16 360
6 95 64 80 8 0 15 0.00 0.0 0 2.8 10 160 M M 1 15 140
7 93 71 82 10 0 17 0.19 0.0 0 7.0 23 210 M M 2 138 28 210
8 92 67 80 8 0 15 0.00 0.0 0 4.9 17 310 M M 1 13 23 310
9 94 69 82 10 0 17 0.00 0.0 0 6.1 16 140 M M 2 3 23 130
10 91 71 81 9 0 16 0.23 0.0 0 8.8 26 200 M M 3 138 35 190
11 85 67 76 4 0 11 0.02 0.0 0 9.8 20 320 M M 5 1 27 320
12 84 66 75 3 0 10 0.00 0.0 0 5.4 12 320 M M 3 16 320
13 81 64 73 1 0 8 0.00 0.0 0 4.6 15 330 M M 2 12 19 350
14 86 59 73 1 0 8 0.00 0.0 0 4.1 9 140 M M 2 18 13 70
15 89 62 76 4 0 11 0.00 0.0 0 7.6 16 130 M M 1 20 120
16 87 73 80 8 0 15 0.00 0.0 0 11.0 25 200 M M 5 31 200
17 90 67 79 7 0 14 0.00 0.0 0 4.1 12 240 M M 2 128 18 230
18 93 64 79 7 0 14 0.00 0.0 0 7.7 17 210 M M 1 22 190
19 93 73 83 11 0 18 T 0.0 0 10.9 23 210 M M 2 29 210
20 87 70 79 7 0 14 0.00 0.0 0 5.8 14 240 M M 3 1 20 240
21 89 67 78 6 0 13 0.14 0.0 0 4.9 12 230 M M 4 1 16 220
22 82 68 75 3 0 10 0.30 0.0 0 9.2 20 200 M M 7 13 25 210
23 83 68 76 4 0 11 0.12 0.0 0 6.8 15 200 M M 8 13 19 190
24 86 65 76 4 0 11 0.00 0.0 0 4.3 13 350 M M 2 1 18 350
25 88 63 76 5 0 11 0.00 0.0 0 2.9 10 330 M M 2 15 360
26 89 66 78 7 0 13 0.00 0.0 0 6.2 14 230 M M 1 19 240
27 90 71 81 10 0 16 0.82 0.0 0 9.1 28 320 M M 3 13 37 300
28 85 67 76 5 0 11 0.04 0.0 0 6.4 14 240 M M 3 1 20 230
29 87 65 76 5 0 11 0.00 0.0 0 8.2 17 210 M M 2 22 200
30 81 69 75 4 0 10 0.00 0.0 0 4.7 10 20 M M 4 19 50
31 81 65 73 2 0 8 0.00 0.0 0 8.1 14 20 M M 4 22 340
================================================================================
SM 2732 2052 0 386 1.86 0.0 194.0 M 78
================================================================================
AV 88.1 66.2 6.3 FASTST M M 3 MAX(MPH)
MISC ----> 28 320 37 300
================================================================================
NOTES:
# LAST OF SEVERAL OCCURRENCES
COLUMN 17 PEAK WIND IN M.P.H.
PRELIMINARY LOCAL CLIMATOLOGICAL DATA (WS FORM: F-6) , PAGE 2
STATION: MANSFIELD OH
MONTH: JULY
YEAR: 2020
LATITUDE: 40 49 N
LONGITUDE: 82 31 W
[TEMPERATURE DATA] [PRECIPITATION DATA] SYMBOLS USED IN COLUMN 16
AVERAGE MONTHLY: 77.2 TOTAL FOR MONTH: 1.86 1 = FOG OR MIST
DPTR FM NORMAL: 5.7 DPTR FM NORMAL: -2.52 2 = FOG REDUCING VISIBILITY
HIGHEST: 95 ON 6 GRTST 24HR 0.86 ON 27-28 TO 1/4 MILE OR LESS
LOWEST: 59 ON 14 3 = THUNDER
SNOW, ICE PELLETS, HAIL 4 = ICE PELLETS
TOTAL MONTH: 0.0 INCH 5 = HAIL
GRTST 24HR 0.0 6 = FREEZING RAIN OR DRIZZLE
GRTST DEPTH: 0 7 = DUSTSTORM OR SANDSTORM:
VSBY 1/2 MILE OR LESS
8 = SMOKE OR HAZE
[NO. OF DAYS WITH] [WEATHER - DAYS WITH] 9 = BLOWING SNOW
X = TORNADO
MAX 32 OR BELOW: 0 0.01 INCH OR MORE: 8
MAX 90 OR ABOVE: 12 0.10 INCH OR MORE: 6
MIN 32 OR BELOW: 0 0.50 INCH OR MORE: 1
MIN 0 OR BELOW: 0 1.00 INCH OR MORE: 0
[HDD (BASE 65) ]
TOTAL THIS MO. 0 CLEAR (SCALE 0-3) 24
DPTR FM NORMAL -8 PTCLDY (SCALE 4-7) 7
TOTAL FM JUL 1 0 CLOUDY (SCALE 8-10) 0
DPTR FM NORMAL 0
[CDD (BASE 65) ]
TOTAL THIS MO. 386
DPTR FM NORMAL 176 [PRESSURE DATA]
TOTAL FM JAN 1 696 HIGHEST SLP 30.19 ON 17
DPTR FM NORMAL 306 LOWEST SLP 29.71 ON 11
[REMARKS]
#FINAL-07-20#