000
CXUS53 KGRB 041424
CF6MFI
PRELIMINARY LOCAL CLIMATOLOGICAL DATA (WS FORM: F-6)
STATION: MARSHFIELD WI
MONTH: AUGUST
YEAR: 2020
LATITUDE: 44 37 N
LONGITUDE: 90 11 W
TEMPERATURE IN F: :PCPN: SNOW: WIND :SUNSHINE: SKY :PK WND
================================================================================
1 2 3 4 5 6A 6B 7 8 9 10 11 12 13 14 15 16 17 18
12Z AVG MX 2MIN
DY MAX MIN AVG DEP HDD CDD WTR SNW DPTH SPD SPD DIR MIN PSBL S-S WX SPD DR
================================================================================
1 82 55 69 0 0 4 0.00 0.0 0 2.8 14 320 M M 4 19 320
2 70 57 64 -5 1 0 0.29 0.0 0 10.0 21 30 M M 9 18 29 20
3 70 49 60 -9 5 0 0.00 0.0 0 7.9 16 50 M M 5 24 50
4 72 49 61 -8 4 0 T 0.0 0 4.3 10 10 M M 5 M M
5 77 49 63 -6 2 0 0.00 0.0 0 3.1 12 260 M M 1 16 320
6 78 52 65 -3 0 0 0.00 0.0 0 4.2 14 180 M M 3 19 170
7 81 56 69 1 0 4 0.00 0.0 0 8.0 17 190 M M 1 24 190
8 83 66 75 7 0 10 0.03 0.0 0 7.8 22 200 M M 7 13 30 210
9 84 64 74 6 0 9 0.00 0.0 0 8.7 23 180 M M 3 12 32 160
10 83 53 68 0 0 3 T 0.0 0 9.3 25 310 M M 5 12 35 210
11 82 51 67 -1 0 2 0.00 0.0 0 5.4 14 250 M M 0 19 250
12 82 57 70 2 0 5 T 0.0 0 4.5 13 200 M M 2 18 200
13 84 61 73 5 0 8 0.09 0.0 0 6.2 15 140 M M 5 138 20 150
14 84 59 72 4 0 7 0.53 0.0 0 7.6 35 280 M M 0 138 49 280
15 75 55 65 -3 0 0 0.05 0.0 0 7.7 17 350 M M 6 13 23 350
16 80 52 66 -2 0 1 T 0.0 0 6.4 17 310 M M 2 1 24 300
17 79 56 68 1 0 3 0.00 0.0 0 8.0 16 330 M M 4 23 310
18 77 49 63 -4 2 0 0.00 0.0 0 5.3 13 300 M M 1 18 330
19 81 52 67 0 0 2 0.00 0.0 0 6.7 15 250 M M 0 21 210
20 79 58 69 2 0 4 T 0.0 0 7.9 16 230 M M 2 22 230
21 85 61 73 6 0 8 0.02 0.0 0 7.1 16 250 M M 2 22 240
22 74 61 68 2 0 3 0.30 0.0 0 4.6 15 310 M M 6 1 25 310
23 86 60 73 7 0 8 0.00 0.0 0 2.6 10 260 M M 2 12 15 230
24 85 64 75 9 0 10 0.39 0.0 0 4.5 17 330 M M 2 13 23 310
25 78 67 73 7 0 8 0.04 0.0 0 8.3 15 140 M M 4 13 23 150
26 89 66 78 12 0 13 0.00 0.0 0 8.7 21 240 M M 0 1 32 250
27 88 67 78 13 0 13 T 0.0 0 2.5 10 70 M M 5 13 60
28 79 65 72 7 0 7 1.51 0.0 0 11.4 23 320 M M 6 13 33 310
29 73 52 63 -2 2 0 0.00 0.0 0 11.7 23 320 M M 1 31 320
30 72 48 60 -5 5 0 T 0.0 0 5.4 14 130 M M 0 12 20 130
31 70 49 60 -4 5 0 0.20 0.0 0 8.5 28 130 M M 5 13 38 130
================================================================================
SM 2462 1760 26 132 3.45 0.0 207.1 M 98
================================================================================
AV 79.4 56.8 6.7 FASTST M M 3 MAX(MPH)
MISC ----> # 35 280 # 49 280
================================================================================
NOTES:
# LAST OF SEVERAL OCCURRENCES
COLUMN 17 PEAK WIND IN M.P.H.
PRELIMINARY LOCAL CLIMATOLOGICAL DATA (WS FORM: F-6) , PAGE 2
STATION: MARSHFIELD WI
MONTH: AUGUST
YEAR: 2020
LATITUDE: 44 37 N
LONGITUDE: 90 11 W
[TEMPERATURE DATA] [PRECIPITATION DATA] SYMBOLS USED IN COLUMN 16
AVERAGE MONTHLY: 68.1 TOTAL FOR MONTH: 3.45 1 = FOG OR MIST
DPTR FM NORMAL: 1.0 DPTR FM NORMAL: -0.83 2 = FOG REDUCING VISIBILITY
HIGHEST: 89 ON 26 GRTST 24HR 1.51 ON 28-28 TO 1/4 MILE OR LESS
LOWEST: 48 ON 30 3 = THUNDER
SNOW, ICE PELLETS, HAIL 4 = ICE PELLETS
TOTAL MONTH: 0.0 INCH 5 = HAIL
GRTST 24HR 0.0 6 = FREEZING RAIN OR DRIZZLE
GRTST DEPTH: 0 7 = DUSTSTORM OR SANDSTORM:
VSBY 1/2 MILE OR LESS
8 = SMOKE OR HAZE
[NO. OF DAYS WITH] [WEATHER - DAYS WITH] 9 = BLOWING SNOW
X = TORNADO
MAX 32 OR BELOW: 0 0.01 INCH OR MORE: 11
MAX 90 OR ABOVE: 0 0.10 INCH OR MORE: 6
MIN 32 OR BELOW: 0 0.50 INCH OR MORE: 2
MIN 0 OR BELOW: 0 1.00 INCH OR MORE: 1
[HDD (BASE 65) ]
TOTAL THIS MO. 26 CLEAR (SCALE 0-3) 17
DPTR FM NORMAL -13 PTCLDY (SCALE 4-7) 13
TOTAL FM JUL 1 32 CLOUDY (SCALE 8-10) 1
DPTR FM NORMAL -29
[CDD (BASE 65) ]
TOTAL THIS MO. 132
DPTR FM NORMAL 27 [PRESSURE DATA]
TOTAL FM JAN 1 490 HIGHEST SLP 30.16 ON 4
DPTR FM NORMAL 149 LOWEST SLP 29.61 ON 31
[REMARKS]
#FINAL-08-20#