000
CXUS54 KBMX 011010
CF6MGM
PRELIMINARY LOCAL CLIMATOLOGICAL DATA (WS FORM: F-6)
STATION: MONTGOMERY
MONTH: MARCH
YEAR: 2021
LATITUDE: 32 17 N
LONGITUDE: 86 24 W
TEMPERATURE IN F: :PCPN: SNOW: WIND :SUNSHINE: SKY :PK WND
================================================================================
1 2 3 4 5 6A 6B 7 8 9 10 11 12 13 14 15 16 17 18
12Z AVG MX 2MIN
DY MAX MIN AVG DEP HDD CDD WTR SNW DPTH SPD SPD DIR MIN PSBL S-S WX SPD DR
================================================================================
1 72 53 63 9 2 0 0.02 0.0 0 8.0 23 360 M M 10 18 29 360
2 53 44 49 -5 16 0 1.42 0.0 0 9.1 16 60 M M 8 1 21 20
3 67 44 56 2 9 0 0.00 0.0 0 7.2 13 300 M M 4 18 40
4 75 37 56 1 9 0 0.00 0.0 0 4.5 14 340 M M 0 17 330
5 70 41 56 1 9 0 0.00 0.0 0 4.2 15 350 M M 1 18 350
6 69 47 58 3 7 0 0.00 0.0 0 7.5 16 320 M M 4 22 300
7 68 38 53 -3 12 0 0.00 0.0 0 5.9 16 10 M M 0 8 21 10
8 72 33 53 -3 12 0 0.00 0.0 M 2.2 9 100 M M 0 18 11 170
9 74 37 56 0 9 0 0.00 0.0 M 4.9 12 130 M M 0 16 140
10 77 41 59 3 6 0 0.00 0.0 0 5.4 15 160 M M 0 20 160
11 77 46 62 6 3 0 0.00 0.0 0 3.7 14 160 M M 0 17 170
12 80 48 64 7 1 0 0.00 0.0 0 2.5 12 190 M M 0 1 14 160
13 83 51 67 10 0 2 0.00 0.0 0 2.7 12 190 M M 0 16 180
14 82 52 67 10 0 2 0.00 0.0 0 2.8 10 210 M M 0 15 200
15 82 58 70 13 0 5 0.00 0.0 0 9.2 20 170 M M 5 1 26 160
16 71 63 67 9 0 2 1.41 0.0 0 6.0 15 280 M M 9 13 22 220
17 77 63 70 12 0 5 0.44 0.0 0 8.9 39 220 M M 8 13 53 210
18 71 49 60 2 5 0 0.18 0.0 0 14.1 29 150 M M 8 13 39 150
19 57 48 53 -5 12 0 0.00 0.0 0 8.6 14 330 M M 10 19 320
20 65 47 56 -2 9 0 0.00 0.0 0 10.0 24 60 M M 5 31 60
21 70 42 56 -3 9 0 0.00 0.0 0 4.6 13 80 M M 4 20 60
22 77 51 64 5 1 0 0.00 0.0 0 7.1 15 130 M M 3 21 120
23 72 58 65 6 0 0 0.98 0.0 0 10.6 26 150 M M 8 1 36 150
24 75 60 68 9 0 3 0.08 0.0 M 7.6 29 150 M M 5 38 160
25 80 63 72 12 0 7 1.24 0.0 0 12.7 25 180 M M 9 13 37 170
26 78 65 72 12 0 7 0.50 0.0 0 5.1 14 360 M M 9 13 18 360
27 86 70 78 18 0 13 0.00 0.0 0 10.1 20 180 M M 5 25 190
28 77 56 67 7 0 2 0.33 0.0 0 9.4 25 280 M M 4 1 40 300
29 71 45 58 -2 7 0 0.00 0.0 0 4.8 17 50 M M 0 23 50
30 82 46 64 4 1 0 0.02 0.0 0 5.8 17 150 M M 3 23 150
31 80 49 65 4 0 0 1.72 0.0 M 8.7 28 320 M M 9 13 43 320
================================================================================
SM 2290 1545 139 48 8.34 0.0 213.9 M 131
================================================================================
AV 73.9 49.8 6.9 FASTST M M 4 MAX(MPH)
MISC ----> 39 220 53 210
================================================================================
NOTES:
# LAST OF SEVERAL OCCURRENCES
COLUMN 17 PEAK WIND IN M.P.H.
PRELIMINARY LOCAL CLIMATOLOGICAL DATA (WS FORM: F-6) , PAGE 2
STATION: MONTGOMERY
MONTH: MARCH
YEAR: 2021
LATITUDE: 32 17 N
LONGITUDE: 86 24 W
[TEMPERATURE DATA] [PRECIPITATION DATA] SYMBOLS USED IN COLUMN 16
AVERAGE MONTHLY: 61.9 TOTAL FOR MONTH: 8.34 1 = FOG OR MIST
DPTR FM NORMAL: 4.4 DPTR FM NORMAL: 2.39 2 = FOG REDUCING VISIBILITY
HIGHEST: 86 ON 27 GRTST 24HR 1.72 ON 31-31 TO 1/4 MILE OR LESS
LOWEST: 33 ON 8 3 = THUNDER
SNOW, ICE PELLETS, HAIL 4 = ICE PELLETS
TOTAL MONTH: 0.0 INCH 5 = HAIL
GRTST 24HR 0.0 6 = FREEZING RAIN OR DRIZZLE
GRTST DEPTH: 0 7 = DUSTSTORM OR SANDSTORM:
VSBY 1/2 MILE OR LESS
8 = SMOKE OR HAZE
[NO. OF DAYS WITH] [WEATHER - DAYS WITH] 9 = BLOWING SNOW
X = TORNADO
MAX 32 OR BELOW: 0 0.01 INCH OR MORE: 12
MAX 90 OR ABOVE: 0 0.10 INCH OR MORE: 9
MIN 32 OR BELOW: 0 0.50 INCH OR MORE: 6
MIN 0 OR BELOW: 0 1.00 INCH OR MORE: 4
[HDD (BASE 65) ]
TOTAL THIS MO. 139 CLEAR (SCALE 0-3) 12
DPTR FM NORMAL -116 PTCLDY (SCALE 4-7) 10
TOTAL FM JUL 1 1713 CLOUDY (SCALE 8-10) 9
DPTR FM NORMAL -415
[CDD (BASE 65) ]
TOTAL THIS MO. 48
DPTR FM NORMAL 25 [PRESSURE DATA]
TOTAL FM JAN 1 71 HIGHEST SLP 30.58 ON 8
DPTR FM NORMAL 42 LOWEST SLP 29.67 ON 18
[REMARKS]
#FINAL-03-21#