067
CXUS53 KTOP 010910
CF6MHK
PRELIMINARY LOCAL CLIMATOLOGICAL DATA (WS FORM: F-6)
STATION: MANHATTAN KS
MONTH: JANUARY
YEAR: 2021
LATITUDE: 39 9 N
LONGITUDE: 96 40 W
TEMPERATURE IN F: :PCPN: SNOW: WIND :SUNSHINE: SKY :PK WND
================================================================================
1 2 3 4 5 6A 6B 7 8 9 10 11 12 13 14 15 16 17 18
12Z AVG MX 2MIN
DY MAX MIN AVG DEP HDD CDD WTR SNW DPTH SPD SPD DIR MIN PSBL S-S WX SPD DR
================================================================================
1 40 21 31 3 34 0 0.00 M M 5.8 16 30 M M 5 21 30
2 46 21 34 6 31 0 0.00 M M 1.4 7 220 M M 0 18 9 220
3 53 19 36 8 29 0 0.00 M M 3.8 15 240 M M 0 18 21 210
4 55 21 38 10 27 0 0.00 M M 3.5 15 350 M M 1 18 29 10
5 56 18 37 9 28 0 0.00 M M 7.0 23 170 M M 0 29 170
6 48 33 41 13 24 0 0.00 M M 4.3 9 80 M M 7 18 13 160
7 43 28 36 8 29 0 T M M 8.5 15 70 M M 8 18 20 60
8 39 18 29 1 36 0 0.00 M M 0.9 6 40 M M 4 18 8 240
9 37 16 27 -1 38 0 0.00 M M 1.5 8 40 M M 5 18 12 360
10 38 18 28 0 37 0 0.00 M M 2.3 8 30 M M 9 18 12 20
11 50 18 34 6 31 0 0.00 M M 7.0 17 250 M M 1 18 25 240
12 56 18 37 9 28 0 0.00 M M 6.6 15 220 M M 0 21 240
13 59 31 45 17 20 0 T M M 7.2 17 220 M M 0 22 210
14 58 41 50 22 15 0 0.00 M M 10.4 22 320 M M 3 47 330
15 41 32 37 9 28 0 T M M 12.6 29 320 M M 10 1 46 350
16 45 24 35 7 30 0 0.00 M M 5.5 14 260 M M 3 21 260
17 50 20 35 6 30 0 0.00 M M 4.9 15 290 M M 2 27 270
18 54 19 37 8 28 0 0.00 M M 3.0 14 20 M M 3 22 20
19 50 19 35 6 30 0 0.00 M M 4.3 15 310 M M 1 27 300
20 58 15 37 8 28 0 0.00 M M 7.2 30 220 M M 0 41 240
21 60 15 38 9 27 0 0.00 M M 3.9 13 30 M M 0 23 30
22 37 20 29 0 36 0 0.00 M M 7.4 17 40 M M 1 8 21 50
23 43 19 31 2 34 0 0.00 M M 8.1 16 150 M M 8 21 140
24 40 32 36 7 29 0 0.02 M M 7.4 13 60 M M 10 18 17 30
25 36 29 33 4 32 0 0.64 M M 9.6 21 70 M M 10 16 27 80
26 29 21 25 -4 40 0 0.08 M M 8.0 16 50 M M 10 18 20 60
27 28 21 25 -5 40 0 0.04 M M 3.7 9 130 M M 10 18 13 40
28 37 24 31 1 34 0 0.00 M M 8.7 18 170 M M 7 18 23 160
29 52 20 36 6 29 0 0.00 M M 5.4 20 180 M M 0 18 28 190
30 55 35 45 15 20 0 0.01 M M 7.4 18 220 M M 7 18 31 330
31 37 21 29 -1 36 0 0.00 M M 7.9 16 350 M M 9 18 30 340
================================================================================
SM 1430 707 938 0 0.79 M 185.2 M 134
================================================================================
AV 46.1 22.8 6.0 FASTST M M 4 MAX(MPH)
MISC ----> 30 220 47 330
================================================================================
NOTES:
# LAST OF SEVERAL OCCURRENCES
COLUMN 17 PEAK WIND IN M.P.H.
PRELIMINARY LOCAL CLIMATOLOGICAL DATA (WS FORM: F-6) , PAGE 2
STATION: MANHATTAN KS
MONTH: JANUARY
YEAR: 2021
LATITUDE: 39 9 N
LONGITUDE: 96 40 W
[TEMPERATURE DATA] [PRECIPITATION DATA] SYMBOLS USED IN COLUMN 16
AVERAGE MONTHLY: 34.5 TOTAL FOR MONTH: 0.79 1 = FOG OR MIST
DPTR FM NORMAL: 5.8 DPTR FM NORMAL: 0.14 2 = FOG REDUCING VISIBILITY
HIGHEST: 60 ON 21 GRTST 24HR 0.79 ON 25-25 TO 1/4 MILE OR LESS
LOWEST: 15 ON 21,20 3 = THUNDER
SNOW, ICE PELLETS, HAIL 4 = ICE PELLETS
TOTAL MONTH: M 5 = HAIL
GRTST 24HR M ON M 6 = FREEZING RAIN OR DRIZZLE
GRTST DEPTH: M ON M 7 = DUSTSTORM OR SANDSTORM:
VSBY 1/2 MILE OR LESS
8 = SMOKE OR HAZE
[NO. OF DAYS WITH] [WEATHER - DAYS WITH] 9 = BLOWING SNOW
X = TORNADO
MAX 32 OR BELOW: 2 0.01 INCH OR MORE: 5
MAX 90 OR ABOVE: 0 0.10 INCH OR MORE: 1
MIN 32 OR BELOW: 28 0.50 INCH OR MORE: 1
MIN 0 OR BELOW: 0 1.00 INCH OR MORE: 0
[HDD (BASE 65) ]
TOTAL THIS MO. 938 CLEAR (SCALE 0-3) 16
DPTR FM NORMAL -187 PTCLDY (SCALE 4-7) 8
TOTAL FM JUL 1 2851 CLOUDY (SCALE 8-10) 7
DPTR FM NORMAL -416
[CDD (BASE 65) ]
TOTAL THIS MO. 0
DPTR FM NORMAL 0 [PRESSURE DATA]
TOTAL FM JAN 1 0 HIGHEST SLP 30.61 ON 28
DPTR FM NORMAL 0 LOWEST SLP 29.49 ON 30
[REMARKS]
#FINAL-01-21#