000
CXUS53 KIND 010600
CF6MIE
PRELIMINARY LOCAL CLIMATOLOGICAL DATA (WS FORM: F-6)
STATION: MUNCIE IN
MONTH: MARCH
YEAR: 2022
LATITUDE: 40 13 N
LONGITUDE: 85 23 W
TEMPERATURE IN F: :PCPN: SNOW: WIND :SUNSHINE: SKY :PK WND
================================================================================
1 2 3 4 5 6A 6B 7 8 9 10 11 12 13 14 15 16 17 18
12Z AVG MX 2MIN
DY MAX MIN AVG DEP HDD CDD WTR SNW DPTH SPD SPD DIR MIN PSBL S-S WX SPD DR
================================================================================
1 63 40 52 16 13 0 0.00 M M 10.1 17 270 M M 4 24 290
2 65 32 49 12 16 0 T M M 5.8 28 20 M M 4 8 34 20
3 45 31 38 1 27 0 0.00 M M 10.5 21 30 M M 5 27 20
4 49 27 38 1 27 0 0.00 M M 9.0 15 100 M M 1 20 100
5 77 37 57 19 8 0 0.00 M M 13.4 23 200 M M 2 41 210
6 67 43 55 17 10 0 0.31 M M 13.0 31 250 M M 4 38 47 250
7 45 34 40 2 25 0 1.14 M M 13.5 24 300 M M 10 18 34 300
8 38 32 35 -4 30 0 0.00 M M 4.4 13 280 M M 8 19 290
9 48 33 41 2 24 0 0.00 M M 5.5 15 310 M M 4 23 300
10 48 27 38 -2 27 0 0.00 M M 3.2 10 340 M M 0 18 18 360
11 36 25 31 -9 34 0 T M M 10.4 26 320 M M 10 18 33 310
12 25 16 21 -19 44 0 0.00 M M 15.2 26 320 M M 4 36 280
13 54 16 35 -5 30 0 0.00 M M 14.8 29 250 M M 3 42 240
14 65 40 53 12 12 0 0.00 M M 11.7 21 200 M M 0 31 230
15 67 45 56 15 9 0 0.00 M M 6.7 17 270 M M 5 24 280
16 72 37 55 13 10 0 0.00 M M 5.3 15 200 M M 0 23 200
17 74 44 59 17 6 0 0.00 M M 5.4 12 270 M M 1 16 270
18 68 51 60 18 5 0 0.75 M M 7.3 16 260 M M 5 13 24 150
19 56 40 48 5 17 0 0.11 M M 14.5 26 240 M M 10 18 38 240
20 61 38 50 7 15 0 0.01 M M 7.0 15 270 M M 2 19 270
21 72 39 56 12 9 0 0.00 M M 6.6 18 200 M M 0 25 200
22 62 50 56 12 9 0 0.69 M M 10.0 36 130 M M 7 13 47 130
23 68 49 59 15 6 0 0.29 M M 14.2 26 230 M M 9 3 39 230
24 52 44 48 3 17 0 T M M 12.9 21 240 M M 10 33 190
25 46 36 41 -4 24 0 0.05 M M 15.0 30 300 M M 9 1 41 280
26 37 29 33 -12 32 0 T M M 15.3 22 280 M M 10 31 290
27 36 24 30 -16 35 0 T M M 12.2 22 320 M M 7 32 300
28 39 20 30 -16 35 0 0.00 M M 6.0 20 320 M M 1 23 350
29 43 28 36 -11 29 0 T M M 12.3 22 120 M M 7 29 130
30 78 43 61 14 4 0 0.01 M M 16.4 38 200 M M 5 61 190
31 62 36 49 2 16 0 0.11 M M 17.5 29 200 M M 10 52 220
================================================================================
SM 1718 1086 605 0 3.47 M 325.1 M 157
================================================================================
AV 55.4 35.0 10.5 FASTST M M 5 MAX(MPH)
MISC ----> 38 200 61 190
================================================================================
NOTES:
# LAST OF SEVERAL OCCURRENCES
COLUMN 17 PEAK WIND IN M.P.H.
PRELIMINARY LOCAL CLIMATOLOGICAL DATA (WS FORM: F-6) , PAGE 2
STATION: MUNCIE IN
MONTH: MARCH
YEAR: 2022
LATITUDE: 40 13 N
LONGITUDE: 85 23 W
[TEMPERATURE DATA] [PRECIPITATION DATA] SYMBOLS USED IN COLUMN 16
AVERAGE MONTHLY: 45.2 TOTAL FOR MONTH: 3.47 1 = FOG OR MIST
DPTR FM NORMAL: 3.5 DPTR FM NORMAL: 0.39 2 = FOG REDUCING VISIBILITY
HIGHEST: 78 ON 30 GRTST 24HR 1.22 ON 6- 7 TO 1/4 MILE OR LESS
LOWEST: 16 ON 12,13 3 = THUNDER
SNOW, ICE PELLETS, HAIL 4 = ICE PELLETS
TOTAL MONTH: M 5 = HAIL
GRTST 24HR M ON M 6 = FREEZING RAIN OR DRIZZLE
GRTST DEPTH: M ON M 7 = DUSTSTORM OR SANDSTORM:
VSBY 1/2 MILE OR LESS
8 = SMOKE OR HAZE
[NO. OF DAYS WITH] [WEATHER - DAYS WITH] 9 = BLOWING SNOW
X = TORNADO
MAX 32 OR BELOW: 1 0.01 INCH OR MORE: 10
MAX 90 OR ABOVE: 0 0.10 INCH OR MORE: 7
MIN 32 OR BELOW: 12 0.50 INCH OR MORE: 3
MIN 0 OR BELOW: 0 1.00 INCH OR MORE: 1
[HDD (BASE 65) ]
TOTAL THIS MO. 605 CLEAR (SCALE 0-3) 9
DPTR FM NORMAL -120 PTCLDY (SCALE 4-7) 14
TOTAL FM JUL 1 4274 CLOUDY (SCALE 8-10) 8
DPTR FM NORMAL -487
[CDD (BASE 65) ]
TOTAL THIS MO. 0
DPTR FM NORMAL -3 [PRESSURE DATA]
TOTAL FM JAN 1 0 HIGHEST SLP M ON M
DPTR FM NORMAL -3 LOWEST SLP 29.18 ON 31
[REMARKS]
#FINAL-03-22#