000
CXUS53 KEAX 010736
CF6MKC
PRELIMINARY LOCAL CLIMATOLOGICAL DATA (WS FORM: F-6)
STATION: DOWNTOWN KANSAS CITY MO
MONTH: JUNE
YEAR: 2023
LATITUDE: 39 7 N
LONGITUDE: 94 36 W
TEMPERATURE IN F: :PCPN: SNOW: WIND :SUNSHINE: SKY :PK WND
================================================================================
1 2 3 4 5 6A 6B 7 8 9 10 11 12 13 14 15 16 17 18
12Z AVG MX 2MIN
DY MAX MIN AVG DEP HDD CDD WTR SNW DPTH SPD SPD DIR MIN PSBL S-S WX SPD DR
================================================================================
1 87 68 78 6 0 13 0.00 M M 5.7 16 140 M M 1 23 180
2 89 68 79 6 0 14 T M M 5.8 16 150 M M 1 3 22 50
3 92 68 80 7 0 15 0.00 M M 6.5 17 100 M M 0 27 50
4 91 65 78 5 0 13 0.00 M M 5.4 14 50 M M 1 21 70
5 90 68 79 5 0 14 T M M 4.8 21 210 M M 1 38 28 220
6 89 64 77 3 0 12 T M M 2.6 21 150 M M 2 3 29 150
7 90 66 78 4 0 13 0.00 M M 3.8 13 350 M M 1 17 340
8 80 69 75 0 0 10 T M M 8.6 16 130 M M 3 8 23 70
9 85 66 76 1 0 11 0.00 M M 6.5 14 60 M M 1 8 21 50
10 75 66 71 -4 0 6 0.22 M M 5.7 13 210 M M 8 1 18 310
11 74 61 68 -8 0 3 0.27 M M 7.4 16 10 M M 9 1 21 20
12 75 56 66 -10 0 1 0.00 M M 4.0 13 360 M M 0 19 310
13 80 54 67 -9 0 2 0.00 M M 4.3 14 220 M M 0 22 200
14 87 57 72 -4 0 7 0.00 M M 3.8 12 110 M M 1 17 350
15 88 64 76 -1 0 11 0.00 M M 3.5 9 270 M M 1 15 150
16 89 66 78 1 0 13 0.00 M M 4.6 13 30 M M 1 20 20
17 89 70 80 3 0 15 0.00 M M 6.0 16 200 M M 2 22 200
18 82 64 73 -4 0 8 0.47 M M 4.6 17 300 M M 3 13 23 310
19 90 66 78 0 0 13 0.00 M M 4.1 12 110 M M 0 17 40
20 90 73 82 4 0 17 0.00 M M 7.8 16 80 M M 0 26 80
21 90 71 81 3 0 16 0.00 M M 6.6 16 80 M M 0 26 70
22 90 72 81 3 0 16 0.00 M M 5.0 14 120 M M 0 20 120
23 92 67 80 2 0 15 0.00 M M 5.6 14 150 M M 2 8 19 170
24 94 75 85 6 0 20 0.00 M M 11.3 23 200 M M 1 32 200
25 87 70 79 0 0 14 0.00 M M 9.6 22 320 M M 0 33 320
26 86 66 76 -3 0 11 0.00 M M 8.0 21 320 M M 0 31 330
27 88 63 76 -3 0 11 0.00 M M 6.7 22 170 M M 0 29 160
28 97 76 87 8 0 22 T M M 9.0 17 200 M M 0 3 26 200
29 97 76 87 7 0 22 0.00 M M 7.8 25 350 M M 0 3 35 360
30 100 73 87 7 0 22 0.00 M M 7.2 21 310 M M 2 3 32 310
================================================================================
SM 2633 2008 0 380 0.96 M 182.3 M 41
================================================================================
AV 87.8 66.9 6.1 FASTST M M 1 MAX(MPH)
MISC ----> 25 350 35 360
================================================================================
NOTES:
# LAST OF SEVERAL OCCURRENCES
COLUMN 17 PEAK WIND IN M.P.H.
PRELIMINARY LOCAL CLIMATOLOGICAL DATA (WS FORM: F-6) , PAGE 2
STATION: DOWNTOWN KANSAS CITY MO
MONTH: JUNE
YEAR: 2023
LATITUDE: 39 7 N
LONGITUDE: 94 36 W
[TEMPERATURE DATA] [PRECIPITATION DATA] SYMBOLS USED IN COLUMN 16
AVERAGE MONTHLY: 77.4 TOTAL FOR MONTH: 0.96 1 = FOG OR MIST
DPTR FM NORMAL: 0.9 DPTR FM NORMAL: -4.37 2 = FOG REDUCING VISIBILITY
HIGHEST: 100 ON 30 GRTST 24HR 0.76 ON 31- 1 TO 1/4 MILE OR LESS
LOWEST: 54 ON 13 3 = THUNDER
SNOW, ICE PELLETS, HAIL 4 = ICE PELLETS
TOTAL MONTH: M 5 = HAIL
GRTST 24HR M ON M 6 = FREEZING RAIN OR DRIZZLE
GRTST DEPTH: M ON M 7 = DUSTSTORM OR SANDSTORM:
VSBY 1/2 MILE OR LESS
8 = SMOKE OR HAZE
[NO. OF DAYS WITH] [WEATHER - DAYS WITH] 9 = BLOWING SNOW
X = TORNADO
MAX 32 OR BELOW: 0 0.01 INCH OR MORE: 3
MAX 90 OR ABOVE: 13 0.10 INCH OR MORE: 3
MIN 32 OR BELOW: 0 0.50 INCH OR MORE: 0
MIN 0 OR BELOW: 0 1.00 INCH OR MORE: 0
[HDD (BASE 65) ]
TOTAL THIS MO. 0 CLEAR (SCALE 0-3) 27
DPTR FM NORMAL -4 PTCLDY (SCALE 4-7) 2
TOTAL FM JUL 1 4439 CLOUDY (SCALE 8-10) 1
DPTR FM NORMAL -171
[CDD (BASE 65) ]
TOTAL THIS MO. 380
DPTR FM NORMAL 31 [PRESSURE DATA]
TOTAL FM JAN 1 577 HIGHEST SLP M ON M
DPTR FM NORMAL 61 LOWEST SLP 29.64 ON 18
[REMARKS]
#FINAL-06-23#