000
CXUS53 KEAX 010836
CF6MKC
PRELIMINARY LOCAL CLIMATOLOGICAL DATA (WS FORM: F-6)
STATION: DOWNTOWN KANSAS CITY MO
MONTH: DECEMBER
YEAR: 2021
LATITUDE: 39 7 N
LONGITUDE: 94 36 W
TEMPERATURE IN F: :PCPN: SNOW: WIND :SUNSHINE: SKY :PK WND
================================================================================
1 2 3 4 5 6A 6B 7 8 9 10 11 12 13 14 15 16 17 18
12Z AVG MX 2MIN
DY MAX MIN AVG DEP HDD CDD WTR SNW DPTH SPD SPD DIR MIN PSBL S-S WX SPD DR
================================================================================
1 64 39 52 12 13 0 0.00 M M 5.4 13 230 M M 0 18 230
2 71 44 58 19 7 0 0.00 M M 3.4 9 230 M M 0 12 220
3 67 41 54 15 11 0 0.00 M M 6.1 17 360 M M 0 23 340
4 51 35 43 5 22 0 0.00 M M 8.0 16 80 M M 1 23 90
5 65 41 53 15 12 0 0.00 M M 12.5 31 330 M M 5 45 340
6 41 29 35 -3 30 0 0.00 M M 11.4 30 330 M M 0 45 330
7 43 29 36 -2 29 0 0.00 M M 8.4 16 200 M M 1 21 160
8 53 28 41 4 24 0 0.00 M M 4.5 13 140 M M 0 22 140
9 64 37 51 14 14 0 0.00 M M 6.7 16 240 M M 0 24 110
10 67 37 52 15 13 0 0.00 M M 13.7 28 280 M M 5 8 42 290
11 47 32 40 4 25 0 0.00 M M 12.3 31 290 M M 3 49 280
12 57 33 45 9 20 0 0.00 M M 12.3 22 200 M M 0 30 200
13 59 35 47 11 18 0 0.00 M M 5.7 21 210 M M 0 8 30 210
14 67 44 56 20 9 0 0.00 M M 10.7 23 190 M M 3 32 180
15 75 46 61 26 4 0 T M M 22.8 54 210 M M 7 38 77 200
16 47 32 40 5 25 0 0.00 M M 6.8 17 280 M M 0 25 300
17 44 31 38 3 27 0 0.00 M M 7.1 14 80 M M 7 22 70
18 36 26 31 -4 34 0 0.00 M M 8.9 18 340 M M 6 26 330
19 39 22 31 -3 34 0 0.00 M M 7.2 14 190 M M 4 22 190
20 47 27 37 3 28 0 0.00 M M 7.5 15 350 M M 0 20 350
21 48 23 36 2 29 0 0.00 M M 4.3 17 270 M M 0 25 270
22 53 23 38 4 27 0 0.00 M M 6.0 17 210 M M 0 22 200
23 60 42 51 18 14 0 0.00 M M 9.1 20 210 M M 0 1 31 220
24 73 44 59 26 6 0 0.00 M M 11.5 28 210 M M 1 1 38 200
25 56 37 47 14 18 0 0.00 M M 3.6 15 340 M M 0 22 330
26 66 33 50 17 15 0 0.00 M M 9.1 32 150 M M 0 48 150
27 64 40 52 19 13 0 0.00 M M 8.1 23 300 M M 0 35 320
28 57 26 42 10 23 0 0.20 M M 9.9 21 330 M M 5 1 30 160
29 34 22 28 -4 37 0 0.00 M M 8.2 15 70 M M 6 22 60
30 46 30 38 6 27 0 0.00 M M 5.0 13 230 M M 5 1 19 200
31 59 32 46 14 19 0 0.00 M M 8.6 17 360 M M 2 1 25 340
================================================================================
SM 1720 1040 627 0 0.20 M 264.8 M 61
================================================================================
AV 55.5 33.5 8.5 FASTST M M 2 MAX(MPH)
MISC ----> 54 210 77 200
================================================================================
NOTES:
# LAST OF SEVERAL OCCURRENCES
COLUMN 17 PEAK WIND IN M.P.H.
PRELIMINARY LOCAL CLIMATOLOGICAL DATA (WS FORM: F-6) , PAGE 2
STATION: DOWNTOWN KANSAS CITY MO
MONTH: DECEMBER
YEAR: 2021
LATITUDE: 39 7 N
LONGITUDE: 94 36 W
[TEMPERATURE DATA] [PRECIPITATION DATA] SYMBOLS USED IN COLUMN 16
AVERAGE MONTHLY: 44.5 TOTAL FOR MONTH: 0.20 1 = FOG OR MIST
DPTR FM NORMAL: 9.2 DPTR FM NORMAL: -1.10 2 = FOG REDUCING VISIBILITY
HIGHEST: 75 ON 15 GRTST 24HR 0.20 ON 28-28 TO 1/4 MILE OR LESS
LOWEST: 22 ON 29,19 3 = THUNDER
SNOW, ICE PELLETS, HAIL 4 = ICE PELLETS
TOTAL MONTH: M 5 = HAIL
GRTST 24HR M ON M 6 = FREEZING RAIN OR DRIZZLE
GRTST DEPTH: M ON M 7 = DUSTSTORM OR SANDSTORM:
VSBY 1/2 MILE OR LESS
8 = SMOKE OR HAZE
[NO. OF DAYS WITH] [WEATHER - DAYS WITH] 9 = BLOWING SNOW
X = TORNADO
MAX 32 OR BELOW: 0 0.01 INCH OR MORE: 1
MAX 90 OR ABOVE: 0 0.10 INCH OR MORE: 1
MIN 32 OR BELOW: 15 0.50 INCH OR MORE: 0
MIN 0 OR BELOW: 0 1.00 INCH OR MORE: 0
[HDD (BASE 65) ]
TOTAL THIS MO. 627 CLEAR (SCALE 0-3) 21
DPTR FM NORMAL -294 PTCLDY (SCALE 4-7) 10
TOTAL FM JUL 1 1317 CLOUDY (SCALE 8-10) 0
DPTR FM NORMAL -477
[CDD (BASE 65) ]
TOTAL THIS MO. 0
DPTR FM NORMAL 0 [PRESSURE DATA]
TOTAL FM JAN 1 1860 HIGHEST SLP 30.42 ON 19
DPTR FM NORMAL 152 LOWEST SLP 29.31 ON 10
[REMARKS]
#FINAL-12-21#