000
CXUS55 KEAX 010736
CF6MKC
PRELIMINARY LOCAL CLIMATOLOGICAL DATA (WS FORM: F-6)
STATION: DOWNTOWN KANSAS CITY MO
MONTH: SEPTEMBER
YEAR: 2020
LATITUDE: 39 7 N
LONGITUDE: 94 36 W
TEMPERATURE IN F: :PCPN: SNOW: WIND :SUNSHINE: SKY :PK WND
================================================================================
1 2 3 4 5 6A 6B 7 8 9 10 11 12 13 14 15 16 17 18
12Z AVG MX 2MIN
DY MAX MIN AVG DEP HDD CDD WTR SNW DPTH SPD SPD DIR MIN PSBL S-S WX SPD DR
================================================================================
1 84 70 77 1 0 12 0.01 M M 6.8 21 200 M M 8 1 30 200
2 86 67 77 1 0 12 0.00 M M 3.4 10 120 M M 3 12 14 120
3 83 62 73 -2 0 8 0.00 M M 7.2 15 340 M M 2 22 340
4 84 57 71 -4 0 6 0.00 M M 4.0 10 150 M M 0 14 130
5 91 66 79 4 0 14 M M M 6.7 16 190 M M 3 13 22 200
6 92 77 85 11 0 20 0.00 M M 16.6 28 200 M M 0 40 200
7 92 71 82 8 0 17 0.00 M M 8.1 22 190 M M 3 30 200
8 71 50 61 -13 4 0 T M M 12.2 20 10 M M 10 1 27 10
9 56 50 53 -20 12 0 T M M 9.4 16 10 M M 10 1 23 20
10 57 54 56 -17 9 0 1.22 M M 7.1 13 360 M M 10 1 18 30
11 63 55 59 -13 6 0 0.05 M M 2.2 8 270 M M 10 1 10 250
12 78 61 70 -2 0 5 0.01 M M 5.0 15 350 M M 7 1 21 210
13 77 54 66 -5 0 1 0.00 M M 4.3 10 340 M M 1 14 340
14 80 55 68 -3 0 3 0.00 M M 4.7 13 50 M M 0 1 18 50
15 81 58 70 -1 0 5 0.00 M M 2.3 8 130 M M 0 12 150
16 83 60 72 2 0 7 0.00 M M 1.7 16 20 M M 0 23 10
17 73 57 65 -5 0 0 0.00 M M 6.4 14 10 M M 0 17 10
18 73 53 63 -6 2 0 0.00 M M 5.7 12 50 M M 0 16 40
19 72 55 64 -5 1 0 0.00 M M 7.3 14 140 M M 0 20 130
20 75 56 66 -2 0 1 0.00 M M 6.7 14 150 M M 0 20 170
21 79 58 69 1 0 4 0.00 M M 4.4 12 100 M M 1 8 16 110
22 78 59 69 1 0 4 0.00 M M 4.6 13 160 M M 1 16 160
23 76 65 71 4 0 6 0.00 M M 4.5 12 210 M M 8 15 200
24 82 58 70 3 0 5 0.00 M M 7.9 15 190 M M 1 21 200
25 87 63 75 9 0 10 0.00 M M 10.3 18 170 M M 0 26 150
26 90 65 78 12 0 13 0.00 M M 13.4 25 190 M M 0 34 190
27 73 53 63 -2 2 0 0.60 M M 8.8 29 350 M M 8 138 40 340
28 66 50 58 -7 7 0 0.00 M M 8.3 22 330 M M 2 8 31 330
29 72 46 59 -6 6 0 0.00 M M 6.2 17 250 M M 1 25 250
30 75 50 63 -1 2 0 0.00 M M 7.1 24 340 M M 0 35 350
================================================================================
SM 2329 1755 51 153 1.89 M 203.3 M 89
================================================================================
AV 77.6 58.5 6.8 FASTST M M 3 MAX(MPH)
MISC ----> 29 350 40 340
================================================================================
NOTES:
# LAST OF SEVERAL OCCURRENCES
COLUMN 17 PEAK WIND IN M.P.H.
PRELIMINARY LOCAL CLIMATOLOGICAL DATA (WS FORM: F-6) , PAGE 2
STATION: DOWNTOWN KANSAS CITY MO
MONTH: SEPTEMBER
YEAR: 2020
LATITUDE: 39 7 N
LONGITUDE: 94 36 W
[TEMPERATURE DATA] [PRECIPITATION DATA] SYMBOLS USED IN COLUMN 16
AVERAGE MONTHLY: 68.1 TOTAL FOR MONTH: 1.89 1 = FOG OR MIST
DPTR FM NORMAL: -2.1 DPTR FM NORMAL: -2.27 2 = FOG REDUCING VISIBILITY
HIGHEST: 92 ON 7, 6 GRTST 24HR 1.26 ON 10-11 TO 1/4 MILE OR LESS
LOWEST: 46 ON 29 3 = THUNDER
SNOW, ICE PELLETS, HAIL 4 = ICE PELLETS
TOTAL MONTH: M 5 = HAIL
GRTST 24HR M ON M 6 = FREEZING RAIN OR DRIZZLE
GRTST DEPTH: M ON M 7 = DUSTSTORM OR SANDSTORM:
VSBY 1/2 MILE OR LESS
8 = SMOKE OR HAZE
[NO. OF DAYS WITH] [WEATHER - DAYS WITH] 9 = BLOWING SNOW
X = TORNADO
MAX 32 OR BELOW: 0 0.01 INCH OR MORE: 5
MAX 90 OR ABOVE: 4 0.10 INCH OR MORE: 2
MIN 32 OR BELOW: 0 0.50 INCH OR MORE: 2
MIN 0 OR BELOW: 0 1.00 INCH OR MORE: 1
[HDD (BASE 65) ]
TOTAL THIS MO. 51 CLEAR (SCALE 0-3) 22
DPTR FM NORMAL 9 PTCLDY (SCALE 4-7) 2
TOTAL FM JUL 1 51 CLOUDY (SCALE 8-10) 6
DPTR FM NORMAL 9
[CDD (BASE 65) ]
TOTAL THIS MO. 153
DPTR FM NORMAL -47 [PRESSURE DATA]
TOTAL FM JAN 1 1593 HIGHEST SLP M ON M
DPTR FM NORMAL -39 LOWEST SLP 29.62 ON 7
[REMARKS]
#FINAL-09-20#