727
CXUS55 KEAX 041806
CF6MKC
PRELIMINARY LOCAL CLIMATOLOGICAL DATA (WS FORM: F-6)
STATION: DOWNTOWN KANSAS CITY MO
MONTH: FEBRUARY
YEAR: 2020
LATITUDE: 39 7 N
LONGITUDE: 94 36 W
TEMPERATURE IN F: :PCPN: SNOW: WIND :SUNSHINE: SKY :PK WND
================================================================================
1 2 3 4 5 6A 6B 7 8 9 10 11 12 13 14 15 16 17 18
12Z AVG MX 2MIN
DY MAX MIN AVG DEP HDD CDD WTR SNW DPTH SPD SPD DIR MIN PSBL S-S WX SPD DR
================================================================================
1 56 30 43 11 22 0 0.00 M M 7.8 17 220 M M 4 23 230
2 68 38 53 21 12 0 0.00 M M 5.9 14 240 M M 0 19 230
3 66 36 51 19 14 0 0.00 M M 9.0 23 230 M M 3 34 220
4 36 30 33 1 32 0 T M M 12.5 20 10 M M 10 28 10
5 31 26 29 -4 36 0 T M M 8.3 14 10 M M 10 8 21 40
6 38 18 28 -5 37 0 0.00 M M 4.0 12 340 M M 2 14 150
7 39 25 32 -1 33 0 0.00 M M 8.4 17 320 M M 6 24 330
8 44 17 31 -2 34 0 0.00 M M 5.0 14 140 M M 1 20 160
9 55 29 42 8 23 0 0.00 M M 10.6 22 330 M M 7 30 320
10 45 24 35 1 30 0 0.00 M M 4.9 10 340 M M 2 14 340
11 44 29 37 3 28 0 0.00 M M 4.6 13 330 M M 4 17 320
12 36 21 29 -5 36 0 M M M 5.8 28 330 M M 8 1 38 340
13 21 4 13 -22 52 0 0.00 M M 10.8 24 340 M M 1 33 350
14 30 6 18 -17 47 0 0.00 M M 6.8 15 150 M M 2 20 170
15 45 27 36 1 29 0 0.00 M M 7.1 20 180 M M 4 29 170
16 56 22 39 3 26 0 0.00 M M 4.4 10 150 M M 1 1 15 160
17 63 35 49 13 16 0 0.00 M M 7.8 24 320 M M 4 34 340
18 45 28 37 1 28 0 0.00 M M 8.4 20 350 M M 3 27 310
19 40 24 32 -5 33 0 0.00 M M 7.4 15 20 M M 3 22 20
20 32 20 26 -11 39 0 T M M 9.0 17 20 M M 4 22 20
21 45 15 30 -7 35 0 0.00 M M 8.7 20 210 M M 0 25 220
22 55 30 43 5 22 0 0.00 M M 10.3 20 190 M M 0 26 190
23 62 41 52 14 13 0 T M M 5.7 17 210 M M 1 24 210
24 51 38 45 7 20 0 0.17 M M 12.2 20 10 M M 10 1 30 10
25 45 32 39 0 26 0 T M M 12.0 26 360 M M 10 36 340
26 40 23 32 -7 33 0 0.00 M M 10.6 21 340 M M 4 29 340
27 49 22 36 -4 29 0 0.00 M M 7.3 16 230 M M 4 24 330
28 56 26 41 1 24 0 0.00 M M 6.9 20 320 M M 3 1 26 320
29 63 30 47 7 18 0 0.00 M M 7.8 16 180 M M 0 31 170
================================================================================
SM 1356 746 827 0 0.17 M 230.0 M 111
================================================================================
AV 46.8 25.7 7.9 FASTST M M 4 MAX(MPH)
MISC ----> 28 330 38 340
================================================================================
NOTES:
# LAST OF SEVERAL OCCURRENCES
COLUMN 17 PEAK WIND IN M.P.H.
PRELIMINARY LOCAL CLIMATOLOGICAL DATA (WS FORM: F-6) , PAGE 2
STATION: DOWNTOWN KANSAS CITY MO
MONTH: FEBRUARY
YEAR: 2020
LATITUDE: 39 7 N
LONGITUDE: 94 36 W
[TEMPERATURE DATA] [PRECIPITATION DATA] SYMBOLS USED IN COLUMN 16
AVERAGE MONTHLY: 36.2 TOTAL FOR MONTH: 0.17 1 = FOG OR MIST
DPTR FM NORMAL: 0.7 DPTR FM NORMAL: -1.31 2 = FOG REDUCING VISIBILITY
HIGHEST: 68 ON 2 GRTST 24HR 0.17 ON 23-24 TO 1/4 MILE OR LESS
LOWEST: 4 ON 13 3 = THUNDER
SNOW, ICE PELLETS, HAIL 4 = ICE PELLETS
TOTAL MONTH: M 5 = HAIL
GRTST 24HR M ON M 6 = FREEZING RAIN OR DRIZZLE
GRTST DEPTH: M ON M 7 = DUSTSTORM OR SANDSTORM:
VSBY 1/2 MILE OR LESS
8 = SMOKE OR HAZE
[NO. OF DAYS WITH] [WEATHER - DAYS WITH] 9 = BLOWING SNOW
X = TORNADO
MAX 32 OR BELOW: 4 0.01 INCH OR MORE: 1
MAX 90 OR ABOVE: 0 0.10 INCH OR MORE: 1
MIN 32 OR BELOW: 24 0.50 INCH OR MORE: 0
MIN 0 OR BELOW: 0 1.00 INCH OR MORE: 0
[HDD (BASE 65) ]
TOTAL THIS MO. 827 CLEAR (SCALE 0-3) 15
DPTR FM NORMAL 0 PTCLDY (SCALE 4-7) 10
TOTAL FM JUL 1 3667 CLOUDY (SCALE 8-10) 4
DPTR FM NORMAL -113
[CDD (BASE 65) ]
TOTAL THIS MO. 0
DPTR FM NORMAL 0 [PRESSURE DATA]
TOTAL FM JAN 1 0 HIGHEST SLP 30.82 ON 20
DPTR FM NORMAL 0 LOWEST SLP 29.51 ON 3
[REMARKS]
#FINAL-02-20#