579
CXUS53 KGRR 131521
CF6MKG
PRELIMINARY LOCAL CLIMATOLOGICAL DATA (WS FORM: F-6)
STATION: MUSKEGON
MONTH: MARCH
YEAR: 2021
LATITUDE: 43 10 N
LONGITUDE: 86 14 W
TEMPERATURE IN F: :PCPN: SNOW: WIND :SUNSHINE: SKY :PK WND
================================================================================
1 2 3 4 5 6A 6B 7 8 9 10 11 12 13 14 15 16 17 18
12Z AVG MX 2MIN
DY MAX MIN AVG DEP HDD CDD WTR SNW DPTH SPD SPD DIR MIN PSBL S-S WX SPD DR
================================================================================
1 36 18 27 -3 38 0 T T T 12.3 25 330 M M 7 34 340
2 37 14 26 -4 39 0 0.00 0.0 T 13.0 29 200 M M 2 40 200
3 45 29 37 6 28 0 0.00 0.0 0 8.7 18 200 M M 0 1 25 200
4 40 24 32 1 33 0 0.00 0.0 0 8.1 16 350 M M 1 8 22 350
5 42 18 30 -1 35 0 0.00 0.0 0 6.0 18 290 M M 1 25 280
6 39 18 29 -3 36 0 0.00 0.0 0 6.4 18 340 M M 1 27 330
7 42 16 29 -3 36 0 0.00 0.0 0 4.4 13 240 M M 2 17 240
8 53 33 43 11 22 0 0.00 0.0 0 12.4 28 180 M M 5 40 210
9 68 29 49 17 16 0 0.00 0.0 0 8.1 18 160 M M 6 18 26 160
10 63 54 59 26 6 0 T 0.0 0 21.6 32 190 M M 7 49 200
11 58 40 49 16 16 0 T 0.0 0 17.4 32 200 M M 5 49 200
12 43 25 34 0 31 0 0.00 0.0 0 9.2 22 300 M M 3 32 310
13 46 18 32 -2 33 0 0.00 0.0 0 8.4 20 220 M M 2 25 200
14 51 29 40 6 25 0 0.00 0.0 0 8.1 17 20 M M 4 25 10
15 39 27 33 -1 32 0 0.01 0.1 0 15.1 26 90 M M 7 39 100
16 38 29 34 -1 31 0 T T 0 6.6 15 70 M M 10 8 21 70
17 48 27 38 3 27 0 0.04 0.0 0 6.1 15 20 M M 7 21 20
18 52 36 44 8 21 0 0.10 0.0 0 15.8 31 40 M M 8 1 48 30
19 51 27 39 3 26 0 0.00 0.0 0 7.2 15 110 M M 0 22 110
20 53 23 38 2 27 0 0.00 0.0 0 4.2 14 180 M M 0 21 180
21 62 28 45 8 20 0 0.00 0.0 0 10.2 21 200 M M 2 29 210
22 66 43 55 18 10 0 0.00 0.0 0 11.7 26 200 M M 5 36 220
23 74 42 58 21 7 0 0.08 0.0 0 7.5 20 130 M M 7 29 120
24 61 44 53 15 12 0 0.04 0.0 0 17.5 31 200 M M 9 42 210
25 51 42 47 9 18 0 0.14 0.0 0 6.8 16 240 M M 10 1 26 240
26 44 32 38 0 27 0 0.15 0.0 0 8.9 20 340 M M 10 26 330
27 55 29 42 3 23 0 0.01 0.0 0 7.9 18 110 M M 7 24 90
28 45 34 40 1 25 0 T T 0 14.3 25 310 M M 10 1 42 320
29 58 23 41 1 24 0 0.00 0.0 0 12.5 26 180 M M 2 41 180
30 63 45 54 14 11 0 T 0.0 0 19.8 35 190 M M 5 52 170
31 45 28 37 -3 28 0 0.00 0.0 0 13.1 21 280 M M 5 33 290
================================================================================
SM 1568 924 763 0 0.57 0.1 329.3 M 150
================================================================================
AV 50.6 29.8 10.6 FASTST M M 5 MAX(MPH)
MISC ----> 35 190 52 170
================================================================================
NOTES:
# LAST OF SEVERAL OCCURRENCES
COLUMN 17 PEAK WIND IN M.P.H.
PRELIMINARY LOCAL CLIMATOLOGICAL DATA (WS FORM: F-6) , PAGE 2
STATION: MUSKEGON
MONTH: MARCH
YEAR: 2021
LATITUDE: 43 10 N
LONGITUDE: 86 14 W
[TEMPERATURE DATA] [PRECIPITATION DATA] SYMBOLS USED IN COLUMN 16
AVERAGE MONTHLY: 40.2 TOTAL FOR MONTH: 0.57 1 = FOG OR MIST
DPTR FM NORMAL: 5.2 DPTR FM NORMAL: -1.68 2 = FOG REDUCING VISIBILITY
HIGHEST: 74 ON 23 GRTST 24HR 0.29 ON 25-26 TO 1/4 MILE OR LESS
LOWEST: 14 ON 2 3 = THUNDER
SNOW, ICE PELLETS, HAIL 4 = ICE PELLETS
TOTAL MONTH: 0.1 INCH 5 = HAIL
GRTST 24HR 0.1 ON 15-15 6 = FREEZING RAIN OR DRIZZLE
GRTST DEPTH: 1 ON M 7 = DUSTSTORM OR SANDSTORM:
VSBY 1/2 MILE OR LESS
8 = SMOKE OR HAZE
[NO. OF DAYS WITH] [WEATHER - DAYS WITH] 9 = BLOWING SNOW
X = TORNADO
MAX 32 OR BELOW: 0 0.01 INCH OR MORE: 8
MAX 90 OR ABOVE: 0 0.10 INCH OR MORE: 3
MIN 32 OR BELOW: 21 0.50 INCH OR MORE: 0
MIN 0 OR BELOW: 0 1.00 INCH OR MORE: 0
[HDD (BASE 65) ]
TOTAL THIS MO. 763 CLEAR (SCALE 0-3) 12
DPTR FM NORMAL -167 PTCLDY (SCALE 4-7) 14
TOTAL FM JUL 1 5176 CLOUDY (SCALE 8-10) 5
DPTR FM NORMAL -487
[CDD (BASE 65) ]
TOTAL THIS MO. 0
DPTR FM NORMAL 0 [PRESSURE DATA]
TOTAL FM JAN 1 0 HIGHEST SLP 30.60 ON 20
DPTR FM NORMAL 0 LOWEST SLP 29.62 ON 28
[REMARKS]
#FINAL-03-21#
CORRECTED MARCH 25 PRECIPITATION FROM 0.05 TO 0.14