000
CXUS52 KMLB 010725
CF6MLB
PRELIMINARY LOCAL CLIMATOLOGICAL DATA (WS FORM: F-6)
STATION: MELBOURNE
MONTH: NOVEMBER
YEAR: 2022
LATITUDE: 28 6 N
LONGITUDE: 80 39 W
TEMPERATURE IN F: :PCPN: SNOW: WIND :SUNSHINE: SKY :PK WND
================================================================================
1 2 3 4 5 6A 6B 7 8 9 10 11 12 13 14 15 16 17 18
12Z AVG MX 2MIN
DY MAX MIN AVG DEP HDD CDD WTR SNW DPTH SPD SPD DIR MIN PSBL S-S WX SPD DR
================================================================================
1 83 71 77 3 0 12 T 0.0 0 5.0 14 60 M M 3 1 18 50
2 85 72 79 5 0 14 0.00 0.0 0 7.4 14 70 M M 2 18 60
3 84 70 77 4 0 12 0.00 0.0 0 9.6 20 360 M M 4 25 30
4 83 68 76 3 0 11 0.04 0.0 0 11.3 20 30 M M 3 18 25 30
5 83 75 79 6 0 14 0.04 0.0 0 10.2 21 100 M M 3 27 110
6 84 75 80 8 0 15 0.12 0.0 0 12.0 21 100 M M 5 8 28 100
7 83 74 79 7 0 14 T 0.0 0 16.4 25 40 M M 5 30 50
8 84 75 80 8 0 15 T 0.0 0 22.1 30 40 M M 7 39 30
9 78 71 75 3 0 10 1.34 0.0 0 27.0 44 30 M M 10 18 59 20
10 81 71 76 4 0 11 1.65 0.0 0 23.6 52 30 M M 8 1 72 30
11 85 71 78 7 0 13 0.00 0.0 0 9.2 18 230 M M 3 25 200
12 84 67 76 5 0 11 0.00 0.0 0 6.4 15 250 M M 3 12 20 230
13 83 65 74 3 0 9 0.56 0.0 0 7.3 20 20 M M 4 138 23 20
14 81 67 74 3 0 9 0.03 0.0 0 6.3 16 360 M M 4 1 20 360
15 82 66 74 3 0 9 0.00 0.0 0 4.1 13 140 M M 0 1 16 130
16 85 68 77 7 0 12 0.00 0.0 0 8.2 14 320 M M 4 18 250
17 69 54 62 -8 3 0 0.00 0.0 0 12.0 20 360 M M 2 24 340
18 70 52 61 -9 4 0 0.00 0.0 0 9.6 17 360 M M 0 22 360
19 76 53 65 -5 0 0 0.00 0.0 0 11.0 20 360 M M 0 25 10
20 72 62 67 -3 0 2 0.59 0.0 0 15.7 24 350 M M 9 1 33 20
21 76 69 73 3 0 8 0.14 0.0 0 12.9 21 50 M M 9 1 26 40
22 75 69 72 3 0 7 1.40 0.0 0 8.7 18 350 M M 10 1 24 360
23 75 69 72 3 0 7 0.09 0.0 0 8.7 14 350 M M 10 1 20 350
24 81 69 75 6 0 10 0.03 0.0 0 5.0 12 70 M M 6 1 14 70
25 85 68 77 8 0 12 0.00 0.0 0 6.0 16 220 M M 2 1 20 210
26 81 67 74 5 0 9 0.00 0.0 0 6.3 13 10 M M 2 12 18 30
27 85 72 79 10 0 14 0.00 0.0 0 9.7 22 220 M M 2 1 28 220
28 75 59 67 -1 0 2 0.00 0.0 0 4.5 13 350 M M 3 16 350
29 79 55 67 -1 0 2 0.00 0.0 0 5.7 14 100 M M 0 17 110
30 85 65 75 7 0 10 0.00 0.0 0 6.8 26 360 M M 1 33 10
================================================================================
SM 2412 2009 7 274 6.03 0.0 308.7 M 124
================================================================================
AV 80.4 67.0 10.3 FASTST M M 4 MAX(MPH)
MISC ----> 52 30 72 30
================================================================================
NOTES:
# LAST OF SEVERAL OCCURRENCES
COLUMN 17 PEAK WIND IN M.P.H.
PRELIMINARY LOCAL CLIMATOLOGICAL DATA (WS FORM: F-6) , PAGE 2
STATION: MELBOURNE
MONTH: NOVEMBER
YEAR: 2022
LATITUDE: 28 6 N
LONGITUDE: 80 39 W
[TEMPERATURE DATA] [PRECIPITATION DATA] SYMBOLS USED IN COLUMN 16
AVERAGE MONTHLY: 73.7 TOTAL FOR MONTH: 6.03 1 = FOG OR MIST
DPTR FM NORMAL: 3.0 DPTR FM NORMAL: 3.48 2 = FOG REDUCING VISIBILITY
HIGHEST: 85 ON 30,27 GRTST 24HR 2.93 ON 9-10 TO 1/4 MILE OR LESS
LOWEST: 52 ON 18 3 = THUNDER
SNOW, ICE PELLETS, HAIL 4 = ICE PELLETS
TOTAL MONTH: 0.0 INCH 5 = HAIL
GRTST 24HR 0.0 6 = FREEZING RAIN OR DRIZZLE
GRTST DEPTH: 0 7 = DUSTSTORM OR SANDSTORM:
VSBY 1/2 MILE OR LESS
8 = SMOKE OR HAZE
[NO. OF DAYS WITH] [WEATHER - DAYS WITH] 9 = BLOWING SNOW
X = TORNADO
MAX 32 OR BELOW: 0 0.01 INCH OR MORE: 12
MAX 90 OR ABOVE: 0 0.10 INCH OR MORE: 7
MIN 32 OR BELOW: 0 0.50 INCH OR MORE: 5
MIN 0 OR BELOW: 0 1.00 INCH OR MORE: 3
[HDD (BASE 65) ]
TOTAL THIS MO. 7 CLEAR (SCALE 0-3) 14
DPTR FM NORMAL -20 PTCLDY (SCALE 4-7) 11
TOTAL FM JUL 1 9 CLOUDY (SCALE 8-10) 5
DPTR FM NORMAL -20
[CDD (BASE 65) ]
TOTAL THIS MO. 274
DPTR FM NORMAL 77 [PRESSURE DATA]
TOTAL FM JAN 1 3805 HIGHEST SLP M ON M
DPTR FM NORMAL 70 LOWEST SLP 29.01 ON 10
[REMARKS]
#FINAL-11-22#