000
CXUS52 KMLB 010645
CF6MLB
PRELIMINARY LOCAL CLIMATOLOGICAL DATA (WS FORM: F-6)
STATION: MELBOURNE
MONTH: AUGUST
YEAR: 2022
LATITUDE: 28 6 N
LONGITUDE: 80 39 W
TEMPERATURE IN F: :PCPN: SNOW: WIND :SUNSHINE: SKY :PK WND
================================================================================
1 2 3 4 5 6A 6B 7 8 9 10 11 12 13 14 15 16 17 18
12Z AVG MX 2MIN
DY MAX MIN AVG DEP HDD CDD WTR SNW DPTH SPD SPD DIR MIN PSBL S-S WX SPD DR
================================================================================
1 91 76 84 1 0 19 0.00 0.0 0 8.5 24 270 M M 1 32 280
2 95 72 84 1 0 19 0.00 0.0 0 7.3 29 280 M M 2 3 33 280
3 90 72 81 -2 0 16 0.00 0.0 0 7.6 14 110 M M 0 3 23 140
4 90 74 82 -1 0 17 0.00 0.0 0 8.5 16 100 M M 0 20 110
5 91 80 86 3 0 21 0.00 0.0 0 9.2 16 110 M M 0 22 90
6 91 82 87 4 0 22 0.00 0.0 0 9.7 16 100 M M 0 21 100
7 90 81 86 3 0 21 0.00 0.0 0 11.1 22 90 M M 1 25 90
8 90 81 86 3 0 21 T 0.0 0 9.7 16 100 M M 1 21 100
9 91 81 86 2 0 21 0.07 0.0 0 9.3 22 120 M M 3 138 29 100
10 91 78 85 1 0 20 0.03 0.0 0 9.2 20 120 M M 2 1 24 110
11 91 80 86 2 0 21 0.00 0.0 0 7.1 16 100 M M 2 19 90
12 90 75 83 -1 0 18 0.00 0.0 0 6.3 15 70 M M 1 3 21 110
13 90 73 82 -2 0 17 0.94 0.0 0 5.8 35 330 M M 4 123 49 340
14 88 72 80 -4 0 15 0.02 0.0 0 5.0 18 270 M M 3 3 22 270
15 90 72 81 -3 0 16 0.04 0.0 0 5.1 14 60 M M 4 13 18 50
16 96 75 86 2 0 21 T 0.0 0 7.5 16 220 M M 2 21 210
17 97 76 87 3 0 22 0.03 0.0 0 7.6 28 10 M M 1 3 34 10
18 92 72 82 -2 0 17 1.80 0.0 0 4.9 16 110 M M 3 13 24 350
19 91 72 82 -2 0 17 0.00 0.0 0 6.1 17 140 M M 1 3 23 140
20 91 75 83 0 0 18 T 0.0 0 6.8 15 90 M M 1 3 19 90
21 91 78 85 2 0 20 0.00 0.0 0 6.9 15 110 M M 1 3 17 80
22 91 77 84 1 0 19 0.00 0.0 0 6.7 15 100 M M 1 3 20 100
23 92 76 84 1 0 19 0.02 0.0 0 5.6 16 100 M M 2 19 100
24 91 76 84 1 0 19 0.00 0.0 0 6.1 15 100 M M 2 3 20 90
25 90 79 85 2 0 20 0.17 0.0 0 4.2 14 100 M M 3 13 18 100
26 92 73 83 0 0 18 0.61 0.0 0 6.5 35 270 M M 1 13 42 260
27 92 75 84 1 0 19 0.68 0.0 0 4.0 23 30 M M 2 13 29 30
28 87 75 81 -2 0 16 0.44 0.0 0 4.1 16 110 M M 3 38 19 90
29 88 76 82 -1 0 17 0.02 0.0 0 7.4 20 130 M M 1 24 140
30 90 78 84 1 0 19 0.00 0.0 0 7.8 20 130 M M 2 24 140
31 91 75 83 0 0 18 0.00 0.0 0 6.3 17 140 M M 1 21 140
================================================================================
SM 2821 2357 0 583 4.87 0.0 217.9 M 51
================================================================================
AV 91.0 76.0 7.0 FASTST M M 2 MAX(MPH)
MISC ----> # 35 330 49 340
================================================================================
NOTES:
# LAST OF SEVERAL OCCURRENCES
COLUMN 17 PEAK WIND IN M.P.H.
PRELIMINARY LOCAL CLIMATOLOGICAL DATA (WS FORM: F-6) , PAGE 2
STATION: MELBOURNE
MONTH: AUGUST
YEAR: 2022
LATITUDE: 28 6 N
LONGITUDE: 80 39 W
[TEMPERATURE DATA] [PRECIPITATION DATA] SYMBOLS USED IN COLUMN 16
AVERAGE MONTHLY: 83.5 TOTAL FOR MONTH: 4.87 1 = FOG OR MIST
DPTR FM NORMAL: 0.1 DPTR FM NORMAL: -1.80 2 = FOG REDUCING VISIBILITY
HIGHEST: 97 ON 17 GRTST 24HR 1.80 ON 18-18 TO 1/4 MILE OR LESS
LOWEST: 72 ON 19,18 3 = THUNDER
SNOW, ICE PELLETS, HAIL 4 = ICE PELLETS
TOTAL MONTH: 0.0 INCH 5 = HAIL
GRTST 24HR 0.0 6 = FREEZING RAIN OR DRIZZLE
GRTST DEPTH: 0 7 = DUSTSTORM OR SANDSTORM:
VSBY 1/2 MILE OR LESS
8 = SMOKE OR HAZE
[NO. OF DAYS WITH] [WEATHER - DAYS WITH] 9 = BLOWING SNOW
X = TORNADO
MAX 32 OR BELOW: 0 0.01 INCH OR MORE: 13
MAX 90 OR ABOVE: 28 0.10 INCH OR MORE: 6
MIN 32 OR BELOW: 0 0.50 INCH OR MORE: 4
MIN 0 OR BELOW: 0 1.00 INCH OR MORE: 1
[HDD (BASE 65) ]
TOTAL THIS MO. 0 CLEAR (SCALE 0-3) 29
DPTR FM NORMAL 0 PTCLDY (SCALE 4-7) 2
TOTAL FM JUL 1 0 CLOUDY (SCALE 8-10) 0
DPTR FM NORMAL 0
[CDD (BASE 65) ]
TOTAL THIS MO. 583
DPTR FM NORMAL 13 [PRESSURE DATA]
TOTAL FM JAN 1 2733 HIGHEST SLP M ON M
DPTR FM NORMAL 102 LOWEST SLP 29.86 ON 16
[REMARKS]
#FINAL-08-22#