000
CXUS52 KMLB 010630
CF6MLB
PRELIMINARY LOCAL CLIMATOLOGICAL DATA (WS FORM: F-6)
STATION: MELBOURNE
MONTH: MARCH
YEAR: 2022
LATITUDE: 28 6 N
LONGITUDE: 80 39 W
TEMPERATURE IN F: :PCPN: SNOW: WIND :SUNSHINE: SKY :PK WND
================================================================================
1 2 3 4 5 6A 6B 7 8 9 10 11 12 13 14 15 16 17 18
12Z AVG MX 2MIN
DY MAX MIN AVG DEP HDD CDD WTR SNW DPTH SPD SPD DIR MIN PSBL S-S WX SPD DR
================================================================================
1 75 58 67 0 0 2 0.00 0.0 0 10.6 21 360 M M 6 1 26 20
2 77 50 64 -3 1 0 0.00 0.0 0 8.2 15 30 M M 0 19 40
3 79 56 68 1 0 3 0.00 0.0 0 5.2 13 80 M M 2 1 17 70
4 81 58 70 3 0 5 0.00 0.0 0 7.1 16 30 M M 0 19 30
5 81 71 76 9 0 11 0.00 0.0 0 13.4 20 100 M M 1 25 90
6 82 73 78 10 0 13 0.00 0.0 0 12.2 22 140 M M 1 27 130
7 82 73 78 10 0 13 0.00 0.0 0 12.4 21 140 M M 5 27 140
8 81 71 76 8 0 11 0.10 0.0 0 8.0 22 140 M M 8 18 28 130
9 89 68 79 11 0 14 0.70 0.0 0 9.9 24 330 M M 5 13 30 310
10 86 66 76 8 0 11 2.40 0.0 0 8.6 31 10 M M 8 123 37 20
11 88 68 78 10 0 13 T 0.0 0 9.1 18 200 M M 1 1 25 170
12 80 48 64 -4 1 0 0.54 0.0 0 15.7 37 280 M M 5 123 44 280
13 69 41 55 -13 10 0 T 0.0 0 12.8 22 40 M M 6 29 30
14 76 55 66 -2 0 1 0.01 0.0 0 11.6 18 90 M M 8 23 70
15 77 70 74 6 0 9 0.15 0.0 0 12.3 18 110 M M 9 1 24 110
16 86 65 76 8 0 11 0.50 0.0 0 7.4 30 290 M M 6 13 36 280
17 80 65 73 4 0 8 0.00 0.0 0 6.4 14 260 M M 3 1 18 270
18 84 64 74 5 0 9 T 0.0 0 8.5 22 140 M M 4 123 29 150
19 85 69 77 8 0 12 0.00 0.0 0 8.7 18 110 M M 6 23 120
20 78 65 72 3 0 7 0.00 0.0 0 10.9 21 20 M M 2 1 23 360
21 77 66 72 3 0 7 0.00 0.0 0 14.1 20 100 M M 2 25 70
22 79 70 75 6 0 10 0.00 0.0 0 13.1 22 140 M M 4 27 120
23 83 71 77 8 0 12 0.20 0.0 0 12.0 28 140 M M 5 13 35 140
24 85 65 75 6 0 10 0.49 0.0 0 11.4 31 260 M M 4 138 39 260
25 77 61 69 -1 0 4 0.00 0.0 0 10.2 21 270 M M 4 25 270
26 79 53 66 -4 0 1 0.00 0.0 0 11.0 21 290 M M 0 26 270
27 80 53 67 -3 0 2 0.00 0.0 0 9.8 18 300 M M 0 25 300
28 85 56 71 1 0 6 0.00 0.0 0 7.9 14 290 M M 0 21 260
29 81 58 70 0 0 5 0.00 0.0 0 6.8 13 70 M M 0 19 80
30 81 63 72 2 0 7 0.00 0.0 0 12.8 24 140 M M 1 33 140
31 89 72 81 11 0 16 0.00 0.0 0 14.8 24 210 M M 3 30 180
================================================================================
SM 2512 1942 12 233 5.09 0.0 322.9 M 109
================================================================================
AV 81.0 62.6 10.4 FASTST M M 4 MAX(MPH)
MISC ----> 37 280 44 280
================================================================================
NOTES:
# LAST OF SEVERAL OCCURRENCES
COLUMN 17 PEAK WIND IN M.P.H.
PRELIMINARY LOCAL CLIMATOLOGICAL DATA (WS FORM: F-6) , PAGE 2
STATION: MELBOURNE
MONTH: MARCH
YEAR: 2022
LATITUDE: 28 6 N
LONGITUDE: 80 39 W
[TEMPERATURE DATA] [PRECIPITATION DATA] SYMBOLS USED IN COLUMN 16
AVERAGE MONTHLY: 71.8 TOTAL FOR MONTH: 5.09 1 = FOG OR MIST
DPTR FM NORMAL: 3.2 DPTR FM NORMAL: 2.40 2 = FOG REDUCING VISIBILITY
HIGHEST: 89 ON 31, 9 GRTST 24HR 2.40 ON 10-10 TO 1/4 MILE OR LESS
LOWEST: 41 ON 13 3 = THUNDER
SNOW, ICE PELLETS, HAIL 4 = ICE PELLETS
TOTAL MONTH: 0.0 INCH 5 = HAIL
GRTST 24HR 0.0 6 = FREEZING RAIN OR DRIZZLE
GRTST DEPTH: 0 7 = DUSTSTORM OR SANDSTORM:
VSBY 1/2 MILE OR LESS
8 = SMOKE OR HAZE
[NO. OF DAYS WITH] [WEATHER - DAYS WITH] 9 = BLOWING SNOW
X = TORNADO
MAX 32 OR BELOW: 0 0.01 INCH OR MORE: 9
MAX 90 OR ABOVE: 0 0.10 INCH OR MORE: 8
MIN 32 OR BELOW: 0 0.50 INCH OR MORE: 4
MIN 0 OR BELOW: 0 1.00 INCH OR MORE: 1
[HDD (BASE 65) ]
TOTAL THIS MO. 12 CLEAR (SCALE 0-3) 15
DPTR FM NORMAL -33 PTCLDY (SCALE 4-7) 14
TOTAL FM JUL 1 294 CLOUDY (SCALE 8-10) 2
DPTR FM NORMAL -87
[CDD (BASE 65) ]
TOTAL THIS MO. 233
DPTR FM NORMAL 76 [PRESSURE DATA]
TOTAL FM JAN 1 382 HIGHEST SLP M ON M
DPTR FM NORMAL 49 LOWEST SLP 29.80 ON 12
[REMARKS]
#FINAL-03-22#
USED MLBF1 FOR RAINFALL ON 3/16 DUE TO ASOS ISSUES