000
CXUS52 KMLB 011600
CF6MLB
PRELIMINARY LOCAL CLIMATOLOGICAL DATA (WS FORM: F-6)
STATION: MELBOURNE
MONTH: NOVEMBER
YEAR: 2023
LATITUDE: 28 6 N
LONGITUDE: 80 39 W
TEMPERATURE IN F: :PCPN: SNOW: WIND :SUNSHINE: SKY :PK WND
================================================================================
1 2 3 4 5 6A 6B 7 8 9 10 11 12 13 14 15 16 17 18
12Z AVG MX 2MIN
DY MAX MIN AVG DEP HDD CDD WTR SNW DPTH SPD SPD DIR MIN PSBL S-S WX SPD DR
================================================================================
1 76 64 70 -2 0 5 0.00 0.0 0 17.5 29 360 M M 6 37 350
2 78 67 73 1 0 8 0.00 0.0 0 19.5 24 60 M M 4 34 30
3 81 66 74 2 0 9 T 0.0 0 13.3 21 60 M M 5 27 60
4 79 65 72 0 0 7 0.00 0.0 0 15.1 26 350 M M 4 36 350
5 79 54 67 -4 0 2 0.00 0.0 0 10.7 20 20 M M 0 29 10
6 83 54 69 -2 0 4 0.00 0.0 0 8.7 17 350 M M 0 23 340
7 83 63 73 2 0 8 0.00 0.0 0 7.4 18 350 M M 0 1 22 360
8 82 61 72 2 0 7 0.00 0.0 0 5.0 12 60 M M 3 12 16 10
9 83 62 73 3 0 8 0.00 0.0 0 5.3 13 60 M M 2 1 17 60
10 83 66 75 5 0 10 0.00 0.0 0 5.2 13 100 M M 1 1 17 60
11 83 72 78 8 0 13 0.00 0.0 0 5.8 16 100 M M 4 1 22 90
12 83 70 77 7 0 12 T 0.0 0 10.1 22 350 M M 7 26 360
13 83 71 77 8 0 12 0.10 0.0 0 10.4 18 30 M M 7 1 24 20
14 81 71 76 7 0 11 0.31 0.0 0 15.6 25 100 M M 8 18 38 100
15 77 69 73 4 0 8 0.79 0.0 0 19.0 32 90 M M 9 1 43 70
16 76 70 73 4 0 8 2.79 0.0 0 19.9 30 90 M M 9 18 42 90
17 82 70 76 8 0 11 1.20 0.0 0 10.6 24 70 M M 7 138 37 70
18 78 64 71 3 0 6 0.03 0.0 0 10.5 23 350 M M 6 1 28 350
19 80 63 72 4 0 7 0.00 0.0 0 7.7 15 350 M M 1 1 20 350
20 78 62 70 2 0 5 0.00 0.0 0 6.2 16 90 M M 8 12 21 90
21 80 71 76 8 0 11 T 0.0 0 10.4 20 140 M M 2 27 140
22 85 66 76 8 0 11 0.05 0.0 0 9.3 20 210 M M 5 1 28 240
23 73 57 65 -3 0 0 0.00 0.0 0 7.2 12 360 M M 2 18 10
24 69 57 63 -4 2 0 0.05 0.0 0 6.0 14 340 M M 3 19 330
25 77 60 69 2 0 4 T 0.0 0 9.1 15 360 M M 6 20 10
26 83 68 76 9 0 11 0.01 0.0 0 5.6 16 210 M M 7 1 23 220
27 73 55 64 -3 1 0 0.00 0.0 0 8.6 21 320 M M 4 26 320
28 62 50 56 -11 9 0 0.00 0.0 0 9.1 17 340 M M 0 23 350
29 70 48 59 -8 6 0 0.00 0.0 0 10.8 16 350 M M 0 22 350
30 76 54 65 -2 0 0 0.00 0.0 0 5.6 14 90 M M 1 20 120
================================================================================
SM 2356 1890 18 198 5.33 0.0 305.2 M 121
================================================================================
AV 78.5 63.0 10.2 FASTST M M 4 MAX(MPH)
MISC ----> 32 90 43 70
================================================================================
NOTES:
# LAST OF SEVERAL OCCURRENCES
COLUMN 17 PEAK WIND IN M.P.H.
PRELIMINARY LOCAL CLIMATOLOGICAL DATA (WS FORM: F-6) , PAGE 2
STATION: MELBOURNE
MONTH: NOVEMBER
YEAR: 2023
LATITUDE: 28 6 N
LONGITUDE: 80 39 W
[TEMPERATURE DATA] [PRECIPITATION DATA] SYMBOLS USED IN COLUMN 16
AVERAGE MONTHLY: 70.8 TOTAL FOR MONTH: 5.33 1 = FOG OR MIST
DPTR FM NORMAL: 1.8 DPTR FM NORMAL: 2.78 2 = FOG REDUCING VISIBILITY
HIGHEST: 85 ON 22 GRTST 24HR 3.98 ON 16-17 TO 1/4 MILE OR LESS
LOWEST: 48 ON 29 3 = THUNDER
SNOW, ICE PELLETS, HAIL 4 = ICE PELLETS
TOTAL MONTH: 0.0 INCH 5 = HAIL
GRTST 24HR 0.0 6 = FREEZING RAIN OR DRIZZLE
GRTST DEPTH: 0 7 = DUSTSTORM OR SANDSTORM:
VSBY 1/2 MILE OR LESS
8 = SMOKE OR HAZE
[NO. OF DAYS WITH] [WEATHER - DAYS WITH] 9 = BLOWING SNOW
X = TORNADO
MAX 32 OR BELOW: 0 0.01 INCH OR MORE: 9
MAX 90 OR ABOVE: 0 0.10 INCH OR MORE: 5
MIN 32 OR BELOW: 0 0.50 INCH OR MORE: 3
MIN 0 OR BELOW: 0 1.00 INCH OR MORE: 2
[HDD (BASE 65) ]
TOTAL THIS MO. 18 CLEAR (SCALE 0-3) 13
DPTR FM NORMAL -20 PTCLDY (SCALE 4-7) 15
TOTAL FM JUL 1 20 CLOUDY (SCALE 8-10) 2
DPTR FM NORMAL -25
[CDD (BASE 65) ]
TOTAL THIS MO. 198
DPTR FM NORMAL 39 [PRESSURE DATA]
TOTAL FM JAN 1 3968 HIGHEST SLP 30.24 ON 2
DPTR FM NORMAL 622 LOWEST SLP 29.68 ON 17
[REMARKS]
#FINAL-11-23#