000
CXUS53 KDVN 011000
CF6MLI
PRELIMINARY LOCAL CLIMATOLOGICAL DATA (WS FORM: F-6)
STATION: MOLINE IL
MONTH: JULY
YEAR: 2022
LATITUDE: 41 27 N
LONGITUDE: 90 31 W
TEMPERATURE IN F: :PCPN: SNOW: WIND :SUNSHINE: SKY :PK WND
================================================================================
1 2 3 4 5 6A 6B 7 8 9 10 11 12 13 14 15 16 17 18
12Z AVG MX 2MIN
DY MAX MIN AVG DEP HDD CDD WTR SNW DPTH SPD SPD DIR MIN PSBL S-S WX SPD DR
================================================================================
1 81 62 72 -3 0 7 T 0.0 0 5.1 17 240 M M 4 3 27 240
2 83 57 70 -5 0 5 0.00 0.0 0 2.8 9 210 M M 1 1 14 190
3 87 57 72 -3 0 7 0.00 0.0 0 5.3 15 130 M M 0 1 20 170
4 88 68 78 3 0 13 0.92 0.0 0 7.5 22 270 M M 1 13 29 270
5 97 73 85 9 0 20 0.02 0.0 0 8.8 33 310 M M 2 3 49 340
6 86 71 79 3 0 14 T 0.0 0 6.2 14 80 M M 3 17 80
7 83 70 77 1 0 12 0.00 0.0 0 5.9 17 90 M M 5 18 22 80
8 80 70 75 -1 0 10 0.49 0.0 0 10.8 21 60 M M 8 1 28 60
9 84 64 74 -2 0 9 0.00 0.0 0 7.0 15 100 M M 1 19 90
10 83 59 71 -5 0 6 0.00 0.0 0 3.9 13 170 M M 0 17 190
11 86 71 79 3 0 14 0.41 0.0 0 9.5 20 270 M M M 13 29 290
12 86 66 76 0 0 11 0.00 0.0 0 9.7 17 280 M M 0 26 280
13 88 64 76 0 0 11 0.00 0.0 0 6.0 15 300 M M 2 23 280
14 85 64 75 -1 0 10 0.00 0.0 0 7.7 14 110 M M 3 21 100
15 80 70 75 -1 0 10 0.98 0.0 0 9.9 21 120 M M 8 13 27 120
16 78 71 75 -1 0 10 0.00 0.0 0 8.3 16 80 M M 9 18 21 90
17 85 69 77 1 0 12 0.00 0.0 0 3.7 12 20 M M 2 1 15 40
18 90 64 77 1 0 12 0.00 0.0 0 3.0 9 280 M M 0 1 14 280
19 89 67 78 2 0 13 0.00 0.0 0 7.8 20 190 M M 1 27 180
20 87 70 79 3 0 14 0.00 0.0 0 11.7 23 280 M M 1 34 280
21 94 65 80 4 0 15 0.00 0.0 0 9.8 24 270 M M 0 1 31 260
22 88 62 75 -1 0 10 0.00 0.0 0 6.7 15 190 M M 0 20 140
23 96 76 86 10 0 21 0.03 0.0 0 8.1 16 190 M M 1 3 27 210
24 88 72 80 5 0 15 0.03 0.0 0 9.1 20 320 M M 3 3 28 240
25 80 62 71 -4 0 6 0.00 0.0 0 3.4 10 280 M M 1 14 300
26 81 60 71 -4 0 6 0.00 0.0 0 3.5 12 160 M M 3 16 150
27 88 66 77 2 0 12 T 0.0 0 8.1 18 310 M M 5 1 28 300
28 82 60 71 -4 0 6 T 0.0 0 8.0 17 280 M M 3 27 310
29 83 56 70 -5 0 5 0.00 0.0 0 5.8 17 300 M M 1 24 310
30 85 57 71 -4 0 6 0.00 0.0 M 2.7 10 240 M M 1 13 210
31 86 58 72 -3 0 7 0.00 0.0 0 6.8 16 180 M M 4 13 23 180
================================================================================
SM 2657 2021 0 329 2.88 0.0 212.6 M 73
================================================================================
AV 85.7 65.2 6.9 FASTST M M 2 MAX(MPH)
MISC ----> 33 310 49 340
================================================================================
NOTES:
# LAST OF SEVERAL OCCURRENCES
COLUMN 17 PEAK WIND IN M.P.H.
PRELIMINARY LOCAL CLIMATOLOGICAL DATA (WS FORM: F-6) , PAGE 2
STATION: MOLINE IL
MONTH: JULY
YEAR: 2022
LATITUDE: 41 27 N
LONGITUDE: 90 31 W
[TEMPERATURE DATA] [PRECIPITATION DATA] SYMBOLS USED IN COLUMN 16
AVERAGE MONTHLY: 75.5 TOTAL FOR MONTH: 2.88 1 = FOG OR MIST
DPTR FM NORMAL: 0.0 DPTR FM NORMAL: -1.35 2 = FOG REDUCING VISIBILITY
HIGHEST: 97 ON 5 GRTST 24HR 0.98 ON 15-15 TO 1/4 MILE OR LESS
LOWEST: 56 ON 29 3 = THUNDER
SNOW, ICE PELLETS, HAIL 4 = ICE PELLETS
TOTAL MONTH: 0.0 INCH 5 = HAIL
GRTST 24HR 0.0 6 = FREEZING RAIN OR DRIZZLE
GRTST DEPTH: 0 7 = DUSTSTORM OR SANDSTORM:
VSBY 1/2 MILE OR LESS
8 = SMOKE OR HAZE
[NO. OF DAYS WITH] [WEATHER - DAYS WITH] 9 = BLOWING SNOW
X = TORNADO
MAX 32 OR BELOW: 0 0.01 INCH OR MORE: 7
MAX 90 OR ABOVE: 4 0.10 INCH OR MORE: 4
MIN 32 OR BELOW: 0 0.50 INCH OR MORE: 2
MIN 0 OR BELOW: 0 1.00 INCH OR MORE: 0
[HDD (BASE 65) ]
TOTAL THIS MO. 0 CLEAR (SCALE 0-3) 20
DPTR FM NORMAL -2 PTCLDY (SCALE 4-7) 8
TOTAL FM JUL 1 0 CLOUDY (SCALE 8-10) 3
DPTR FM NORMAL 0
[CDD (BASE 65) ]
TOTAL THIS MO. 329
DPTR FM NORMAL 2 [PRESSURE DATA]
TOTAL FM JAN 1 755 HIGHEST SLP 30.20 ON 30
DPTR FM NORMAL 111 LOWEST SLP 29.62 ON 20
[REMARKS]
#FINAL-07-22#