000
CXUS51 KCAR 010700
CF6MLT
PRELIMINARY LOCAL CLIMATOLOGICAL DATA (WS FORM: F-6)
STATION: MILLINOCKET ME
MONTH: MAY
YEAR: 2023
LATITUDE: 45 39 N
LONGITUDE: 68 41 W
TEMPERATURE IN F: :PCPN: SNOW: WIND :SUNSHINE: SKY :PK WND
================================================================================
1 2 3 4 5 6A 6B 7 8 9 10 11 12 13 14 15 16 17 18
12Z AVG MX 2MIN
DY MAX MIN AVG DEP HDD CDD WTR SNW DPTH SPD SPD DIR MIN PSBL S-S WX SPD DR
================================================================================
1 56 44 50 2 15 0 0.68 M M 12.8 25 90 M M 10 1 42 110
2 58 43 51 3 14 0 0.08 M M 9.1 17 90 M M 9 1 26 120
3 47 38 43 -5 22 0 T M M 10.5 18 80 M M 10 18 25 60
4 52 37 45 -4 20 0 0.02 M M 9.5 17 50 M M 10 1 26 40
5 65 41 53 4 12 0 0.00 M M 8.2 17 340 M M 5 26 10
6 75 41 58 8 7 0 0.00 M M 8.3 21 330 M M 1 31 320
7 74 42 58 8 7 0 0.00 M M 7.4 21 320 M M 1 34 260
8 58 39 49 -2 16 0 0.00 M M 10.8 25 320 M M 2 35 310
9 58 31 45 -6 20 0 0.00 M M 6.1 20 310 M M 2 30 330
10 70 31 51 0 14 0 0.00 M M 6.7 23 320 M M 2 37 310
11 76 40 58 6 7 0 0.00 M M 4.7 15 310 M M 0 22 310
12 75 42 59 7 6 0 0.05 M M 2.1 15 300 M M 3 13 23 310
13 62 42 52 0 13 0 T M M 10.8 28 310 M M 5 44 310
14 62 41 52 -1 13 0 0.00 M M 10.8 25 340 M M 1 40 300
15 71 38 55 2 10 0 0.00 M M 9.2 22 290 M M 4 42 260
16 57 41 49 -4 16 0 0.20 M M 3.7 10 310 M M 8 1 14 290
17 49 36 43 -11 22 0 T M M 11.1 26 310 M M 7 39 340
18 58 33 46 -8 19 0 0.00 M M 6.8 16 300 M M 1 28 320
19 71 32 52 -2 13 0 0.00 M M 4.1 15 190 M M 0 30 160
20 71 47 59 4 6 0 0.71 M M 5.3 16 160 M M 7 1 29 170
21 69 50 60 5 5 0 0.72 M M 7.1 20 290 M M 6 1 37 280
22 63 39 51 -4 14 0 0.00 M M 4.2 15 20 M M 0 24 10
23 71 32 52 -4 13 0 0.00 M M 4.4 14 170 M M 1 128 25 170
24 56 43 50 -6 15 0 0.64 M M 3.6 13 330 M M 6 1 21 320
25 54 42 48 -8 17 0 0.06 M M 9.2 22 360 M M 8 38 350
26 61 42 52 -4 13 0 0.01 M M 5.4 13 340 M M 6 20 350
27 76 44 60 3 5 0 0.00 M M 4.4 17 300 M M 3 29 310
28 89 53 71 14 0 6 0.00 M M 7.9 22 300 M M 0 39 250
29 70 47 59 2 6 0 0.00 M M 6.2 15 50 M M 0 25 330
30 79 41 60 2 5 0 0.00 M M 2.2 9 190 M M 0 18 220
31 90 47 69 11 0 4 0.00 M M 2.5 9 260 M M 0 15 260
================================================================================
SM 2043 1259 365 10 3.17 M 215.1 M 118
================================================================================
AV 65.9 40.6 6.9 FASTST M M 4 MAX(MPH)
MISC ----> 28 310 44 310
================================================================================
NOTES:
# LAST OF SEVERAL OCCURRENCES
COLUMN 17 PEAK WIND IN M.P.H.
PRELIMINARY LOCAL CLIMATOLOGICAL DATA (WS FORM: F-6) , PAGE 2
STATION: MILLINOCKET ME
MONTH: MAY
YEAR: 2023
LATITUDE: 45 39 N
LONGITUDE: 68 41 W
[TEMPERATURE DATA] [PRECIPITATION DATA] SYMBOLS USED IN COLUMN 16
AVERAGE MONTHLY: 53.3 TOTAL FOR MONTH: 3.17 1 = FOG OR MIST
DPTR FM NORMAL: 0.1 DPTR FM NORMAL: -0.25 2 = FOG REDUCING VISIBILITY
HIGHEST: 90 ON 31 GRTST 24HR 1.43 ON 20-21 TO 1/4 MILE OR LESS
LOWEST: 31 ON 10, 9 3 = THUNDER
SNOW, ICE PELLETS, HAIL 4 = ICE PELLETS
TOTAL MONTH: M 5 = HAIL
GRTST 24HR M ON M 6 = FREEZING RAIN OR DRIZZLE
GRTST DEPTH: M ON M 7 = DUSTSTORM OR SANDSTORM:
VSBY 1/2 MILE OR LESS
8 = SMOKE OR HAZE
[NO. OF DAYS WITH] [WEATHER - DAYS WITH] 9 = BLOWING SNOW
X = TORNADO
MAX 32 OR BELOW: 0 0.01 INCH OR MORE: 10
MAX 90 OR ABOVE: 1 0.10 INCH OR MORE: 5
MIN 32 OR BELOW: 4 0.50 INCH OR MORE: 4
MIN 0 OR BELOW: 0 1.00 INCH OR MORE: 0
[HDD (BASE 65) ]
TOTAL THIS MO. 365 CLEAR (SCALE 0-3) 16
DPTR FM NORMAL -8 PTCLDY (SCALE 4-7) 9
TOTAL FM JUL 1 7207 CLOUDY (SCALE 8-10) 6
DPTR FM NORMAL -1025
[CDD (BASE 65) ]
TOTAL THIS MO. 10
DPTR FM NORMAL 3 [PRESSURE DATA]
TOTAL FM JAN 1 10 HIGHEST SLP 30.41 ON 23
DPTR FM NORMAL 3 LOWEST SLP 29.28 ON 1
[REMARKS]
#FINAL-05-23#