000
CXUS51 KCAR 010700
CF6MLT
PRELIMINARY LOCAL CLIMATOLOGICAL DATA (WS FORM: F-6)
STATION: MILLINOCKET ME
MONTH: MARCH
YEAR: 2023
LATITUDE: 45 39 N
LONGITUDE: 68 41 W
TEMPERATURE IN F: :PCPN: SNOW: WIND :SUNSHINE: SKY :PK WND
================================================================================
1 2 3 4 5 6A 6B 7 8 9 10 11 12 13 14 15 16 17 18
12Z AVG MX 2MIN
DY MAX MIN AVG DEP HDD CDD WTR SNW DPTH SPD SPD DIR MIN PSBL S-S WX SPD DR
================================================================================
1 37 7 22 0 43 0 0.06 M M 2.1 13 290 M M 6 1 19 320
2 31 23 27 4 38 0 0.29 M M 5.9 13 80 M M 10 12 20 140
3 32 9 21 -2 44 0 0.00 M M 4.8 16 310 M M 2 18 21 300
4 30 11 21 -2 44 0 0.00 M M 2.2 9 20 M M 7 13 40
5 43 18 31 7 34 0 0.00 M M 11.5 33 300 M M 2 57 310
6 35 28 32 8 33 0 T M M 16.9 32 310 M M 7 8 52 310
7 37 26 32 8 33 0 T M M 9.1 20 310 M M 10 18 29 290
8 44 33 39 14 26 0 0.03 M M 9.8 21 360 M M 9 1 29 20
9 43 30 37 12 28 0 T M M 6.6 14 340 M M 6 1 20 40
10 40 20 30 4 35 0 0.00 M M 3.8 10 320 M M 3 17 290
11 41 15 28 2 37 0 0.00 M M 3.6 16 60 M M 1 22 60
12 46 22 34 8 31 0 0.00 M M 4.3 15 20 M M 3 22 20
13 45 19 32 6 33 0 0.00 M M 2.3 12 160 M M 2 18 170
14 40 29 35 8 30 0 0.14 M M 11.4 23 50 M M 7 126 38 30
15 36 30 33 6 32 0 T M M 13.2 24 360 M M 10 18 42 360
16 46 28 37 9 28 0 0.00 M M 10.2 16 340 M M 5 26 340
17 44 25 35 7 30 0 0.15 M M 3.5 13 160 M M 7 1 24 170
18 43 30 37 9 28 0 0.00 M M 6.3 15 300 M M 5 1 30 300
19 32 19 26 -3 39 0 0.00 M M 9.8 21 300 M M 4 37 310
20 42 10 26 -3 39 0 0.00 M M 5.4 21 290 M M 5 36 260
21 44 20 32 3 33 0 T M M 4.1 15 310 M M 5 29 270
22 42 21 32 2 33 0 0.00 M M 4.5 13 310 M M 0 21 270
23 37 28 33 3 32 0 0.72 M M 3.7 12 100 M M 10 16 18 290
24 39 30 35 5 30 0 0.00 M M 10.7 23 310 M M 6 32 310
25 39 22 31 0 34 0 0.03 M M 4.1 10 130 M M 3 1 16 140
26 37 29 33 2 32 0 0.40 M M 3.4 15 110 M M 9 12 22 110
27 46 26 36 4 29 0 0.00 M M 6.4 17 310 M M 6 1 25 310
28 44 26 35 3 30 0 0.01 M M 3.7 13 300 M M 10 1 21 300
29 47 27 37 5 28 0 0.00 M M 4.9 13 290 M M 3 20 220
30 32 23 28 -5 37 0 0.10 M M 12.1 30 310 M M 4 128 45 320
31 42 22 32 -1 33 0 T M M 6.2 22 310 M M 3 1 35 260
================================================================================
SM 1236 706 1036 0 1.93 M 206.5 M 170
================================================================================
AV 39.9 22.8 6.7 FASTST M M 5 MAX(MPH)
MISC ----> 33 300 57 310
================================================================================
NOTES:
# LAST OF SEVERAL OCCURRENCES
COLUMN 17 PEAK WIND IN M.P.H.
PRELIMINARY LOCAL CLIMATOLOGICAL DATA (WS FORM: F-6) , PAGE 2
STATION: MILLINOCKET ME
MONTH: MARCH
YEAR: 2023
LATITUDE: 45 39 N
LONGITUDE: 68 41 W
[TEMPERATURE DATA] [PRECIPITATION DATA] SYMBOLS USED IN COLUMN 16
AVERAGE MONTHLY: 31.3 TOTAL FOR MONTH: 1.93 1 = FOG OR MIST
DPTR FM NORMAL: 3.7 DPTR FM NORMAL: -1.04 2 = FOG REDUCING VISIBILITY
HIGHEST: 47 ON 29 GRTST 24HR 0.72 ON 23-23 TO 1/4 MILE OR LESS
LOWEST: 7 ON 1 3 = THUNDER
SNOW, ICE PELLETS, HAIL 4 = ICE PELLETS
TOTAL MONTH: M 5 = HAIL
GRTST 24HR M ON M 6 = FREEZING RAIN OR DRIZZLE
GRTST DEPTH: M ON M 7 = DUSTSTORM OR SANDSTORM:
VSBY 1/2 MILE OR LESS
8 = SMOKE OR HAZE
[NO. OF DAYS WITH] [WEATHER - DAYS WITH] 9 = BLOWING SNOW
X = TORNADO
MAX 32 OR BELOW: 5 0.01 INCH OR MORE: 10
MAX 90 OR ABOVE: 0 0.10 INCH OR MORE: 6
MIN 32 OR BELOW: 30 0.50 INCH OR MORE: 1
MIN 0 OR BELOW: 0 1.00 INCH OR MORE: 0
[HDD (BASE 65) ]
TOTAL THIS MO. 1036 CLEAR (SCALE 0-3) 8
DPTR FM NORMAL -122 PTCLDY (SCALE 4-7) 16
TOTAL FM JUL 1 6181 CLOUDY (SCALE 8-10) 7
DPTR FM NORMAL -940
[CDD (BASE 65) ]
TOTAL THIS MO. 0
DPTR FM NORMAL 0 [PRESSURE DATA]
TOTAL FM JAN 1 0 HIGHEST SLP 30.48 ON 22
DPTR FM NORMAL 0 LOWEST SLP 29.50 ON 15
[REMARKS]
#FINAL-03-23#