000
CXUS51 KCAR 010600
CF6MLT
PRELIMINARY LOCAL CLIMATOLOGICAL DATA (WS FORM: F-6)

                                          STATION:   MILLINOCKET ME
                                          MONTH:     OCTOBER
                                          YEAR:      2013
                                          LATITUDE:   45 39 N
                                          LONGITUDE:  68 41 W

  TEMPERATURE IN F:       :PCPN:    SNOW:  WIND      :SUNSHINE: SKY     :PK WND
================================================================================
1   2   3   4   5  6A  6B    7    8   9   10  11  12  13   14  15   16   17  18
                                     12Z  AVG MX 2MIN
DY MAX MIN AVG DEP HDD CDD  WTR  SNW DPTH SPD SPD DIR MIN PSBL S-S WX    SPD DR
================================================================================

 1  76  41  59   8   6   0 0.00    M    M  1.9 12  60   M    M   0        15  20
 2  75  50  63  13   2   0 0.00    M    M  4.8 16 270   M    M   1 1      25 300
 3  71  46  59   9   6   0 0.00    M    M  6.1 18 300   M    M   0        25 290
 4  67  40  54   4  11   0 0.00    M    M  3.8 16 310   M    M   0        23 310
 5  63  37  50   1  15   0 0.00    M    M  0.9  8 290   M    M   3        13 300
 6  60  35  48  -1  17   0 0.06    M    M  1.5  8 170   M    M   2 1      14 190
 7  68  45  57   9   8   0 0.58    M    M  4.7 17 300   M    M  10 1      36 160
 8  57  39  48   0  17   0 0.01    M    M  7.7 20 300   M    M   4 1      33 300
 9  64  33  49   1  16   0 0.00    M    M  0.8  8 180   M    M   0 12     13 190
10  71  38  55   8  10   0 0.00    M    M  0.7  7 250   M    M   0        12 150
11  74  39  57  10   8   0 0.00    M    M  1.0  9  90   M    M   0        12  30
12  56  43  50   3  15   0    T    M    M  2.2  9 100   M    M   9        13 100
13  62  41  52   6  13   0 0.00    M    M  0.8  7 170   M    M   5 12     14 200
14  57  40  49   3  16   0 0.01    M    M  0.6  7 160   M    M   9 1      12 160
15  65  44  55   9  10   0 0.00    M    M  1.5  7 310   M    M   5 1      10 340
16  61  48  55  10  10   0 0.02    M    M  2.9 10 150   M    M   8 18     17 160
17  67  43  55  10  10   0 0.03    M    M  2.0 12 290   M    M   6 1      18 290
18  59  43  51   6  14   0 0.28    M    M  3.7 13 270   M    M   7 1      21 290
19  61  43  52   8  13   0    T    M    M  4.8 14 260   M    M   2        23 230
20  59  46  53   9  12   0 0.02    M    M  7.7 20 310   M    M   7 1      31 260
21  57  40  49   5  16   0 0.00    M    M  5.3 16 280   M    M   2        25 280
22  57  37  47   4  18   0 0.10    M    M  2.5 20 300   M    M   8 1      25 280
23  50  31  41  -2  24   0 0.00    M    M  0.6  8 350   M    M   5 128    12 240
24  44  29  37  -6  28   0 0.00    M    M  6.6 22 260   M    M   6        35 240
25  47  35  41  -1  24   0 0.00    M    M  8.6 22 310   M    M   5        29 310
26  45  29  37  -5  28   0 0.04    M    M  2.9 10 200   M    M   5 1      18 230
27  49  38  44   2  21   0    T    M    M  3.2 16 280   M    M   8        29 290
28  48  31  40  -2  25   0 0.01    M    M  5.6 21 300   M    M   5        31 300
29  41  23  32  -9  33   0 0.00    M    M  5.1 14 310   M    M   0 18     20 310
30  46  21  34  -7  31   0 0.00    M    M  2.4 13 280   M    M   1 1      21 290
31  51  24  38  -2  27   0 0.30    M    M  2.6  9 190   M    M   5 1      15 180
================================================================================
SM 1828 1172       504   0  1.46    M    105.5          M      128
================================================================================
AV 59.0 37.8                               3.4 FASTST   M    M   4    MAX(MPH)
                                 MISC ---->  # 22 260               # 36  160
================================================================================
NOTES:
# LAST OF SEVERAL OCCURRENCES

COLUMN 17 PEAK WIND IN M.P.H.

PRELIMINARY LOCAL CLIMATOLOGICAL DATA (WS FORM: F-6) , PAGE 2

                                          STATION:  MILLINOCKET ME
                                          MONTH:    OCTOBER
                                          YEAR:     2013
                                          LATITUDE:   45 39 N
                                          LONGITUDE:  68 41 W

[TEMPERATURE DATA]      [PRECIPITATION DATA]       SYMBOLS USED IN COLUMN 16

AVERAGE MONTHLY: 48.4   TOTAL FOR MONTH:   1.46    1 = FOG OR MIST
DPTR FM NORMAL:   3.0   DPTR FM NORMAL:   -2.61    2 = FOG REDUCING VISIBILITY
HIGHEST:    76 ON  1    GRTST 24HR  0.59 ON  6- 7      TO 1/4 MILE OR LESS
LOWEST:     21 ON 30                               3 = THUNDER
                        SNOW, ICE PELLETS, HAIL    4 = ICE PELLETS
                        TOTAL MONTH:    M          5 = HAIL
                        GRTST 24HR    M  ON   M    6 = FREEZING RAIN OR DRIZZLE
                        GRTST DEPTH:  M  ON   M    7 = DUSTSTORM OR SANDSTORM:
                                                       VSBY 1/2 MILE OR LESS
                                                   8 = SMOKE OR HAZE
[NO. OF DAYS WITH]      [WEATHER - DAYS WITH]      9 = BLOWING SNOW
                                                   X = TORNADO
MAX 32 OR BELOW:   0    0.01 INCH OR MORE:  12
MAX 90 OR ABOVE:   0    0.10 INCH OR MORE:   4
MIN 32 OR BELOW:   7    0.50 INCH OR MORE:   1
MIN  0 OR BELOW:   0    1.00 INCH OR MORE:   0

[HDD (BASE 65) ]
TOTAL THIS MO.   504    CLEAR  (SCALE 0-3)  13
DPTR FM NORMAL  -102    PTCLDY (SCALE 4-7)  14
TOTAL FM JUL 1   750    CLOUDY (SCALE 8-10)  4
DPTR FM NORMAL  -184

[CDD (BASE 65) ]
TOTAL THIS MO.     0
DPTR FM NORMAL     0    [PRESSURE DATA]
TOTAL FM JAN 1   380    HIGHEST SLP 30.47 ON 13
DPTR FM NORMAL   112    LOWEST  SLP 29.50 ON 24

[REMARKS]
#FINAL-10-13#
