000
CXUS51 KCAR 010600
CF6MLT
PRELIMINARY LOCAL CLIMATOLOGICAL DATA (WS FORM: F-6)

                                          STATION:   MILLINOCKET ME
                                          MONTH:     FEBRUARY
                                          YEAR:      2014
                                          LATITUDE:   45 39 N
                                          LONGITUDE:  68 41 W

  TEMPERATURE IN F:       :PCPN:    SNOW:  WIND      :SUNSHINE: SKY     :PK WND
================================================================================
1   2   3   4   5  6A  6B    7    8   9   10  11  12  13   14  15   16   17  18
                                     12Z  AVG MX 2MIN
DY MAX MIN AVG DEP HDD CDD  WTR  SNW DPTH SPD SPD DIR MIN PSBL S-S WX    SPD DR
================================================================================

 1  38   8  23   9  42   0 0.11    M    M  3.7  9 180   M    M   3 18     15 220
 2  36  30  33  19  32   0 0.12    M    M  4.0 17 310   M    M  10 1      23 330
 3  30  -1  15   0  50   0 0.00    M    M  5.0 18 310   M    M   3 18     25 300
 4  26 -10   8  -7  57   0 0.00    M    M  3.4 14 300   M    M   1 18     18 300
 5  20  12  16   1  49   0 0.11    M    M  3.8 13  20   M    M   8 18     17  20
 6  17  -8   5 -11  60   0    T    M    M  3.3 13 300   M    M   3        18 300
 7  23  -4  10  -6  55   0 0.00    M    M  3.3 14 280   M    M   5 18     23 280
 8  22   2  12  -4  53   0 0.00    M    M  6.1 15 300   M    M   5        25 290
 9  22  -8   7  -9  58   0    T    M    M  1.2 10 330   M    M   2 18     14 320
10  21   1  11  -6  54   0    T    M    M  3.6 16 310   M    M   7 18     22 290
11  14  -9   3 -14  62   0    T    M    M  8.1 20 310   M    M   3 18     26 290
12  27  -2  13  -4  52   0 0.00    M    M  4.3 13 300   M    M   0 8      19 310
13  28  -2  13  -5  52   0 0.34    M    M  4.8 20  30   M    M   8 128    34  30
14  31  21  26   8  39   0 0.30    M    M 13.5 22  20   M    M  10 126    33  30
15  26  20  23   5  42   0 0.05    M    M  6.8 20 290   M    M   8 18     27 300
16  22  12  17  -2  48   0 0.02    M    M 14.1 26 310   M    M   7 18     37 280
17  22   5  14  -5  51   0 0.00    M    M 12.0 23 300   M    M   2 8      33 300
18  22 -11   6 -13  59   0 0.10    M    M  3.2  9 150   M    M   5 18     14 160
19  33   7  20   0  45   0 0.13    M    M  2.3  9 160   M    M   6 1      16 160
20  40  23  32  12  33   0 0.01    M    M  8.1 23 310   M    M   6 18     30 310
21  34  12  23   3  42   0 0.32    M    M  4.0 12 310   M    M   7 168    15  90
22  46  26  36  15  29   0 0.00    M    M  4.8 15 250   M    M   3 18     27 250
23  43  23  33  12  32   0 0.00    M    M  4.2 15 280   M    M   1        26 280
24  30  13  22   0  43   0 0.00    M    M  9.7 18 280   M    M   3        27 310
25  19   6  13  -9  52   0 0.00    M    M  9.8 20 310   M    M   2 8      27 300
26  23  -2  11 -11  54   0    T    M    M  4.3 14 280   M    M   6 18     21 310
27  20 -10   5 -17  60   0 0.00    M    M  1.6  9 160   M    M   3 18     14 140
28  19   1  10 -13  55   0    T    M    M  8.6 20 300   M    M   3 18     27 300
================================================================================
SM  754  155      1360   0  1.61    M    161.6          M      130
================================================================================
AV 26.9  5.5                               5.8 FASTST   M    M   5    MAX(MPH)
                                 MISC ---->  # 26 310               # 37  280
================================================================================
NOTES:
# LAST OF SEVERAL OCCURRENCES

COLUMN 17 PEAK WIND IN M.P.H.

PRELIMINARY LOCAL CLIMATOLOGICAL DATA (WS FORM: F-6) , PAGE 2

                                          STATION:  MILLINOCKET ME
                                          MONTH:    FEBRUARY
                                          YEAR:     2014
                                          LATITUDE:   45 39 N
                                          LONGITUDE:  68 41 W

[TEMPERATURE DATA]      [PRECIPITATION DATA]       SYMBOLS USED IN COLUMN 16

AVERAGE MONTHLY: 16.2   TOTAL FOR MONTH:   1.61    1 = FOG OR MIST
DPTR FM NORMAL:  -2.1   DPTR FM NORMAL:   -0.57    2 = FOG REDUCING VISIBILITY
HIGHEST:    46 ON 22    GRTST 24HR  0.64 ON 13-14      TO 1/4 MILE OR LESS
LOWEST:    -11 ON 18                               3 = THUNDER
                        SNOW, ICE PELLETS, HAIL    4 = ICE PELLETS
                        TOTAL MONTH:    M          5 = HAIL
                        GRTST 24HR    M  ON   M    6 = FREEZING RAIN OR DRIZZLE
                        GRTST DEPTH:  M  ON   M    7 = DUSTSTORM OR SANDSTORM:
                                                       VSBY 1/2 MILE OR LESS
                                                   8 = SMOKE OR HAZE
[NO. OF DAYS WITH]      [WEATHER - DAYS WITH]      9 = BLOWING SNOW
                                                   X = TORNADO
MAX 32 OR BELOW:  21    0.01 INCH OR MORE:  11
MAX 90 OR ABOVE:   0    0.10 INCH OR MORE:   8
MIN 32 OR BELOW:  28    0.50 INCH OR MORE:   0
MIN  0 OR BELOW:  11    1.00 INCH OR MORE:   0

[HDD (BASE 65) ]
TOTAL THIS MO.  1360    CLEAR  (SCALE 0-3)  13
DPTR FM NORMAL    54    PTCLDY (SCALE 4-7)  11
TOTAL FM JUL 1  6038    CLOUDY (SCALE 8-10)  4
DPTR FM NORMAL   -14

[CDD (BASE 65) ]
TOTAL THIS MO.     0
DPTR FM NORMAL     0    [PRESSURE DATA]
TOTAL FM JAN 1     0    HIGHEST SLP 30.46 ON 12
DPTR FM NORMAL     0    LOWEST  SLP 28.77 ON 14

[REMARKS]
#FINAL-02-14#
