000
CXUS51 KCAR 231526
CF6MLT
PRELIMINARY LOCAL CLIMATOLOGICAL DATA (WS FORM: F-6)

                                          STATION:   MILLINOCKET ME
                                          MONTH:     MAY
                                          YEAR:      2014
                                          LATITUDE:   45 39 N
                                          LONGITUDE:  68 41 W

  TEMPERATURE IN F:       :PCPN:    SNOW:  WIND      :SUNSHINE: SKY     :PK WND
================================================================================
1   2   3   4   5  6A  6B    7    8   9   10  11  12  13   14  15   16   17  18
                                     12Z  AVG MX 2MIN
DY MAX MIN AVG DEP HDD CDD  WTR  SNW DPTH SPD SPD DIR MIN PSBL S-S WX    SPD DR
================================================================================

 1  49  38  44  -4  21   0 0.65    M    M  3.1  8 110   M    M   9 12     14 120
 2  62  39  51   2  14   0 0.02    M    M  3.2 22 280   M    M   7 12     35 290
 3  61  34  48  -1  17   0 0.00    M    M  1.7  8 160   M    M   8        11 260
 4  52  42  47  -3  18   0 0.50    M    M  4.0 12  30   M    M  10 1      17  10
 5  58  43  51   1  14   0    T    M    M  8.7 21 330   M    M   7        29 310
 6  61  42  52   2  13   0 0.06    M    M  7.3 17  10   M    M   7        25 300
 7  64  37  51   0  14   0 0.00    M    M  4.7 17 330   M    M   3        23 300
 8  63  35  49  -2  16   0 0.00    M    M  5.6 16 320   M    M   0        23 330
 9  66  31  49  -2  16   0 0.04    M    M  3.2 12 190   M    M   2        21 190
10  67  45  56   4   9   0 0.13    M    M  3.3  9 180   M    M   6 1      17 210
11  69  51  60   8   5   0 0.01    M    M  8.7 22 310   M    M   3 1      30 310
12  68  42  55   3  10   0    T    M    M  6.2 20  50   M    M   5 18     28  30
13  66  35  51  -1  14   0 0.00    M    M  3.3 10 110   M    M   1        15 120
14  57  44  51  -2  14   0 0.02    M    M  4.6 13 160   M    M   8        20 160
15  67  48  58   5   7   0    T    M    M  5.3 12 180   M    M  10 1      17 210
16  76  57  67  14   0   2 0.00    M    M  7.3 15 170   M    M   7 1      30 200
17  63  54  59   5   6   0 0.83    M    M  6.7 20 130   M    M  10 1      31 130
18   M   M   M   M   M   M 0.55    M    M  4.3  7  80   M    M  10 12      M  M
19  56  50  53  -1  12   0 0.15    M    M  7.6 16 340   M    M  10 1      21 340
20  60  51  56   1   9   0 0.03    M    M  8.0 16 350   M    M  10 1      22 330
21  65  52  59   4   6   0 0.01    M    M  4.1 13  90   M    M  10 1      16  20
22  69  52  61   6   4   0 0.07    M    M  3.1 12 110   M    M   9 12     16 120
23  66  50  58   3   7   0 0.03    M    M  4.0  9  70   M    M   9 1      14  50
24  62  50  56   0   9   0    T    M    M  4.6 14  10   M    M  10        18  10
25  69  48  59   3   6   0 0.00    M    M  2.5 10 100   M    M   7        13 100
26  75  51  63   7   2   0 0.14    M    M  5.1 22 290   M    M   5 13     29 290
27  57  45  51  -6  14   0 0.12    M    M  8.1 15 100   M    M   9        20  60
28  66  41  54  -3  11   0    T    M    M  6.1 14  90   M    M   5        19  70
29  74  35  55  -2  10   0 0.00    M    M  2.3  9 260   M    M   1 12     14 310
30  74  46  60   2   5   0 0.04    M    M  2.9 17 290   M    M   4 1      25 290
31  73  48  61   3   4   0 0.00    M    M  4.6 17  60   M    M   2 1      21  70
================================================================================
SM 1935 1336       307   2  3.40    M    154.2          M      204
================================================================================
AV 64.5 44.5                               5.0 FASTST   M    M   7    MAX(MPH)
                                 MISC ---->  # 22 280               # 35  290
================================================================================
NOTES:
# LAST OF SEVERAL OCCURRENCES

COLUMN 17 PEAK WIND IN M.P.H.

PRELIMINARY LOCAL CLIMATOLOGICAL DATA (WS FORM: F-6) , PAGE 2

                                          STATION:  MILLINOCKET ME
                                          MONTH:    MAY
                                          YEAR:     2014
                                          LATITUDE:   45 39 N
                                          LONGITUDE:  68 41 W

[TEMPERATURE DATA]      [PRECIPITATION DATA]       SYMBOLS USED IN COLUMN 16

AVERAGE MONTHLY: 54.5   TOTAL FOR MONTH:   3.40    1 = FOG OR MIST
DPTR FM NORMAL:   1.2   DPTR FM NORMAL:    0.06    2 = FOG REDUCING VISIBILITY
HIGHEST:    76 ON 16    GRTST 24HR  0.83 ON 17-17      TO 1/4 MILE OR LESS
LOWEST:     31 ON  9                               3 = THUNDER
                        SNOW, ICE PELLETS, HAIL    4 = ICE PELLETS
                        TOTAL MONTH:    M          5 = HAIL
                        GRTST 24HR    M  ON   M    6 = FREEZING RAIN OR DRIZZLE
                        GRTST DEPTH:  M  ON   M    7 = DUSTSTORM OR SANDSTORM:
                                                       VSBY 1/2 MILE OR LESS
                                                   8 = SMOKE OR HAZE
[NO. OF DAYS WITH]      [WEATHER - DAYS WITH]      9 = BLOWING SNOW
                                                   X = TORNADO
MAX 32 OR BELOW:   0    0.01 INCH OR MORE:  18
MAX 90 OR ABOVE:   0    0.10 INCH OR MORE:   8
MIN 32 OR BELOW:   1    0.50 INCH OR MORE:   4
MIN  0 OR BELOW:   0    1.00 INCH OR MORE:   0

[HDD (BASE 65) ]
TOTAL THIS MO.   307    CLEAR  (SCALE 0-3)   7
DPTR FM NORMAL   -62    PTCLDY (SCALE 4-7)  12
TOTAL FM JUL 1  8455    CLOUDY (SCALE 8-10) 12
DPTR FM NORMAL   165

[CDD (BASE 65) ]
TOTAL THIS MO.     2
DPTR FM NORMAL    -4    [PRESSURE DATA]
TOTAL FM JAN 1     2    HIGHEST SLP 30.36 ON 14
DPTR FM NORMAL    -4    LOWEST  SLP 29.49 ON  4

[REMARKS]
#FINAL-05-14#
