000
CXUS51 KCAR 232058
CF6MLT
PRELIMINARY LOCAL CLIMATOLOGICAL DATA (WS FORM: F-6)

                                          STATION:   MILLINOCKET ME
                                          MONTH:     AUGUST
                                          YEAR:      2013
                                          LATITUDE:   45 39 N
                                          LONGITUDE:  68 41 W

  TEMPERATURE IN F:       :PCPN:    SNOW:  WIND      :SUNSHINE: SKY     :PK WND
================================================================================
1   2   3   4   5  6A  6B    7    8   9   10  11  12  13   14  15   16   17  18
                                     12Z  AVG MX 2MIN
DY MAX MIN AVG DEP HDD CDD  WTR  SNW DPTH SPD SPD DIR MIN PSBL S-S WX    SPD DR
================================================================================

 1  82  55  69   1   0   4 0.00    M    M  3.2 12 190   M    M   2 12     20 200
 2  72  57  65  -3   0   0 0.84    M    M  2.2  8 130   M    M   7 13     16 210
 3  74  54  64  -3   1   0 0.73    M    M  2.8 21 260   M    M   5 123    51 240
 4  77  54  66  -1   0   1 0.05    M    M  3.6 14 300   M    M   5 3      20 320
 5  69  54  62  -5   3   0    T    M    M  8.8 20 310   M    M   7 8      26 310
 6  79  50  65  -2   0   0 0.00    M    M  3.1 14 320   M    M   2 8      21 310
 7  80  55  68   1   0   3 0.00    M    M  2.9 12 160   M    M   1        16 180
 8  65  58  62  -5   3   0 0.10    M    M  3.0  9 170   M    M   9 1      16 180
 9  71  64  68   1   0   3 1.65    M    M  2.5  9 150   M    M  10 123    18 190
10  74  51  63  -4   2   0 0.00    M    M  5.8 21 310   M    M   3 1      29 320
11  77  49  63  -4   2   0 0.00    M    M  4.2 16 300   M    M   1        26 310
12  80  57  69   2   0   4 0.05    M    M  1.8 10 290   M    M   2 18     17 280
13  76  52  64  -2   1   0 0.10    M    M  1.9  9 200   M    M   7 1      18 180
14  73  57  65  -1   0   0 0.06    M    M  5.8 21 300   M    M   7 13     29 320
15  75  51  63  -3   2   0 0.00    M    M  5.7 13 280   M    M   2        22 280
16  77  53  65  -1   0   0 0.32    M    M  1.2 14 290   M    M   5 1      22 280
17  75  52  64  -2   1   0 0.00    M    M  3.1 12 290   M    M   2 12     16 300
18  78  47  63  -3   2   0 0.00    M    M  2.0  8 210   M    M   0        15 210
19  83  56  70   4   0   5 0.00    M    M  5.7 18 310   M    M   1        24 290
20  85  62  74   8   0   9    T    M    M  2.8  9 300   M    M   1 1      14 240
21  88  60  74   9   0   9 0.00    M    M  1.2 10 190   M    M   2 1      18 250
22  86  63  75  10   0  10 0.02    M    M  3.9 15 290   M    M   2 138    25 280
23  73  49  61  -4   4   0 0.02    M    M  6.0 16 330   M    M   3 1      22 320
24  78  44  61  -4   4   0 0.00    M    M  2.3 12 300   M    M   0 12     17 300
25  80  48  64   0   1   0 0.00    M    M  1.6  8 180   M    M   0        13 280
26  71  58  65   1   0   0    T    M    M  0.4  5 140   M    M   6         M  M
27  84  64  74  10   0   9    T    M    M  1.8  9 320   M    M   6 1      13 310
28  83  60  72   8   0   7 0.27    M    M  2.3 17 360   M    M   4 13     23 360
29  68  51  60  -4   5   0 0.72    M    M  6.1 15  70   M    M   6 1      21  90
30  74  47  61  -2   4   0 0.02    M    M  1.9 12 300   M    M   4 1      16 300
31  77  64  71   8   0   6 0.08    M    M  2.2  8  70   M    M   9 1       9 170
================================================================================
SM 2384 1696        35  70  5.03    M    101.8          M      121
================================================================================
AV 76.9 54.7                               3.3 FASTST   M    M   4    MAX(MPH)
                                 MISC ---->  # 21 260               # 51  240
================================================================================
NOTES:
# LAST OF SEVERAL OCCURRENCES

COLUMN 17 PEAK WIND IN M.P.H.

PRELIMINARY LOCAL CLIMATOLOGICAL DATA (WS FORM: F-6) , PAGE 2

                                          STATION:  MILLINOCKET ME
                                          MONTH:    AUGUST
                                          YEAR:     2013
                                          LATITUDE:   45 39 N
                                          LONGITUDE:  68 41 W

[TEMPERATURE DATA]      [PRECIPITATION DATA]       SYMBOLS USED IN COLUMN 16

AVERAGE MONTHLY: 65.8   TOTAL FOR MONTH:   5.03    1 = FOG OR MIST
DPTR FM NORMAL:   0.0   DPTR FM NORMAL:    1.09    2 = FOG REDUCING VISIBILITY
HIGHEST:    88 ON 21    GRTST 24HR  1.65 ON  9- 9      TO 1/4 MILE OR LESS
LOWEST:     44 ON 24                               3 = THUNDER
                        SNOW, ICE PELLETS, HAIL    4 = ICE PELLETS
                        TOTAL MONTH:    M          5 = HAIL
                        GRTST 24HR    M  ON   M    6 = FREEZING RAIN OR DRIZZLE
                        GRTST DEPTH:  M  ON   M    7 = DUSTSTORM OR SANDSTORM:
                                                       VSBY 1/2 MILE OR LESS
                                                   8 = SMOKE OR HAZE
[NO. OF DAYS WITH]      [WEATHER - DAYS WITH]      9 = BLOWING SNOW
                                                   X = TORNADO
MAX 32 OR BELOW:   0    0.01 INCH OR MORE:  15
MAX 90 OR ABOVE:   0    0.10 INCH OR MORE:   8
MIN 32 OR BELOW:   0    0.50 INCH OR MORE:   4
MIN  0 OR BELOW:   0    1.00 INCH OR MORE:   1

[HDD (BASE 65) ]
TOTAL THIS MO.    35    CLEAR  (SCALE 0-3)  16
DPTR FM NORMAL   -20    PTCLDY (SCALE 4-7)  12
TOTAL FM JUL 1    45    CLOUDY (SCALE 8-10)  3
DPTR FM NORMAL   -34

[CDD (BASE 65) ]
TOTAL THIS MO.    70
DPTR FM NORMAL    -9    [PRESSURE DATA]
TOTAL FM JAN 1   352    HIGHEST SLP 30.36 ON 25
DPTR FM NORMAL   101    LOWEST  SLP 29.60 ON 14

[REMARKS]
#FINAL-08-13#
