000
CXUS51 KCAR 010600
CF6MLT
PRELIMINARY LOCAL CLIMATOLOGICAL DATA (WS FORM: F-6)

                                          STATION:   MILLINOCKET ME
                                          MONTH:     OCTOBER
                                          YEAR:      2016
                                          LATITUDE:   45 39 N
                                          LONGITUDE:  68 41 W

  TEMPERATURE IN F:       :PCPN:    SNOW:  WIND      :SUNSHINE: SKY     :PK WND
================================================================================
1   2   3   4   5  6A  6B    7    8   9   10  11  12  13   14  15   16   17  18
                                     12Z  AVG MX 2MIN
DY MAX MIN AVG DEP HDD CDD  WTR  SNW DPTH SPD SPD DIR MIN PSBL S-S WX    SPD DR
================================================================================

 1  62  45  54   3  11   0    T    M    M  0.5  6  80   M    M   4         7  20
 2  62  50  56   6   9   0 0.07    M    M  0.8  8 110   M    M   8        10 110
 3  66  37  52   2  13   0 0.00    M    M  5.2 15  20   M    M   7        20 350
 4  62  33  48  -2  17   0 0.00    M    M  1.2  9 250   M    M   2        13 180
 5  69  35  52   3  13   0 0.00    M    M  0.7  8 260   M    M   2 12     13 260
 6  74  38  56   7   9   0 0.00    M    M  2.2 13 310   M    M   3 12     17 310
 7  76  43  60  12   5   0 0.00    M    M  1.3  7 150   M    M   0        11 160
 8  68  41  55   7  10   0    T    M    M  4.4 13 170   M    M   3 12     21 160
 9  55  45  50   2  15   0 0.11    M    M  3.5 15 360   M    M   8 1      22 360
10  52  39  46  -1  19   0 0.00    M    M 12.6 24 340   M    M   2        39 340
11  66  32  49   2  16   0 0.00    M    M  2.2  9 310   M    M   0        14 180
12  66  34  50   3  15   0 0.00    M    M  2.9 10 160   M    M   0        17 160
13  66  46  56  10   9   0 0.09    M    M  6.3 20 300   M    M   8 1      31 290
14  51  28  40  -6  25   0 0.00    M    M  7.1 21 300   M    M   4        30 310
15  53  26  40  -6  25   0 0.00    M    M  1.0  8 160   M    M   0 1      13 170
16  60  39  50   5  15   0 0.10    M    M  3.7 10 220   M    M   7 1      19 180
17  57  40  49   4  16   0 0.00    M    M  6.6 18 330   M    M   1 12     27 320
18  56  40  48   3  17   0 0.02    M    M  2.7  9 170   M    M   9 18     14 160
19  63  47  55  11  10   0 0.00    M    M  9.3 22 310   M    M   3 12     29 300
20  53  35  44   0  21   0    T    M    M  1.7 12 310   M    M   4        15 300
21  63  47  55  11  10   0 0.36    M    M  3.3 10  60   M    M  10 1      14  60
22  63  50  57  14   8   0 1.31    M    M  7.2 17 160   M    M   9 1      30 160
23  50  36  43   0  22   0 0.12    M    M  8.9 20 270   M    M  10 1      32 290
24  45  37  41  -2  24   0    T    M    M 12.1 25 290   M    M   9        37 300
25  44  36  40  -2  25   0 0.01    M    M 10.4 20 310   M    M   9        29 300
26  45  35  40  -2  25   0 0.11    M    M  7.0 16 330   M    M   9 1      19  10
27  43  33  38  -4  27   0 0.00    M    M  5.2 10  90   M    M   6        14  50
28  37  34  36  -6  29   0 0.46    M    M  8.2 14  80   M    M  10 1      21  50
29  43  36  40  -1  25   0 0.01    M    M  3.1  9 160   M    M  10 1      15 170
30  46  38  42   1  23   0    T    M    M  7.4 17 310   M    M   9        24 310
31  44  33  39  -1  26   0 0.00    M    M  7.0 17 350   M    M  10        23  10
================================================================================
SM 1760 1188       534   0  2.77    M    155.7          M      176
================================================================================
AV 56.8 38.3                               5.0 FASTST   M    M   6    MAX(MPH)
                                 MISC ---->  # 25 290               # 39  340
================================================================================
NOTES:
# LAST OF SEVERAL OCCURRENCES

COLUMN 17 PEAK WIND IN M.P.H.

PRELIMINARY LOCAL CLIMATOLOGICAL DATA (WS FORM: F-6) , PAGE 2

                                          STATION:  MILLINOCKET ME
                                          MONTH:    OCTOBER
                                          YEAR:     2016
                                          LATITUDE:   45 39 N
                                          LONGITUDE:  68 41 W

[TEMPERATURE DATA]      [PRECIPITATION DATA]       SYMBOLS USED IN COLUMN 16

AVERAGE MONTHLY: 47.5   TOTAL FOR MONTH:   2.77    1 = FOG OR MIST
DPTR FM NORMAL:   2.1   DPTR FM NORMAL:   -1.30    2 = FOG REDUCING VISIBILITY
HIGHEST:    76 ON  7    GRTST 24HR  1.33 ON 21-22      TO 1/4 MILE OR LESS
LOWEST:     26 ON 15                               3 = THUNDER
                        SNOW, ICE PELLETS, HAIL    4 = ICE PELLETS
                        TOTAL MONTH:    M          5 = HAIL
                        GRTST 24HR    M  ON   M    6 = FREEZING RAIN OR DRIZZLE
                        GRTST DEPTH:  M  ON   M    7 = DUSTSTORM OR SANDSTORM:
                                                       VSBY 1/2 MILE OR LESS
                                                   8 = SMOKE OR HAZE
[NO. OF DAYS WITH]      [WEATHER - DAYS WITH]      9 = BLOWING SNOW
                                                   X = TORNADO
MAX 32 OR BELOW:   0    0.01 INCH OR MORE:  12
MAX 90 OR ABOVE:   0    0.10 INCH OR MORE:   7
MIN 32 OR BELOW:   3    0.50 INCH OR MORE:   1
MIN  0 OR BELOW:   0    1.00 INCH OR MORE:   1

[HDD (BASE 65) ]
TOTAL THIS MO.   534    CLEAR  (SCALE 0-3)  10
DPTR FM NORMAL   -72    PTCLDY (SCALE 4-7)   9
TOTAL FM JUL 1   749    CLOUDY (SCALE 8-10) 12
DPTR FM NORMAL  -185

[CDD (BASE 65) ]
TOTAL THIS MO.     0
DPTR FM NORMAL     0    [PRESSURE DATA]
TOTAL FM JAN 1   350    HIGHEST SLP 30.56 ON 27
DPTR FM NORMAL    82    LOWEST  SLP 29.00 ON 22

[REMARKS]
#FINAL-10-16#
