000
CXUS51 KCAR 242115
CF6MLT
PRELIMINARY LOCAL CLIMATOLOGICAL DATA (WS FORM: F-6)

                                          STATION:   MILLINOCKET ME
                                          MONTH:     JULY
                                          YEAR:      2013
                                          LATITUDE:   45 39 N
                                          LONGITUDE:  68 41 W

  TEMPERATURE IN F:       :PCPN:    SNOW:  WIND      :SUNSHINE: SKY     :PK WND
================================================================================
1   2   3   4   5  6A  6B    7    8   9   10  11  12  13   14  15   16   17  18
                                     12Z  AVG MX 2MIN
DY MAX MIN AVG DEP HDD CDD  WTR  SNW DPTH SPD SPD DIR MIN PSBL S-S WX    SPD DR
================================================================================

 1  80  66  73   6   0   8 0.01    M    M  2.0  9 330   M    M   4 18     14 290
 2  67  57  62  -5   3   0 0.23    M    M  4.0 13  90   M    M  10 18     17  90
 3  88  56  72   5   0   7 0.00    M    M  1.5  8 290   M    M   5 1      13 290
 4  90  67  79  11   0  14 0.00    M    M  4.3 14 310   M    M   0 1      20 320
 5  88  71  80  12   0  15 0.00    M    M  5.4 17 310   M    M   1        24 310
 6  86  71  79  11   0  14 0.00    M    M  5.3 14 290   M    M   3        23 280
 7  89  68  79  11   0  14    T    M    M  5.2 17 290   M    M   2        23 300
 8  78  57  68   0   0   3 0.02    M    M  2.3 13  50   M    M   4 8      17  50
 9  81  55  68   0   0   3 0.00    M    M  2.3  9 160   M    M   3        17 200
10  77  65  71   3   0   6 0.03    M    M  4.6 10 170   M    M  10 13     17 170
11  82  63  73   5   0   8    T    M    M  2.5 12 310   M    M   6 1      17 300
12  83  54  69   1   0   4 0.00    M    M  2.5 13  40   M    M   0 8      17  50
13  88  51  70   2   0   5 0.00    M    M  1.5  8 170   M    M   0        14 170
14  91  59  75   7   0  10 0.00    M    M  3.2 10 310   M    M   0        16 270
15  94  66  80  12   0  15 0.00    M    M  6.1 16 310   M    M   0        23 310
16  92  68  80  12   0  15 0.00    M    M  2.7 10  70   M    M   5 8      15 320
17  90  63  77   9   0  12 0.18    M    M  3.7 15  60   M    M   4 138    21  50
18  85  68  77   9   0  12 0.00    M    M  3.0 12 310   M    M   3 8      17 320
19  91  66  79  11   0  14 0.14    M    M  2.7 17 250   M    M   6 13     28 250
20  85  62  74   6   0   9    T    M    M  5.4 12 300   M    M   3        22 300
21  77  52  65  -3   0   0 0.00    M    M  3.8 14 300   M    M   0        25 280
22  80  48  64  -4   1   0 0.00    M    M  2.5 12 190   M    M   1        17 180
23  68  59  64  -4   1   0 1.35    M    M  1.9 10  50   M    M   8 1      14  60
24  80  57  69   1   0   4    T    M    M  5.9 20 300   M    M   6 12     30 310
25  73  50  62  -6   3   0 0.00    M    M  1.7 10  50   M    M   2 8      14 140
26  65  60  63  -5   2   0 0.76    M    M  6.9 14 360   M    M  10 1      20 350
27  80  59  70   2   0   5 0.75    M    M  4.6 20 320   M    M   5 1      23 320
28  82  58  70   2   0   5 0.01    M    M  3.4 13 120   M    M   4 18     16 110
29  73  62  68   0   0   3 0.10    M    M  2.5  8 120   M    M   7 1      13 120
30  78  60  69   1   0   4 0.01    M    M  4.0 15 330   M    M   5 128    20 310
31  81  56  69   1   0   4 0.00    M    M  4.1 14 310   M    M   1 8      18 300
================================================================================
SM 2542 1874        10 213  3.59    M    111.5          M      118
================================================================================
AV 82.0 60.5                               3.6 FASTST   M    M   4    MAX(MPH)
                                 MISC ---->  # 20 300               # 30  310
================================================================================
NOTES:
# LAST OF SEVERAL OCCURRENCES

COLUMN 17 PEAK WIND IN M.P.H.

PRELIMINARY LOCAL CLIMATOLOGICAL DATA (WS FORM: F-6) , PAGE 2

                                          STATION:  MILLINOCKET ME
                                          MONTH:    JULY
                                          YEAR:     2013
                                          LATITUDE:   45 39 N
                                          LONGITUDE:  68 41 W

[TEMPERATURE DATA]      [PRECIPITATION DATA]       SYMBOLS USED IN COLUMN 16

AVERAGE MONTHLY: 71.2   TOTAL FOR MONTH:   3.59    1 = FOG OR MIST
DPTR FM NORMAL:   3.2   DPTR FM NORMAL:   -0.26    2 = FOG REDUCING VISIBILITY
HIGHEST:    94 ON 15    GRTST 24HR  1.48 ON 26-27      TO 1/4 MILE OR LESS
LOWEST:     48 ON 22                               3 = THUNDER
                        SNOW, ICE PELLETS, HAIL    4 = ICE PELLETS
                        TOTAL MONTH:    M          5 = HAIL
                        GRTST 24HR    M  ON   M    6 = FREEZING RAIN OR DRIZZLE
                        GRTST DEPTH:  M  ON   M    7 = DUSTSTORM OR SANDSTORM:
                                                       VSBY 1/2 MILE OR LESS
                                                   8 = SMOKE OR HAZE
[NO. OF DAYS WITH]      [WEATHER - DAYS WITH]      9 = BLOWING SNOW
                                                   X = TORNADO
MAX 32 OR BELOW:   0    0.01 INCH OR MORE:  12
MAX 90 OR ABOVE:   6    0.10 INCH OR MORE:   7
MIN 32 OR BELOW:   0    0.50 INCH OR MORE:   3
MIN  0 OR BELOW:   0    1.00 INCH OR MORE:   1

[HDD (BASE 65) ]
TOTAL THIS MO.    10    CLEAR  (SCALE 0-3)  14
DPTR FM NORMAL   -14    PTCLDY (SCALE 4-7)  14
TOTAL FM JUL 1    10    CLOUDY (SCALE 8-10)  3
DPTR FM NORMAL   -14

[CDD (BASE 65) ]
TOTAL THIS MO.   213
DPTR FM NORMAL    96    [PRESSURE DATA]
TOTAL FM JAN 1   282    HIGHEST SLP 30.33 ON 13
DPTR FM NORMAL   110    LOWEST  SLP 29.55 ON 19

[REMARKS]
#FINAL-07-13#
