000
CXUS51 KCAR 010600
CF6MLT
PRELIMINARY LOCAL CLIMATOLOGICAL DATA (WS FORM: F-6)

                                          STATION:   MILLINOCKET ME
                                          MONTH:     OCTOBER
                                          YEAR:      2015
                                          LATITUDE:   45 39 N
                                          LONGITUDE:  68 41 W

  TEMPERATURE IN F:       :PCPN:    SNOW:  WIND      :SUNSHINE: SKY     :PK WND
================================================================================
1   2   3   4   5  6A  6B    7    8   9   10  11  12  13   14  15   16   17  18
                                     12Z  AVG MX 2MIN
DY MAX MIN AVG DEP HDD CDD  WTR  SNW DPTH SPD SPD DIR MIN PSBL S-S WX    SPD DR
================================================================================

 1  57  45  51   0  14   0 0.00    M    M 10.6 20 350   M    M   5        29 360
 2  56  41  49  -1  16   0 0.00    M    M  8.6 14  30   M    M   2        24  20
 3  56  41  49  -1  16   0 0.00    M    M  7.9 17  50   M    M   4        25  60
 4  60  30  45  -5  20   0 0.00    M    M  1.3  9  40   M    M   0        12  40
 5  63  31  47  -2  18   0 0.00    M    M  0.6  6 180   M    M   0 1       9 160
 6  64  36  50   1  15   0 0.00    M    M  3.6 13 310   M    M   4 1      18 310
 7  67  44  56   8   9   0    T    M    M  7.1 15 290   M    M   6 8      24 290
 8  57  38  48   0  17   0 0.00    M    M  4.7 15 320   M    M   1        20 310
 9  50  34  42  -6  23   0 0.50    M    M  3.5 22 300   M    M   8 1      31 300
10  50  36  43  -4  22   0 0.00    M    M  7.8 23 300   M    M   2        37 290
11  51  38  45  -2  20   0    T    M    M  1.1  7 210   M    M   9 1      13 180
12  72  44  58  11   7   0 0.00    M    M  2.0 10 190   M    M   4        17 190
13  62  50  56  10   9   0 0.17    M    M  1.7  7 170   M    M   8 1      11 130
14  64  44  54   8  11   0 0.04    M    M  6.2 18 290   M    M   6 1      32 280
15  58  39  49   3  16   0 0.00    M    M  4.0 13 300   M    M   3        20 300
16  54  30  42  -3  23   0    T    M    M  4.8 20 300   M    M   5        28 290
17  40  29  35 -10  30   0 0.17    M    M  3.5 13 350   M    M   7 16     18 350
18  37  29  33 -12  32   0    T    M    M  8.9 18 310   M    M   2 8      25 310
19  43  27  35  -9  30   0 0.00    M    M  5.8 15 310   M    M   4        18 300
20  59  38  49   5  16   0 0.00    M    M  5.0 13 310   M    M   8        18 300
21  52  28  40  -4  25   0 0.00    M    M  4.4 16 290   M    M   0 8      24 310
22  53  30  42  -1  23   0 0.13    M    M  2.8 22 310   M    M   9 1      35 310
23  47  30  39  -4  26   0 0.00    M    M  9.5 21 310   M    M   7        28 280
24  48  24  36  -7  29   0 0.00    M    M  3.7 12 180   M    M   2        19 190
25  55  41  48   6  17   0 0.14    M    M  7.7 20 300   M    M   9 1      28 280
26  45  27  36  -6  29   0 0.00    M    M  6.3 20 300   M    M   2        26 320
27  50  24  37  -5  28   0 0.00    M    M  2.4 12 250   M    M   0 1      18 290
28  49  24  37  -5  28   0 0.24    M    M  3.1 15 110   M    M   3 1      22 120
29  69  43  56  15   9   0 1.83    M    M  6.4 21 300   M    M   7 1      30 310
30  48  35  42   1  23   0    T    M    M 11.6 24 310   M    M   7        37 270
31  49  33  41   1  24   0 0.00    M    M  5.0 21 300   M    M   0        29 300
================================================================================
SM 1685 1083       625   0  3.22    M    161.6          M      134
================================================================================
AV 54.4 34.9                               5.2 FASTST   M    M   4    MAX(MPH)
                                 MISC ---->  # 24 310               # 37  290
================================================================================
NOTES:
# LAST OF SEVERAL OCCURRENCES

COLUMN 17 PEAK WIND IN M.P.H.

PRELIMINARY LOCAL CLIMATOLOGICAL DATA (WS FORM: F-6) , PAGE 2

                                          STATION:  MILLINOCKET ME
                                          MONTH:    OCTOBER
                                          YEAR:     2015
                                          LATITUDE:   45 39 N
                                          LONGITUDE:  68 41 W

[TEMPERATURE DATA]      [PRECIPITATION DATA]       SYMBOLS USED IN COLUMN 16

AVERAGE MONTHLY: 44.6   TOTAL FOR MONTH:   3.22    1 = FOG OR MIST
DPTR FM NORMAL:  -0.8   DPTR FM NORMAL:   -0.85    2 = FOG REDUCING VISIBILITY
HIGHEST:    72 ON 12    GRTST 24HR  3.66 ON 30- 1      TO 1/4 MILE OR LESS
LOWEST:     24 ON 28,27                            3 = THUNDER
                        SNOW, ICE PELLETS, HAIL    4 = ICE PELLETS
                        TOTAL MONTH:    M          5 = HAIL
                        GRTST 24HR    M  ON   M    6 = FREEZING RAIN OR DRIZZLE
                        GRTST DEPTH:  M  ON   M    7 = DUSTSTORM OR SANDSTORM:
                                                       VSBY 1/2 MILE OR LESS
                                                   8 = SMOKE OR HAZE
[NO. OF DAYS WITH]      [WEATHER - DAYS WITH]      9 = BLOWING SNOW
                                                   X = TORNADO
MAX 32 OR BELOW:   0    0.01 INCH OR MORE:   8
MAX 90 OR ABOVE:   0    0.10 INCH OR MORE:   7
MIN 32 OR BELOW:  13    0.50 INCH OR MORE:   2
MIN  0 OR BELOW:   0    1.00 INCH OR MORE:   1

[HDD (BASE 65) ]
TOTAL THIS MO.   625    CLEAR  (SCALE 0-3)  11
DPTR FM NORMAL    19    PTCLDY (SCALE 4-7)  15
TOTAL FM JUL 1   755    CLOUDY (SCALE 8-10)  5
DPTR FM NORMAL  -179

[CDD (BASE 65) ]
TOTAL THIS MO.     0
DPTR FM NORMAL     0    [PRESSURE DATA]
TOTAL FM JAN 1   400    HIGHEST SLP 30.63 ON  3
DPTR FM NORMAL   132    LOWEST  SLP 29.21 ON 29

[REMARKS]
#FINAL-10-15#
