000
CXUS51 KCAR 010600
CF6MLT
PRELIMINARY LOCAL CLIMATOLOGICAL DATA (WS FORM: F-6)

                                          STATION:   MILLINOCKET ME
                                          MONTH:     JANUARY
                                          YEAR:      2014
                                          LATITUDE:   45 39 N
                                          LONGITUDE:  68 41 W

  TEMPERATURE IN F:       :PCPN:    SNOW:  WIND      :SUNSHINE: SKY     :PK WND
================================================================================
1   2   3   4   5  6A  6B    7    8   9   10  11  12  13   14  15   16   17  18
                                     12Z  AVG MX 2MIN
DY MAX MIN AVG DEP HDD CDD  WTR  SNW DPTH SPD SPD DIR MIN PSBL S-S WX    SPD DR
================================================================================

 1  12 -16  -2 -18  67   0    T    M    M  5.9 16 280   M    M   2 18     26 270
 2  -8 -16 -12 -28  77   0 0.00    M    M  7.0 14  10   M    M   7        19  10
 3  -1 -13  -7 -23  72   0 0.00    M    M 10.2 18 290   M    M   6        26 280
 4   9 -10   0 -16  65   0 0.00    M    M  4.9 13 300   M    M   5        20 300
 5  25   9  17   2  48   0 0.00    M    M  0.9  5  80   M    M   5 18      6  90
 6  53  23  38  23  27   0 1.43    M    M  8.7 22 290   M    M  10 16     32 280
 7  27   7  17   2  48   0    T    M    M 13.3 24 280   M    M   5 8      40 260
 8  19   7  13  -2  52   0 0.00    M    M 10.0 18 270   M    M   2        31 280
 9  19  -1   9  -5  56   0 0.00    M    M  5.9 22 300   M    M   2        33 290
10  27  -4  12  -2  53   0 0.00    M    M  1.3  8 240   M    M   3        15 240
11  36  11  24  10  41   0 0.97    M    M  0.6  7 160   M    M   8 168    10 160
12  44  35  40  26  25   0 0.12    M    M 10.8 26 290   M    M   8 1      39 300
13  44  28  36  22  29   0 0.00    M    M  6.8 20 290   M    M   2        32 290
14  45  37  41  27  24   0 0.55    M    M  2.6 10 180   M    M  10 12     19 170
15  44  32  38  25  27   0 0.07    M    M  4.1 10 170   M    M   5 1      19 190
16  38  32  35  22  30   0 0.00    M    M  1.9  8 310   M    M   9 18     10 320
17  39  28  34  21  31   0    T    M    M  1.8  9 170   M    M   8 1      12 150
18  34  22  28  15  37   0 0.00    M    M  0.4  5 310   M    M   2 12      5 310
19  30  20  25  12  40   0 0.11    M    M  2.1 10 260   M    M   9 12     17 260
20  26   1  14   1  51   0    T    M    M  9.8 20 290   M    M   8 1      29 290
21   4  -5   0 -13  65   0 0.00    M    M  9.8 21 290   M    M   0        32 300
22   5  -4   1 -12  64   0 0.00    M    M  8.6 17  10   M    M   0 8      23 340
23  12  -5   4  -9  61   0 0.00    M    M 10.6 16 300   M    M   0        27 300
24   8  -3   3 -10  62   0    T    M    M  8.7 22 300   M    M   1        30 320
25  32  -2  15   2  50   0 0.20    M    M  2.7 10 310   M    M   8 1      17 200
26  27   0  14   1  51   0    T    M    M  8.5 23 290   M    M   4 19     38 300
27  30   1  16   3  49   0 0.13    M    M  5.5 18 290   M    M   8 18     28 270
28  13 -10   2 -12  63   0    T    M    M  5.3 18 280   M    M   1 9      33 290
29  19 -11   4 -10  61   0    T    M    M  3.1 14 270   M    M   1 8      22 270
30  23  -1  11  -3  54   0    T    M    M  3.3 16 290   M    M   1 8      23 300
31  35  11  23   9  42   0 0.00    M    M  5.3 15 280   M    M   5        25 270
================================================================================
SM  770  203      1522   0  3.58    M    180.4          M      145
================================================================================
AV 24.8  6.5                               5.8 FASTST   M    M   5    MAX(MPH)
                                 MISC ---->  # 26 290               # 40  260
================================================================================
NOTES:
# LAST OF SEVERAL OCCURRENCES

COLUMN 17 PEAK WIND IN M.P.H.

PRELIMINARY LOCAL CLIMATOLOGICAL DATA (WS FORM: F-6) , PAGE 2

                                          STATION:  MILLINOCKET ME
                                          MONTH:    JANUARY
                                          YEAR:     2014
                                          LATITUDE:   45 39 N
                                          LONGITUDE:  68 41 W

[TEMPERATURE DATA]      [PRECIPITATION DATA]       SYMBOLS USED IN COLUMN 16

AVERAGE MONTHLY: 15.7   TOTAL FOR MONTH:   3.58    1 = FOG OR MIST
DPTR FM NORMAL:   1.7   DPTR FM NORMAL:    0.65    2 = FOG REDUCING VISIBILITY
HIGHEST:    53 ON  6    GRTST 24HR  1.43 ON  6- 6      TO 1/4 MILE OR LESS
LOWEST:    -16 ON  2, 1                            3 = THUNDER
                        SNOW, ICE PELLETS, HAIL    4 = ICE PELLETS
                        TOTAL MONTH:    M          5 = HAIL
                        GRTST 24HR    M  ON   M    6 = FREEZING RAIN OR DRIZZLE
                        GRTST DEPTH:  M  ON   M    7 = DUSTSTORM OR SANDSTORM:
                                                       VSBY 1/2 MILE OR LESS
                                                   8 = SMOKE OR HAZE
[NO. OF DAYS WITH]      [WEATHER - DAYS WITH]      9 = BLOWING SNOW
                                                   X = TORNADO
MAX 32 OR BELOW:  21    0.01 INCH OR MORE:   8
MAX 90 OR ABOVE:   0    0.10 INCH OR MORE:   7
MIN 32 OR BELOW:  29    0.50 INCH OR MORE:   3
MIN  0 OR BELOW:  15    1.00 INCH OR MORE:   1

[HDD (BASE 65) ]
TOTAL THIS MO.  1522    CLEAR  (SCALE 0-3)  13
DPTR FM NORMAL   -59    PTCLDY (SCALE 4-7)  11
TOTAL FM JUL 1  4678    CLOUDY (SCALE 8-10)  7
DPTR FM NORMAL   -68

[CDD (BASE 65) ]
TOTAL THIS MO.     0
DPTR FM NORMAL     0    [PRESSURE DATA]
TOTAL FM JAN 1     0    HIGHEST SLP 30.54 ON  9
DPTR FM NORMAL     0    LOWEST  SLP 28.99 ON 12

[REMARKS]
#FINAL-01-14#
