000
CXUS51 KCAR 011227
CF6MLT
PRELIMINARY LOCAL CLIMATOLOGICAL DATA (WS FORM: F-6)

                                          STATION:   MILLINOCKET ME
                                          MONTH:     APRIL
                                          YEAR:      2013
                                          LATITUDE:   45 39 N
                                          LONGITUDE:  68 41 W

  TEMPERATURE IN F:       :PCPN:    SNOW:  WIND      :SUNSHINE: SKY     :PK WND
================================================================================
1   2   3   4   5  6A  6B    7    8   9   10  11  12  13   14  15   16   17  18
                                     12Z  AVG MX 2MIN
DY MAX MIN AVG DEP HDD CDD  WTR  SNW DPTH SPD SPD DIR MIN PSBL S-S WX    SPD DR
================================================================================

 1  43  30  37   3  28   0 0.31    M    M  5.0 25 300   M    M   7 1      38 290
 2  31  20  26  -8  39   0    T    M    M 11.4 21 290   M    M   6 1      31 270
 3  33  19  26  -9  39   0    T    M    M 11.4 24 300   M    M   7        35 310
 4  48  26  37   2  28   0 0.00    M    M  8.3 21 290   M    M   1        35 280
 5  54  31  43   7  22   0    T    M    M  7.9 21 310   M    M   3        28 310
 6  34  22  28  -8  37   0    T    M    M 12.2 25 300   M    M   1 8      37 290
 7  44  19  32  -5  33   0    T    M    M  5.0 16 170   M    M   7        25 170
 8  47  30  39   2  26   0 0.00    M    M  5.2 18 320   M    M   7 8      26 290
 9  38  29  34  -4  31   0 0.36    M    M  1.9  8  90   M    M   8 12     10  90
10  52  34  43   5  22   0 0.00    M    M  4.0 14 310   M    M   7 1      18 310
11  43  27  35  -4  30   0 0.00    M    M  7.0 18 310   M    M   1        25 310
12  41  22  32  -7  33   0 0.17    M    M  4.5 17  90   M    M   6 128    24 100
13  43  31  37  -3  28   0 0.02    M    M  3.3 10  50   M    M  10 18     14  30
14  48  35  42   2  23   0 0.07    M    M  2.3 14 310   M    M  10 1      21 320
15  53  33  43   2  22   0 0.00    M    M  3.4 10  30   M    M   6        13 160
16  53  37  45   4  20   0 0.02    M    M  7.2 17 180   M    M  10 1      26 180
17  57  30  44   2  21   0    T    M    M 10.5 24 330   M    M   2        38 300
18  47  27  37  -5  28   0    T    M    M  4.1 12 180   M    M   6        22 170
19  72  45  59  16   6   0    T    M    M  7.6 15 170   M    M   7 1      32 240
20  59  37  48   5  17   0 0.37    M    M  8.4 18 290   M    M   7 1      28 300
21  47  26  37  -7  28   0    T    M    0  7.2 18 290   M    M   3        26 290
22  55  22  39  -5  26   0 0.00  0.0    0  3.4 12 150   M    M   0        18 180
23  54  25  40  -5  25   0 0.00  0.0    0  3.7 15 130   M    M   3        21 120
24  54  42  48   3  17   0 0.04    M    0  5.2 12  40   M    M  10 18     18 170
25  55  34  45  -1  20   0 0.09    M    0  7.3 18 290   M    M   4 1      31 290
26  60  29  45  -1  20   0 0.00    M    M  3.3 12  60   M    M   0        15  50
27  64  29  47   0  18   0 0.00    M    M  1.2  9 300   M    M   0        14 300
28  70  31  51   4  14   0 0.00    M    M  2.3 14 350   M    M   0        18  40
29  70  34  52   4  13   0 0.00    M    M  2.8 13 120   M    M   0        20 120
30  74  34  54   6  11   0 0.00    M    M  1.1 10 180   M    M   0        16 160
================================================================================
SM 1543  890       725   0  1.45     0.0 168.1          M      139
================================================================================
AV 51.4 29.7                               5.6 FASTST   M    M   5    MAX(MPH)
                                 MISC ---->  # 25 300               # 38  290
================================================================================
NOTES:
# LAST OF SEVERAL OCCURRENCES

COLUMN 17 PEAK WIND IN M.P.H.

PRELIMINARY LOCAL CLIMATOLOGICAL DATA (WS FORM: F-6) , PAGE 2

                                          STATION:  MILLINOCKET ME
                                          MONTH:    APRIL
                                          YEAR:     2013
                                          LATITUDE:   45 39 N
                                          LONGITUDE:  68 41 W

[TEMPERATURE DATA]      [PRECIPITATION DATA]       SYMBOLS USED IN COLUMN 16

AVERAGE MONTHLY: 40.5   TOTAL FOR MONTH:   1.45    1 = FOG OR MIST
DPTR FM NORMAL:  -0.4   DPTR FM NORMAL:   -2.11    2 = FOG REDUCING VISIBILITY
HIGHEST:    74 ON 30    GRTST 24HR  0.37 ON 20-20      TO 1/4 MILE OR LESS
LOWEST:     19 ON  7, 3                            3 = THUNDER
                        SNOW, ICE PELLETS, HAIL    4 = ICE PELLETS
                        TOTAL MONTH:   0.0 INCH    5 = HAIL
                        GRTST 24HR     0.0         6 = FREEZING RAIN OR DRIZZLE
                        GRTST DEPTH:   0           7 = DUSTSTORM OR SANDSTORM:
                                                       VSBY 1/2 MILE OR LESS
                                                   8 = SMOKE OR HAZE
[NO. OF DAYS WITH]      [WEATHER - DAYS WITH]      9 = BLOWING SNOW
                                                   X = TORNADO
MAX 32 OR BELOW:   1    0.01 INCH OR MORE:   9
MAX 90 OR ABOVE:   0    0.10 INCH OR MORE:   4
MIN 32 OR BELOW:  20    0.50 INCH OR MORE:   0
MIN  0 OR BELOW:   0    1.00 INCH OR MORE:   0

[HDD (BASE 65) ]
TOTAL THIS MO.   725    CLEAR  (SCALE 0-3)  11
DPTR FM NORMAL     3    PTCLDY (SCALE 4-7)  14
TOTAL FM JUL 1  7283    CLOUDY (SCALE 8-10)  5
DPTR FM NORMAL  -638

[CDD (BASE 65) ]
TOTAL THIS MO.     0
DPTR FM NORMAL     0    [PRESSURE DATA]
TOTAL FM JAN 1     0    HIGHEST SLP 30.87 ON 22
DPTR FM NORMAL     0    LOWEST  SLP 29.48 ON  1

[REMARKS]
#FINAL-04-13#
