000
CXUS51 KCAR 010545
CF6MLT
PRELIMINARY LOCAL CLIMATOLOGICAL DATA (WS FORM: F-6)

                                          STATION:   MILLINOCKET ME
                                          MONTH:     SEPTEMBER
                                          YEAR:      2013
                                          LATITUDE:   45 39 N
                                          LONGITUDE:  68 41 W

  TEMPERATURE IN F:       :PCPN:    SNOW:  WIND      :SUNSHINE: SKY     :PK WND
================================================================================
1   2   3   4   5  6A  6B    7    8   9   10  11  12  13   14  15   16   17  18
                                     12Z  AVG MX 2MIN
DY MAX MIN AVG DEP HDD CDD  WTR  SNW DPTH SPD SPD DIR MIN PSBL S-S WX    SPD DR
================================================================================

 1  81  64  73  10   0   8 0.00    M    M  3.5 12 350   M    M   7 1      16  40
 2  67  60  64   2   1   0 1.34    M    M  9.0 18  90   M    M  10 1      24  90
 3  78  60  69   7   0   4 0.32    M    M  1.9 10 270   M    M   6 1238   18 260
 4  77  54  66   4   0   1 0.01    M    M  5.0 16 290   M    M   4 12     30 310
 5  64  42  53  -9  12   0 0.00    M    M  4.2 17 310   M    M   3        25 310
 6  68  38  53  -8  12   0 0.00    M    M  3.9 15 310   M    M   0        23 280
 7  73  49  61   0   4   0 0.30    M    M  2.6  9 170   M    M   4 1      16 240
 8  62  45  54  -6  11   0 0.03    M    M  6.6 24 350   M    M   6        32 330
 9  69  42  56  -4   9   0 0.00    M    M  4.6 13 290   M    M   0        20 270
10  65  52  59  -1   6   0    T    M    M  0.7  8 150   M    M   7        12 160
11  87  62  75  16   0  10 0.04    M    M  3.2 10 160   M    M   4 138    16 190
12  73  67  70  11   0   5 0.70    M    M  1.3 10 180   M    M   8 123    17 170
13  69  58  64   6   1   0 0.74    M    M  4.1 14 350   M    M  10 1      20 360
14  66  50  58   0   7   0    T    M    M  5.0 15 320   M    M   7 1      22 280
15  69  48  59   1   6   0 0.00    M    M  2.5 13 300   M    M   2        18 290
16  57  39  48  -9  17   0 0.26    M    M  4.7 17  20   M    M   7 1      25  20
17  65  38  52  -5  13   0 0.00    M    M  4.6 13 310   M    M   0        17 290
18  72  44  58   2   7   0 0.00    M    M  4.2 12 260   M    M   0        20 260
19  76  52  64   8   1   0 0.00    M    M  4.1 14 300   M    M   0        20 310
20  76  49  63   7   2   0 0.00    M    M  1.9  9 160   M    M   4        18 180
21  71  53  62   7   3   0 0.00    M    M  5.2 16 180   M    M   7 1      29 150
22  66  52  59   4   6   0 0.90    M    M  7.0 16 300   M    M  10 1      28 180
23  54  48  51  -3  14   0    T    M    M 11.5 21 310   M    M  10        31 310
24  52  46  49  -5  16   0 0.04    M    M  8.5 15 340   M    M  10        21 330
25  58  48  53   0  12   0 0.00    M    M  8.3 15 340   M    M   9        23 340
26  60  49  55   2  10   0 0.00    M    M  6.4 17 340   M    M   8        23  20
27  73  47  60   8   5   0 0.00    M    M  3.8 13  50   M    M   3        18  60
28  73  41  57   5   8   0 0.00    M    M  0.8  6 260   M    M   0         9 260
29  74  42  58   6   7   0 0.00    M    M  1.1  9 160   M    M   0        13 190
30  69  39  54   3  11   0 0.00    M    M  1.8  8  90   M    M   2 12     12  60
================================================================================
SM 2064 1478       201  28  4.68    M    132.0          M      148
================================================================================
AV 68.8 49.3                               4.4 FASTST   M    M   5    MAX(MPH)
                                 MISC ---->  # 24 350               # 32  330
================================================================================
NOTES:
# LAST OF SEVERAL OCCURRENCES

COLUMN 17 PEAK WIND IN M.P.H.

PRELIMINARY LOCAL CLIMATOLOGICAL DATA (WS FORM: F-6) , PAGE 2

                                          STATION:  MILLINOCKET ME
                                          MONTH:    SEPTEMBER
                                          YEAR:     2013
                                          LATITUDE:   45 39 N
                                          LONGITUDE:  68 41 W

[TEMPERATURE DATA]      [PRECIPITATION DATA]       SYMBOLS USED IN COLUMN 16

AVERAGE MONTHLY: 59.0   TOTAL FOR MONTH:   4.68    1 = FOG OR MIST
DPTR FM NORMAL:   1.8   DPTR FM NORMAL:    0.96    2 = FOG REDUCING VISIBILITY
HIGHEST:    87 ON 11    GRTST 24HR  1.37 ON  2- 3      TO 1/4 MILE OR LESS
LOWEST:     38 ON 17, 6                            3 = THUNDER
                        SNOW, ICE PELLETS, HAIL    4 = ICE PELLETS
                        TOTAL MONTH:    M          5 = HAIL
                        GRTST 24HR    M  ON   M    6 = FREEZING RAIN OR DRIZZLE
                        GRTST DEPTH:  M  ON   M    7 = DUSTSTORM OR SANDSTORM:
                                                       VSBY 1/2 MILE OR LESS
                                                   8 = SMOKE OR HAZE
[NO. OF DAYS WITH]      [WEATHER - DAYS WITH]      9 = BLOWING SNOW
                                                   X = TORNADO
MAX 32 OR BELOW:   0    0.01 INCH OR MORE:  11
MAX 90 OR ABOVE:   0    0.10 INCH OR MORE:   7
MIN 32 OR BELOW:   0    0.50 INCH OR MORE:   4
MIN  0 OR BELOW:   0    1.00 INCH OR MORE:   1

[HDD (BASE 65) ]
TOTAL THIS MO.   201    CLEAR  (SCALE 0-3)  10
DPTR FM NORMAL   -48    PTCLDY (SCALE 4-7)  13
TOTAL FM JUL 1   246    CLOUDY (SCALE 8-10)  7
DPTR FM NORMAL   -82

[CDD (BASE 65) ]
TOTAL THIS MO.    28
DPTR FM NORMAL    11    [PRESSURE DATA]
TOTAL FM JAN 1   380    HIGHEST SLP 30.34 ON 28
DPTR FM NORMAL   112    LOWEST  SLP 29.52 ON 22

[REMARKS]
#FINAL-09-13#
