000
CXUS51 KCAR 010839
CF6MLT
PRELIMINARY LOCAL CLIMATOLOGICAL DATA (WS FORM: F-6)

                                          STATION:   MILLINOCKET ME
                                          MONTH:     FEBRUARY
                                          YEAR:      2016
                                          LATITUDE:   45 39 N
                                          LONGITUDE:  68 41 W

  TEMPERATURE IN F:       :PCPN:    SNOW:  WIND      :SUNSHINE: SKY     :PK WND
================================================================================
1   2   3   4   5  6A  6B    7    8   9   10  11  12  13   14  15   16   17  18
                                     12Z  AVG MX 2MIN
DY MAX MIN AVG DEP HDD CDD  WTR  SNW DPTH SPD SPD DIR MIN PSBL S-S WX    SPD DR
================================================================================

 1  51  33  42  28  23   0 0.00    M    M  8.2 26 270   M    M   6        41 260
 2  33  15  24  10  41   0 0.00    M    M  7.2 17 310   M    M   0        23 320
 3  40  13  27  12  38   0 0.51    M    M  3.7 10 150   M    M   8 128    18 150
 4  49  36  43  28  22   0 0.01    M    M  5.6 17 300   M    M   6 18     25 270
 5  37  18  28  13  37   0 0.25    M    M  6.0 18 340   M    M   7 12     25 340
 6  32  14  23   7  42   0 0.00    M    M  4.4 15 290   M    M   5        23 290
 7  31  10  21   5  44   0    T    M    M  5.7 18 310   M    M   4        26 310
 8  21   8  15  -1  50   0    T    M    M  9.7 17  30   M    M   4        24  40
 9  23  16  20   4  45   0 0.06    M    M  6.0 14  10   M    M  10        20  30
10  30   4  17   0  48   0    T    M    M  1.5  8 220   M    M   6 18     13 260
11  27   6  17   0  48   0    T    M    M  8.3 23 300   M    M   8 18     34 310
12  14  -9   3 -14  62   0 0.00    M    M  7.6 23 300   M    M   0 8      31 310
13  16 -12   2 -16  63   0    T    M    M  7.1 24 300   M    M   8 8      37 310
14   4  -9  -2 -20  67   0    T    M    M 13.7 23 300   M    M   3 8      32 310
15  22  -5   9  -9  56   0    T    M    M  5.3 17 290   M    M   2        27 300
16  52  19  36  17  29   0 0.67    M    M  4.2 21 150   M    M  10 16     39 160
17  50  29  40  21  25   0 0.01    M    M 10.1 21 310   M    M   2 18     34 200
18  30  14  22   3  43   0    T    M    M  5.1 18 310   M    M   6        24 310
19  38  10  24   4  41   0 0.00    M    M  3.9 12 280   M    M   1        17 290
20  41  30  36  16  29   0 0.26    M    M  5.2 14 160   M    M  10 1      24 150
21  43  26  35  15  30   0    T    M    M  7.3 20 310   M    M   8 1      28 300
22   M   M   M   M   M   M 0.00    M    M  6.4 16 310   M    M   2        23 320
23  29   5  17  -4  48   0 0.00    M    M  1.7 10 170   M    M   3        15 180
24  32  22  27   5  38   0 0.71    M    M  5.7 16  60   M    M   9 126    20  60
25  52  32  42  20  23   0 0.74    M    M  5.8 15 170   M    M  10 1236   29 160
26  35  13  24   2  41   0 0.01    M    M 14.3 24 310   M    M   6 1      34 310
27  31  10  21  -1  44   0 0.00    M    M  6.9 15 280   M    M   2        24 280
28  32  24  28   5  37   0    T    M    M  6.3 14 310   M    M  10        19 230
29  42  23  33  10  32   0 0.01    M    M  3.6 15 290   M    M   7        21 310
================================================================================
SM  937  395      1146   0  3.24    M    186.5          M      163
================================================================================
AV 33.5 14.1                               6.4 FASTST   M    M   6    MAX(MPH)
                                 MISC ---->  # 26 270               # 41  260
================================================================================
NOTES:
# LAST OF SEVERAL OCCURRENCES

COLUMN 17 PEAK WIND IN M.P.H.

PRELIMINARY LOCAL CLIMATOLOGICAL DATA (WS FORM: F-6) , PAGE 2

                                          STATION:  MILLINOCKET ME
                                          MONTH:    FEBRUARY
                                          YEAR:     2016
                                          LATITUDE:   45 39 N
                                          LONGITUDE:  68 41 W

[TEMPERATURE DATA]      [PRECIPITATION DATA]       SYMBOLS USED IN COLUMN 16

AVERAGE MONTHLY: 23.8   TOTAL FOR MONTH:   3.24    1 = FOG OR MIST
DPTR FM NORMAL:   5.5   DPTR FM NORMAL:    1.06    2 = FOG REDUCING VISIBILITY
HIGHEST:    52 ON 25,16 GRTST 24HR  1.37 ON 24-25      TO 1/4 MILE OR LESS
LOWEST:    -12 ON 13                               3 = THUNDER
                        SNOW, ICE PELLETS, HAIL    4 = ICE PELLETS
                        TOTAL MONTH:    M          5 = HAIL
                        GRTST 24HR    M  ON   M    6 = FREEZING RAIN OR DRIZZLE
                        GRTST DEPTH:  M  ON   M    7 = DUSTSTORM OR SANDSTORM:
                                                       VSBY 1/2 MILE OR LESS
                                                   8 = SMOKE OR HAZE
[NO. OF DAYS WITH]      [WEATHER - DAYS WITH]      9 = BLOWING SNOW
                                                   X = TORNADO
MAX 32 OR BELOW:  15    0.01 INCH OR MORE:  11
MAX 90 OR ABOVE:   0    0.10 INCH OR MORE:   6
MIN 32 OR BELOW:  26    0.50 INCH OR MORE:   4
MIN  0 OR BELOW:   4    1.00 INCH OR MORE:   0

[HDD (BASE 65) ]
TOTAL THIS MO.  1146    CLEAR  (SCALE 0-3)   8
DPTR FM NORMAL  -160    PTCLDY (SCALE 4-7)  14
TOTAL FM JUL 1  4964    CLOUDY (SCALE 8-10)  7
DPTR FM NORMAL -1130

[CDD (BASE 65) ]
TOTAL THIS MO.     0
DPTR FM NORMAL     0    [PRESSURE DATA]
TOTAL FM JAN 1     0    HIGHEST SLP 30.61 ON 23
DPTR FM NORMAL     0    LOWEST  SLP 28.99 ON 25

[REMARKS]
#FINAL-02-16#
