000
CXUS51 KCAR 260232
CF6MLT
PRELIMINARY LOCAL CLIMATOLOGICAL DATA (WS FORM: F-6)

                                          STATION:   MILLINOCKET ME
                                          MONTH:     JUNE
                                          YEAR:      2013
                                          LATITUDE:   45 39 N
                                          LONGITUDE:  68 41 W

  TEMPERATURE IN F:       :PCPN:    SNOW:  WIND      :SUNSHINE: SKY     :PK WND
================================================================================
1   2   3   4   5  6A  6B    7    8   9   10  11  12  13   14  15   16   17  18
                                     12Z  AVG MX 2MIN
DY MAX MIN AVG DEP HDD CDD  WTR  SNW DPTH SPD SPD DIR MIN PSBL S-S WX    SPD DR
================================================================================

 1  91  61  76  18   0  11 0.22    M    M  2.3 17 280   M    M   3 13     28 280
 2  90  65  78  20   0  13 0.58    M    M  3.5 24 290   M    M   2 138    38 250
 3  78  56  67   8   0   2 0.20    M    M  3.3 14 310   M    M   6 1      18 290
 4  65  48  57  -2   8   0    T    M    M  9.4 22 300   M    M   3        31 270
 5  69  45  57  -2   8   0 0.00    M    M  5.4 17 310   M    M   0        25 310
 6  71  45  58  -2   7   0    T    M    M  1.6  7 200   M    M   3        12 200
 7  66  53  60   0   5   0 0.05    M    M  3.6 10 120   M    M  10        15 130
 8  61  52  57  -3   8   0 1.07    M    M  8.5 16  60   M    M  10 18     23  30
 9  65  50  58  -3   7   0 0.07    M    M  2.3  8 350   M    M  10 18     14 170
10  76  48  62   1   3   0 0.00    M    M  1.4  8 220   M    M   0 1      14 200
11  61  54  58  -3   7   0 0.29    M    M  6.7 17  30   M    M   8 1      24  30
12  61  54  58  -4   7   0 0.62    M    M  9.2 17  10   M    M  10 1      25  10
13  71  50  61  -1   4   0 0.00    M    M  4.3 15  60   M    M   2        20  60
14  76  50  63   1   2   0 0.08    M    M  2.1 21 340   M    M   2        32 340
15  73  48  61  -2   4   0 0.01    M    M  6.9 26 310   M    M   3        39 290
16  74  50  62  -1   3   0 0.26    M    M  2.6 10 110   M    M   5 1      14 110
17  76  54  65   2   0   0 0.00    M    M  3.1 13 310   M    M   8        20 260
18  71  50  61  -3   4   0 0.00    M    M  4.4 14 310   M    M   1        29 320
19  74  43  59  -5   6   0 0.00    M    M  3.4 14 340   M    M   2        20 350
20  76  48  62  -2   3   0 0.00    M    M  2.4  8 270   M    M   2        14 200
21  81  50  66   1   0   1    T    M    M  3.4 14 310   M    M   2        18 310
22  76  52  64  -1   1   0 0.07    M    M  1.2  8 260   M    M   2        15 290
23  75  56  66   1   0   1 0.01    M    M  0.6  7 170   M    M   6 1       9 180
24  84  64  74   8   0   9 0.30    M    M  2.7 13 280   M    M   5 138    20 300
25  91  64  78  12   0  13 0.00    M    M  3.4 15 310   M    M   1 3      21 310
26  72  59  66   0   0   1 0.00    M    M  6.4 14  60   M    M   8        18  30
27  62  54  58  -8   7   0 0.05    M    M  5.9 12  60   M    M  10 1      15  60
28  61  54  58  -8   7   0 1.53    M    M  7.3 15  70   M    M  10 1      21  50
29  72  60  66  -1   0   1 0.13    M    M  2.6  8 320   M    M   9 1      13 160
30  82  65  74   7   0   9 0.17    M    M  1.4  8 130   M    M   8 13     14 170
================================================================================
SM 2201 1602       101  61  5.71    M    121.3          M      151
================================================================================
AV 73.4 53.4                               4.0 FASTST   M    M   5    MAX(MPH)
                                 MISC ---->  # 26 310               # 39  290
================================================================================
NOTES:
# LAST OF SEVERAL OCCURRENCES

COLUMN 17 PEAK WIND IN M.P.H.

PRELIMINARY LOCAL CLIMATOLOGICAL DATA (WS FORM: F-6) , PAGE 2

                                          STATION:  MILLINOCKET ME
                                          MONTH:    JUNE
                                          YEAR:     2013
                                          LATITUDE:   45 39 N
                                          LONGITUDE:  68 41 W

[TEMPERATURE DATA]      [PRECIPITATION DATA]       SYMBOLS USED IN COLUMN 16

AVERAGE MONTHLY: 63.4   TOTAL FOR MONTH:   5.71    1 = FOG OR MIST
DPTR FM NORMAL:   0.6   DPTR FM NORMAL:    1.64    2 = FOG REDUCING VISIBILITY
HIGHEST:    91 ON 25, 1 GRTST 24HR  1.56 ON 27-28      TO 1/4 MILE OR LESS
LOWEST:     43 ON 19                               3 = THUNDER
                        SNOW, ICE PELLETS, HAIL    4 = ICE PELLETS
                        TOTAL MONTH:    M          5 = HAIL
                        GRTST 24HR    M  ON   M    6 = FREEZING RAIN OR DRIZZLE
                        GRTST DEPTH:  M  ON   M    7 = DUSTSTORM OR SANDSTORM:
                                                       VSBY 1/2 MILE OR LESS
                                                   8 = SMOKE OR HAZE
[NO. OF DAYS WITH]      [WEATHER - DAYS WITH]      9 = BLOWING SNOW
                                                   X = TORNADO
MAX 32 OR BELOW:   0    0.01 INCH OR MORE:  18
MAX 90 OR ABOVE:   3    0.10 INCH OR MORE:  11
MIN 32 OR BELOW:   0    0.50 INCH OR MORE:   4
MIN  0 OR BELOW:   0    1.00 INCH OR MORE:   2

[HDD (BASE 65) ]
TOTAL THIS MO.   101    CLEAR  (SCALE 0-3)  15
DPTR FM NORMAL   -15    PTCLDY (SCALE 4-7)   7
TOTAL FM JUL 1  7703    CLOUDY (SCALE 8-10)  8
DPTR FM NORMAL  -703

[CDD (BASE 65) ]
TOTAL THIS MO.    61
DPTR FM NORMAL    12    [PRESSURE DATA]
TOTAL FM JAN 1    69    HIGHEST SLP 30.24 ON 20
DPTR FM NORMAL    14    LOWEST  SLP 29.58 ON 12

[REMARKS]
#FINAL-06-13#
