000
CXUS51 KCAR 010600
CF6MLT
PRELIMINARY LOCAL CLIMATOLOGICAL DATA (WS FORM: F-6)

                                          STATION:   MILLINOCKET ME
                                          MONTH:     JUNE
                                          YEAR:      2014
                                          LATITUDE:   45 39 N
                                          LONGITUDE:  68 41 W

  TEMPERATURE IN F:       :PCPN:    SNOW:  WIND      :SUNSHINE: SKY     :PK WND
================================================================================
1   2   3   4   5  6A  6B    7    8   9   10  11  12  13   14  15   16   17  18
                                     12Z  AVG MX 2MIN
DY MAX MIN AVG DEP HDD CDD  WTR  SNW DPTH SPD SPD DIR MIN PSBL S-S WX    SPD DR
================================================================================

 1  78  42  60   2   5   0 0.00    M    M  1.3  9 220   M    M   0        14 220
 2  79  50  65   7   0   0 0.00    M    M  3.9 12 160   M    M   1        18 180
 3  80  54  67   8   0   2    T    M    M  5.9 15 160   M    M   1        24 170
 4  62  50  56  -3   9   0 0.07    M    M  2.4  9 170   M    M   9 18     14 190
 5  64  55  60   1   5   0    T    M    M  4.3 10 330   M    M  10 1      14 330
 6  66  59  63   3   2   0 0.44    M    M  8.0 15 320   M    M   7 1      20 350
 7  83  59  71  11   0   6    T    M    M  6.5 17 350   M    M   4        24 320
 8  88  54  71  11   0   6 0.00    M    M  2.0 10 340   M    M   2        13 310
 9  88  59  74  13   0   9 0.00    M    M  3.8 15 320   M    M   2        22 310
10  67  51  59  -2   6   0 0.36    M    M  3.5 12  30   M    M   5 1      15 330
11  76  45  61   0   4   0 0.00    M    M  2.2  9 100   M    M   0 1      12 140
12  61  52  57  -5   8   0 0.36    M    M  2.5  9 130   M    M   8 1      17 140
13  67  51  59  -3   6   0 0.73    M    M  4.9 16 130   M    M   9 1      26 120
14  68  56  62   0   3   0 0.14    M    M  4.3 12 300   M    M  10 18     19 300
15  71  57  64   1   1   0 0.00    M    M 10.4 24 330   M    M   6        35 330
16  78  55  67   4   0   2 0.00    M    M  6.5 18 330   M    M   0        26  40
17  84  53  69   6   0   4    T    M    M  3.5  9 160   M    M   3        16 190
18  78  60  69   5   0   4 0.90    M    M  7.8 20 310   M    M   7 18     25 320
19  75  50  63  -1   2   0 0.00    M    M  9.9 21 310   M    M   2        30 300
20  61  45  53 -11  12   0    T    M    M  8.3 20 330   M    M   6        25 330
21  72  51  62  -3   3   0 0.00    M    M  5.6 15 290   M    M   4        22 290
22  75  47  61  -4   4   0 0.09    M    M  2.4 16 320   M    M   5 1      20 320
23  81  48  65   0   0   0 0.00    M    M  3.1  9 170   M    M   1        17 160
24  80  57  69   3   0   4 0.11    M    M  4.9 12 180   M    M   6        21 180
25  70  60  65  -1   0   0 0.61    M    M  3.5 10  70   M    M  10 1      16  90
26  66  52  59  -7   6   0 0.76    M    M  6.9 16  40   M    M   9 18     25  30
27  84  46  65  -1   0   0 0.00    M    M  2.7 15  70   M    M   0        19  30
28  87  52  70   4   0   5 0.00    M    M  2.6 12 310   M    M   0        16 310
29  88  55  72   5   0   7 0.00    M    M  2.7  8 260   M    M   0        13 240
30  89  59  74   7   0   9 0.00    M    M  1.7  8 260   M    M   2        14 250
================================================================================
SM 2266 1584        76  58  4.57    M    138.0          M      129
================================================================================
AV 75.5 52.8                               4.6 FASTST   M    M   4    MAX(MPH)
                                 MISC ---->  # 24 330               # 35  330
================================================================================
NOTES:
# LAST OF SEVERAL OCCURRENCES

COLUMN 17 PEAK WIND IN M.P.H.

PRELIMINARY LOCAL CLIMATOLOGICAL DATA (WS FORM: F-6) , PAGE 2

                                          STATION:  MILLINOCKET ME
                                          MONTH:    JUNE
                                          YEAR:     2014
                                          LATITUDE:   45 39 N
                                          LONGITUDE:  68 41 W

[TEMPERATURE DATA]      [PRECIPITATION DATA]       SYMBOLS USED IN COLUMN 16

AVERAGE MONTHLY: 64.2   TOTAL FOR MONTH:   4.57    1 = FOG OR MIST
DPTR FM NORMAL:   1.4   DPTR FM NORMAL:    0.50    2 = FOG REDUCING VISIBILITY
HIGHEST:    89 ON 30    GRTST 24HR  1.18 ON 25-26      TO 1/4 MILE OR LESS
LOWEST:     42 ON  1                               3 = THUNDER
                        SNOW, ICE PELLETS, HAIL    4 = ICE PELLETS
                        TOTAL MONTH:    M          5 = HAIL
                        GRTST 24HR    M  ON   M    6 = FREEZING RAIN OR DRIZZLE
                        GRTST DEPTH:  M  ON   M    7 = DUSTSTORM OR SANDSTORM:
                                                       VSBY 1/2 MILE OR LESS
                                                   8 = SMOKE OR HAZE
[NO. OF DAYS WITH]      [WEATHER - DAYS WITH]      9 = BLOWING SNOW
                                                   X = TORNADO
MAX 32 OR BELOW:   0    0.01 INCH OR MORE:  11
MAX 90 OR ABOVE:   0    0.10 INCH OR MORE:   9
MIN 32 OR BELOW:   0    0.50 INCH OR MORE:   4
MIN  0 OR BELOW:   0    1.00 INCH OR MORE:   0

[HDD (BASE 65) ]
TOTAL THIS MO.    76    CLEAR  (SCALE 0-3)  14
DPTR FM NORMAL   -40    PTCLDY (SCALE 4-7)   9
TOTAL FM JUL 1  8531    CLOUDY (SCALE 8-10)  7
DPTR FM NORMAL   125

[CDD (BASE 65) ]
TOTAL THIS MO.    58
DPTR FM NORMAL     9    [PRESSURE DATA]
TOTAL FM JAN 1    60    HIGHEST SLP 30.33 ON  1
DPTR FM NORMAL     5    LOWEST  SLP 29.62 ON  6

[REMARKS]
#FINAL-06-14#
