000
CXUS51 KCAR 241852
CF6MLT
PRELIMINARY LOCAL CLIMATOLOGICAL DATA (WS FORM: F-6)

                                          STATION:   MILLINOCKET ME
                                          MONTH:     DECEMBER
                                          YEAR:      2013
                                          LATITUDE:   45 39 N
                                          LONGITUDE:  68 41 W

  TEMPERATURE IN F:       :PCPN:    SNOW:  WIND      :SUNSHINE: SKY     :PK WND
================================================================================
1   2   3   4   5  6A  6B    7    8   9   10  11  12  13   14  15   16   17  18
                                     12Z  AVG MX 2MIN
DY MAX MIN AVG DEP HDD CDD  WTR  SNW DPTH SPD SPD DIR MIN PSBL S-S WX    SPD DR
================================================================================

 1  29  22  26  -2  39   0 0.07    M    M  1.4  7  40   M    M   9 1       9  20
 2  33  28  31   3  34   0 0.13    M    M  4.0  9  60   M    M  10 16     12  50
 3  37  33  35   7  30   0 0.03    M    M  3.1 13 300   M    M  10 1      18 310
 4  39  27  33   6  32   0 0.00    M    M 10.6 20 300   M    M   2        29 300
 5  39  21  30   3  35   0 0.02    M    M  2.2  8 160   M    M   7 18     14 150
 6  41  33  37  11  28   0 0.16    M    M  3.7 13 280   M    M   7 18     21 290
 7  34  21  28   2  37   0 0.00    M    M 11.2 21 310   M    M   4        32 280
 8  24  12  18  -8  47   0 0.00    M    M  7.9 20 310   M    M   0 8      27 310
 9  19  12  16  -9  49   0 0.04    M    M  3.5 10 100   M    M   8 18     14 110
10  31  18  25   0  40   0    T    M    M  5.1 15 270   M    M   7 8      22 290
11  25   6  16  -8  49   0    T    M    M  6.2 15 270   M    M   5        25 300
12  14  -1   7 -17  58   0 0.00    M    M  6.2 18 300   M    M   1 8      25 300
13  18  -4   7 -16  58   0    T    M    M  7.7 26 310   M    M   4 18     35 310
14   8  -7   1 -22  64   0 0.00    M    M  4.9 15 300   M    M   1        21 300
15  17   2  10 -13  55   0 0.35    M    M  9.5 20  20   M    M  10 128    31  30
16  16  -1   8 -14  57   0    T    M    M  9.2 20 300   M    M   4 8      28 280
17  10 -11   0 -22  65   0    T    M    M  2.9 12 290   M    M   2 18     17 290
18  22   6  14  -7  51   0 0.01    M    M  4.8 13 290   M    M   6 18     18 290
19  26   8  17  -4  48   0    T    M    M  0.6  5 160   M    M  10 18      7 200
20  26  16  21   0  44   0 0.14    M    M  4.6  9  40   M    M  10 12     13  20
21  25  16  21   1  44   0 0.06    M    M  3.4 12  20   M    M  10 126    16  10
22  24  18  21   1  44   0 0.64    M    M  8.3 15  30   M    M  10 16     21  30
23  25  21  23   3  42   0 0.11    M    M  2.3  8 350   M    M  10 16     10 360
24  28   9  19   0  46   0 0.00    M    M  8.0 17 300   M    M   8        24 290
25  15  -4   6 -13  59   0    T    M    M  5.6 15 300   M    M   3 18     21 300
26  17  -4   7 -11  58   0 0.21    M    M  1.2  8 300   M    M   5 18     12 290
27  26   7  17  -1  48   0    T    M    M  4.0 14 310   M    M   7 1      17 300
28  33   9  21   3  44   0 0.00    M    M  1.8  8 230   M    M   8 1      15 230
29  30  13  22   5  43   0 0.23    M    M  6.0 17  60   M    M  10 1      21  60
30  30   1  16  -1  49   0 0.04    M    M  8.5 24 290   M    M   6 19     36 290
31   7 -11  -2 -19  67   0    T    M    M  4.1 20 300   M    M   3 18     28 320
================================================================================
SM  768  316      1464   0  2.24    M    162.5          M      197
================================================================================
AV 24.8 10.2                               5.2 FASTST   M    M   6    MAX(MPH)
                                 MISC ---->  # 26 310               # 36  290
================================================================================
NOTES:
# LAST OF SEVERAL OCCURRENCES

COLUMN 17 PEAK WIND IN M.P.H.

PRELIMINARY LOCAL CLIMATOLOGICAL DATA (WS FORM: F-6) , PAGE 2

                                          STATION:  MILLINOCKET ME
                                          MONTH:    DECEMBER
                                          YEAR:     2013
                                          LATITUDE:   45 39 N
                                          LONGITUDE:  68 41 W

[TEMPERATURE DATA]      [PRECIPITATION DATA]       SYMBOLS USED IN COLUMN 16

AVERAGE MONTHLY: 17.5   TOTAL FOR MONTH:   2.24    1 = FOG OR MIST
DPTR FM NORMAL:  -4.9   DPTR FM NORMAL:   -1.29    2 = FOG REDUCING VISIBILITY
HIGHEST:    41 ON  6    GRTST 24HR  0.64 ON 22-22      TO 1/4 MILE OR LESS
LOWEST:    -11 ON 31,17                            3 = THUNDER
                        SNOW, ICE PELLETS, HAIL    4 = ICE PELLETS
                        TOTAL MONTH:    M          5 = HAIL
                        GRTST 24HR    M  ON   M    6 = FREEZING RAIN OR DRIZZLE
                        GRTST DEPTH:  M  ON   M    7 = DUSTSTORM OR SANDSTORM:
                                                       VSBY 1/2 MILE OR LESS
                                                   8 = SMOKE OR HAZE
[NO. OF DAYS WITH]      [WEATHER - DAYS WITH]      9 = BLOWING SNOW
                                                   X = TORNADO
MAX 32 OR BELOW:  24    0.01 INCH OR MORE:  15
MAX 90 OR ABOVE:   0    0.10 INCH OR MORE:   8
MIN 32 OR BELOW:  29    0.50 INCH OR MORE:   1
MIN  0 OR BELOW:   8    1.00 INCH OR MORE:   0

[HDD (BASE 65) ]
TOTAL THIS MO.  1464    CLEAR  (SCALE 0-3)   6
DPTR FM NORMAL   142    PTCLDY (SCALE 4-7)  14
TOTAL FM JUL 1  3156    CLOUDY (SCALE 8-10) 11
DPTR FM NORMAL    -9

[CDD (BASE 65) ]
TOTAL THIS MO.     0
DPTR FM NORMAL     0    [PRESSURE DATA]
TOTAL FM JAN 1   380    HIGHEST SLP M ON M
DPTR FM NORMAL   112    LOWEST  SLP 29.52 ON 15

[REMARKS]
#FINAL-12-13#
