000
CXUS51 KCAR 211456
CF6MLT
PRELIMINARY LOCAL CLIMATOLOGICAL DATA (WS FORM: F-6)

                                          STATION:   MILLINOCKET ME
                                          MONTH:     MAY
                                          YEAR:      2013
                                          LATITUDE:   45 39 N
                                          LONGITUDE:  68 41 W

  TEMPERATURE IN F:       :PCPN:    SNOW:  WIND      :SUNSHINE: SKY     :PK WND
================================================================================
1   2   3   4   5  6A  6B    7    8   9   10  11  12  13   14  15   16   17  18
                                     12Z  AVG MX 2MIN
DY MAX MIN AVG DEP HDD CDD  WTR  SNW DPTH SPD SPD DIR MIN PSBL S-S WX    SPD DR
================================================================================

 1  78  35  57   9   8   0 0.00    M    M  2.1 13  90   M    M   1        16 120
 2  68  43  56   7   9   0 0.00    M    M  6.2 17  80   M    M   4        22  90
 3  70  36  53   4  12   0 0.00    M    M  4.2 14  80   M    M   0        22  50
 4  72  35  54   4  11   0 0.00    M    M  2.7 10  80   M    M   0        15 190
 5  77  37  57   7   8   0 0.00    M    M  3.4 12 160   M    M   0        17 160
 6  77  40  59   9   6   0 0.00    M    M  4.6 14 170   M    M   0        23 160
 7  83  43  63  12   2   0 0.00    M    M  4.4 12 190   M    M   1        24 180
 8  80  46  63  12   2   0 0.00    M    M  4.2 14 170   M    M   2 12     26 160
 9  65  57  61  10   4   0 0.04    M    M  3.7  9 170   M    M  10 1      17 140
10  73  55  64  12   1   0 0.30    M    M  0.7 17 320   M    M   9 13     24 310
11  59  52  56   4   9   0 0.35    M    M  4.5 12 120   M    M  10 1      18 110
12  59  46  53   1  12   0 0.24    M    M  4.2 17 300   M    M  10 1      28 300
13  54  35  45  -7  20   0 0.00    M    M  4.4 13 260   M    M   6        23 240
14  52  30  41 -12  24   0 0.00    M    M  3.0 12 310   M    M   4        15 330
15  65  31  48  -5  17   0 0.12    M    M  4.9 16 160   M    M   2 1      24 160
16  69  48  59   6   6   0    T    M    M  6.1 22 310   M    M   7 13     30 290
17  60  42  51  -3  14   0    T    M    M  7.4 20 330   M    M  10        24 360
18  64  35  50  -4  15   0 0.00    M    M  3.4 12  80   M    M   5        17  20
19  68  39  54   0  11   0 0.00    M    M  2.9 10 160   M    M   5 1      17 190
20  61  47  54  -1  11   0 0.57    M    M  3.9  7 160   M    M  10 1      16 160
21  60  51  56   1   9   0 0.05    M    M  1.7  7 150   M    M   8 12     12 180
22  55  49  52  -3  13   0 0.45    M    M  5.1 12 120   M    M  10 1      15 130
23  66  48  57   2   8   0 0.12    M    M  4.2 10 170   M    M  10 1      18 190
24  65  46  56   0   9   0 1.12    M    M  5.4 10 350   M    M  10 1      22  20
25  47  43  45 -11  20   0 0.74    M    M   M  31  40   M    M   M        20  40
26  53  43  48  -8  17   0 0.41    M    M   M  12  20   M    M   M        16  20
27  57  36  47 -10  18   0 0.00    M    M  6.6 28 300   M    M   M         M 330
28  74  32  53  -4  12   0 0.00    M    M  1.9  8 220   M    M   0 12     13 160
29  68  40  54  -3  11   0 0.26    M    M  3.5 13 160   M    M   5 1      22 130
30  79  53  66   8   0   1 0.01    M    M  2.7 21 310   M    M   6 1      28 310
31  89  55  72  14   0   7    T    M    M  3.6 18 360   M    M   1 13     24  10
================================================================================
SM 2067 1328       319   8  4.78    M    115.6          M      146
================================================================================
AV 66.7 42.8                               4.0 FASTST   M    M   5    MAX(MPH)
                                 MISC ---->  # 31  40               # 30  290
================================================================================
NOTES:
# LAST OF SEVERAL OCCURRENCES

COLUMN 17 PEAK WIND IN M.P.H.

PRELIMINARY LOCAL CLIMATOLOGICAL DATA (WS FORM: F-6) , PAGE 2

                                          STATION:  MILLINOCKET ME
                                          MONTH:    MAY
                                          YEAR:     2013
                                          LATITUDE:   45 39 N
                                          LONGITUDE:  68 41 W

[TEMPERATURE DATA]      [PRECIPITATION DATA]       SYMBOLS USED IN COLUMN 16

AVERAGE MONTHLY: 54.8   TOTAL FOR MONTH:   4.78    1 = FOG OR MIST
DPTR FM NORMAL:   1.5   DPTR FM NORMAL:    1.44    2 = FOG REDUCING VISIBILITY
HIGHEST:    89 ON 31    GRTST 24HR  1.18 ON 23-24      TO 1/4 MILE OR LESS
LOWEST:     30 ON 14                               3 = THUNDER
                        SNOW, ICE PELLETS, HAIL    4 = ICE PELLETS
                        TOTAL MONTH:    M          5 = HAIL
                        GRTST 24HR    M  ON   M    6 = FREEZING RAIN OR DRIZZLE
                        GRTST DEPTH:  M  ON   M    7 = DUSTSTORM OR SANDSTORM:
                                                       VSBY 1/2 MILE OR LESS
                                                   8 = SMOKE OR HAZE
[NO. OF DAYS WITH]      [WEATHER - DAYS WITH]      9 = BLOWING SNOW
                                                   X = TORNADO
MAX 32 OR BELOW:   0    0.01 INCH OR MORE:  14
MAX 90 OR ABOVE:   0    0.10 INCH OR MORE:  11
MIN 32 OR BELOW:   3    0.50 INCH OR MORE:   3
MIN  0 OR BELOW:   0    1.00 INCH OR MORE:   1

[HDD (BASE 65) ]
TOTAL THIS MO.   319    CLEAR  (SCALE 0-3)  10
DPTR FM NORMAL   -50    PTCLDY (SCALE 4-7)   8
TOTAL FM JUL 1  7602    CLOUDY (SCALE 8-10) 10
DPTR FM NORMAL  -688

[CDD (BASE 65) ]
TOTAL THIS MO.     8
DPTR FM NORMAL     2    [PRESSURE DATA]
TOTAL FM JAN 1     8    HIGHEST SLP 30.62 ON  3
DPTR FM NORMAL     2    LOWEST  SLP 29.54 ON 16

[REMARKS]
#FINAL-05-13#
