000
CXUS51 KCAR 010700
CF6MLT
PRELIMINARY LOCAL CLIMATOLOGICAL DATA (WS FORM: F-6)
STATION: MILLINOCKET ME
MONTH: DECEMBER
YEAR: 2022
LATITUDE: 45 39 N
LONGITUDE: 68 41 W
TEMPERATURE IN F: :PCPN: SNOW: WIND :SUNSHINE: SKY :PK WND
================================================================================
1 2 3 4 5 6A 6B 7 8 9 10 11 12 13 14 15 16 17 18
12Z AVG MX 2MIN
DY MAX MIN AVG DEP HDD CDD WTR SNW DPTH SPD SPD DIR MIN PSBL S-S WX SPD DR
================================================================================
1 38 26 32 4 33 0 T M M 9.7 29 300 M M 7 18 46 290
2 33 23 28 0 37 0 0.00 M M 6.2 17 280 M M 4 8 31 260
3 52 30 41 13 24 0 0.58 M M 7.4 20 290 M M 9 1 37 280
4 41 20 31 4 34 0 0.00 M M 9.2 21 290 M M 5 37 260
5 42 20 31 4 34 0 0.00 M M 3.1 12 170 M M 3 24 190
6 46 32 39 13 26 0 0.00 M M 4.4 10 130 M M 6 18 170
7 50 38 44 18 21 0 1.25 M M 2.6 8 80 M M 10 1 11 190
8 46 30 38 12 27 0 T M M 6.9 17 330 M M 6 12 23 340
9 37 17 27 2 38 0 0.00 M M 11.7 22 350 M M 0 34 20
10 25 14 20 -5 45 0 0.00 M M 9.8 17 10 M M 0 27 360
11 22 9 16 -8 49 0 0.00 M M 3.0 9 30 M M 0 15 10
12 26 11 19 -5 46 0 0.00 M M 5.3 13 310 M M 0 18 310
13 27 14 21 -3 44 0 T M M 7.3 14 300 M M 6 1 21 340
14 40 16 28 4 37 0 T M M 14.3 30 340 M M 10 18 47 330
15 40 30 35 12 30 0 0.00 M M 10.8 17 80 M M 9 27 40
16 33 29 31 8 34 0 0.03 M M 8.6 16 80 M M 10 1 22 70
17 33 31 32 9 33 0 0.44 M M 9.3 16 50 M M 10 12 25 10
18 M 29 M M M M M M M 4.8 10 310 M M 10 1 16 300
19 32 28 30 8 35 0 T M M 10.5 18 310 M M 10 1 30 290
20 34 28 31 9 34 0 T M M 7.4 15 360 M M 7 23 340
21 29 16 23 2 42 0 0.00 M M 2.6 8 290 M M 9 14 280
22 26 9 18 -3 47 0 0.00 M M 2.0 8 50 M M 3 1 11 60
23 51 22 37 16 28 0 0.88 M M 16.0 30 100 M M 9 16 49 90
24 34 16 25 5 40 0 0.01 M M 5.5 17 170 M M 6 128 38 150
25 20 13 17 -3 48 0 0.00 M M 3.8 9 220 M M 7 19 250
26 26 17 22 2 43 0 0.00 M M 5.7 18 260 M M 8 32 260
27 28 10 19 -1 46 0 T M M 3.7 15 270 M M 6 1 26 260
28 25 8 17 -2 48 0 T M M 0.4 7 170 M M 8 1 11 170
29 31 23 27 8 38 0 T M M 1.2 7 130 M M 9 1 10 120
30 46 30 38 19 27 0 T M M 1.3 7 160 M M 9 13 160
31 47 33 40 22 25 0 T M M 1.8 6 170 M M 7 1 10 180
================================================================================
SM 1060 672 1093 0 3.19 M 196.3 M 203
================================================================================
AV 35.3 21.7 6.3 FASTST M M 7 MAX(MPH)
MISC ----> # 30 340 49 90
================================================================================
NOTES:
# LAST OF SEVERAL OCCURRENCES
COLUMN 17 PEAK WIND IN M.P.H.
PRELIMINARY LOCAL CLIMATOLOGICAL DATA (WS FORM: F-6) , PAGE 2
STATION: MILLINOCKET ME
MONTH: DECEMBER
YEAR: 2022
LATITUDE: 45 39 N
LONGITUDE: 68 41 W
[TEMPERATURE DATA] [PRECIPITATION DATA] SYMBOLS USED IN COLUMN 16
AVERAGE MONTHLY: 28.5 TOTAL FOR MONTH: 3.19 1 = FOG OR MIST
DPTR FM NORMAL: 5.5 DPTR FM NORMAL: -0.26 2 = FOG REDUCING VISIBILITY
HIGHEST: 52 ON 3 GRTST 24HR 1.25 ON 7- 7 TO 1/4 MILE OR LESS
LOWEST: 8 ON 28 3 = THUNDER
SNOW, ICE PELLETS, HAIL 4 = ICE PELLETS
TOTAL MONTH: M 5 = HAIL
GRTST 24HR M ON M 6 = FREEZING RAIN OR DRIZZLE
GRTST DEPTH: M ON M 7 = DUSTSTORM OR SANDSTORM:
VSBY 1/2 MILE OR LESS
8 = SMOKE OR HAZE
[NO. OF DAYS WITH] [WEATHER - DAYS WITH] 9 = BLOWING SNOW
X = TORNADO
MAX 32 OR BELOW: 12 0.01 INCH OR MORE: 6
MAX 90 OR ABOVE: 0 0.10 INCH OR MORE: 4
MIN 32 OR BELOW: 29 0.50 INCH OR MORE: 3
MIN 0 OR BELOW: 0 1.00 INCH OR MORE: 1
[HDD (BASE 65) ]
TOTAL THIS MO. 1093 CLEAR (SCALE 0-3) 6
DPTR FM NORMAL -207 PTCLDY (SCALE 4-7) 12
TOTAL FM JUL 1 2556 CLOUDY (SCALE 8-10) 13
DPTR FM NORMAL -544
[CDD (BASE 65) ]
TOTAL THIS MO. 0
DPTR FM NORMAL 0 [PRESSURE DATA]
TOTAL FM JAN 1 367 HIGHEST SLP 30.62 ON 10
DPTR FM NORMAL 74 LOWEST SLP 28.94 ON 23
[REMARKS]
#FINAL-12-22#