000
CXUS51 KCAR 010545
CF6MLT
PRELIMINARY LOCAL CLIMATOLOGICAL DATA (WS FORM: F-6)

                                          STATION:   MILLINOCKET ME
                                          MONTH:     NOVEMBER
                                          YEAR:      2011
                                          LATITUDE:   45 39 N
                                          LONGITUDE:  68 41 W

  TEMPERATURE IN F:       :PCPN:    SNOW:  WIND      :SUNSHINE: SKY     :PK WND
================================================================================
1   2   3   4   5  6A  6B    7    8   9   10  11  12  13   14  15   16   17  18
                                     12Z  AVG MX 2MIN
DY MAX MIN AVG DEP HDD CDD  WTR  SNW DPTH SPD SPD DIR MIN PSBL S-S WX    SPD DR
================================================================================

 1  52  28  40   0  25   0 0.00    M    M  1.5 10 160   M    M   2 1      17 160
 2  54  26  40   0  25   0 0.00    M    M  2.2  9 190   M    M   0 1      15 190
 3  56  37  47   7  18   0    T    M    M  3.8 15 300   M    M   5 1      21 300
 4  44  33  39   0  26   0 0.02    M    M  9.2 23 340   M    M   5        31 320
 5  45  26  36  -3  29   0 0.00    M    M  3.9 14 330   M    M   1        21 340
 6  57  23  40   2  25   0 0.00    M    M  2.0 13 260   M    M   0        17 270
 7  61  25  43   5  22   0 0.00    M    M  1.4  9 170   M    M   1 8      15 150
 8  61  32  47   9  18   0 0.00    M    M  3.5 15 300   M    M   1        21 300
 9  59  42  51  14  14   0 0.00    M    M  1.7  8 150   M    M   6 1      12 110
10  60  48  54  17  11   0 0.30    M    M  4.2 10 170   M    M  10 18     17 160
11  55  35  45   8  20   0 0.32    M    M 12.2 22 280   M    M   9 1      38 280
12  46  34  40   4  25   0    T    M    M  6.5 22 290   M    M   9        33 270
13  53  31  42   6  23   0 0.00    M    M  3.1 12 170   M    M   3        20 170
14  58  45  52  17  13   0 0.00    M    M  3.2  9 180   M    M   5        18 210
15  57  32  45  10  20   0    T    M    M  3.4 13 290   M    M   5 1      22 280
16  56  28  42   7  23   0 0.01    M    M  1.9 10 180   M    M   3 1      17 190
17  49  35  42   8  23   0 0.01    M    M  7.9 23 310   M    M   4 1      29 310
18  39  24  32  -2  33   0    T    M    M  4.6 21 300   M    M   3        29 300
19  43  27  35   2  30   0 0.00    M    M  1.9  9 170   M    M   5        18 190
20  50  28  39   6  26   0 0.01    M    M  5.9 18 300   M    M   5        26 310
21  37  17  27  -6  38   0 0.00    M    M  3.3 13 310   M    M   1 18     16 340
22  37  13  25  -7  40   0 0.00    M    M  0.8  9 320   M    M   0 18     13 310
23  26  22  24  -8  41   0 0.38    M    M  6.7 16  30   M    M   9 128    25  30
24  34  20  27  -4  38   0 0.00    M    M  2.9 15 330   M    M   7        18 350
25  47  33  40   9  25   0 0.00    M    M  2.2  8 230   M    M   6        14 230
26  50  37  44  14  21   0 0.00    M    M  4.4 13 290   M    M   7        20 300
27  45  35  40  10  25   0    T    M    M  3.1 10 120   M    M  10 1      16 130
28  53  32  43  13  22   0 0.01    M    M  5.7 16 260   M    M   7 1      28 240
29  47  29  38   9  27   0    T    M    M  0.5  8 170   M    M   8 1      13 180
30  62  42  52  23  13   0 0.61    M    M  5.4 17 160   M    M   9 1      36 170
================================================================================
SM 1493  919       739   0  1.67    M    119.0          M      146
================================================================================
AV 49.8 30.6                               4.0 FASTST   M    M   5    MAX(MPH)
                                 MISC ---->  # 23 340               # 38  280
================================================================================
NOTES:
# LAST OF SEVERAL OCCURRENCES

COLUMN 17 PEAK WIND IN M.P.H.

PRELIMINARY LOCAL CLIMATOLOGICAL DATA (WS FORM: F-6) , PAGE 2

                                          STATION:  MILLINOCKET ME
                                          MONTH:    NOVEMBER
                                          YEAR:     2011
                                          LATITUDE:   45 39 N
                                          LONGITUDE:  68 41 W

[TEMPERATURE DATA]      [PRECIPITATION DATA]       SYMBOLS USED IN COLUMN 16

AVERAGE MONTHLY: 40.2   TOTAL FOR MONTH:   1.67    1 = FOG OR MIST
DPTR FM NORMAL:   5.5   DPTR FM NORMAL:   -2.76    2 = FOG REDUCING VISIBILITY
HIGHEST:    62 ON 30    GRTST 24HR  0.61 ON 30-30      TO 1/4 MILE OR LESS
LOWEST:     13 ON 22                               3 = THUNDER
                        SNOW, ICE PELLETS, HAIL    4 = ICE PELLETS
                        TOTAL MONTH:    M          5 = HAIL
                        GRTST 24HR    M  ON   M    6 = FREEZING RAIN OR DRIZZLE
                        GRTST DEPTH:  M  ON   M    7 = DUSTSTORM OR SANDSTORM:
                                                       VSBY 1/2 MILE OR LESS
                                                   8 = SMOKE OR HAZE
[NO. OF DAYS WITH]      [WEATHER - DAYS WITH]      9 = BLOWING SNOW
                                                   X = TORNADO
MAX 32 OR BELOW:   1    0.01 INCH OR MORE:   9
MAX 90 OR ABOVE:   0    0.10 INCH OR MORE:   4
MIN 32 OR BELOW:  18    0.50 INCH OR MORE:   1
MIN  0 OR BELOW:   0    1.00 INCH OR MORE:   0

[HDD (BASE 65) ]
TOTAL THIS MO.   739    CLEAR  (SCALE 0-3)   9
DPTR FM NORMAL  -170    PTCLDY (SCALE 4-7)  15
TOTAL FM JUL 1  1385    CLOUDY (SCALE 8-10)  6
DPTR FM NORMAL  -458

[CDD (BASE 65) ]
TOTAL THIS MO.     0
DPTR FM NORMAL     0    [PRESSURE DATA]
TOTAL FM JAN 1   349    HIGHEST SLP M ON M
DPTR FM NORMAL    81    LOWEST  SLP 29.23 ON 11

[REMARKS]
#FINAL-11-11#
