000
CXUS51 KCAR 310545
CF6MLT
PRELIMINARY LOCAL CLIMATOLOGICAL DATA (WS FORM: F-6)

                                          STATION:   MILLINOCKET ME
                                          MONTH:     DECEMBER
                                          YEAR:      2011
                                          LATITUDE:   45 39 N
                                          LONGITUDE:  68 41 W

  TEMPERATURE IN F:       :PCPN:    SNOW:  WIND      :SUNSHINE: SKY     :PK WND
================================================================================
1   2   3   4   5  6A  6B    7    8   9   10  11  12  13   14  15   16   17  18
                                     12Z  AVG MX 2MIN
DY MAX MIN AVG DEP HDD CDD  WTR  SNW DPTH SPD SPD DIR MIN PSBL S-S WX    SPD DR
================================================================================

 1  44  26  35   7  30   0 0.00    M    M  5.1 18 310   M    M   1        26 310
 2  34  21  28   0  37   0 0.02    M    M  1.0  7 140   M    M   6 1      10 180
 3  35  21  28   0  37   0 0.00    M    M  2.6  9 350   M    M   4 1      14  10
 4  46  25  36   9  29   0    T    M    M  3.6 14 180   M    M   2        24 220
 5  49  37  43  16  22   0    T    M    M  2.2  8 210   M    M   7 1      16 220
 6  43  34  39  13  26   0 0.08    M    M  3.2 12  30   M    M  10 1      17  30
 7  36  34  35   9  30   0 0.28    M    M  4.2  8  40   M    M  10 1      12  50
 8  35  22  29   3  36   0 0.43    M    M 10.1 31 290   M    M   6 1      44 300
 9  37  25  31   6  34   0    T    M    M  2.9  9 210   M    M   7        18 230
10  36  16  26   1  39   0    T    M    M  5.0 20 310   M    M   6 8      26 310
11  30  15  23  -1  42   0 0.00    M    M  5.3 17 300   M    M   0        24 290
12  43  19  31   7  34   0 0.00    M    M  0.8  6 150   M    M   0 1      12 230
13  39  16  28   5  37   0 0.00    M    M  2.1 13 300   M    M   4 18     18 290
14  35  23  29   6  36   0 0.00    M    M  2.3  8  30   M    M   8        12  10
15  45  29  37  14  28   0 0.51    M    M  6.7 15 160   M    M  10 12     24 180
16  45  28  37  15  28   0    T    M    M  9.8 24 290   M    M   7        38 290
17  28  12  20  -2  45   0    T    M    M  7.9 15 330   M    M   6        22 290
18  18   3  11 -10  54   0 0.00    M    M  4.4 12 350   M    M   0 18     16 360
19  30   2  16  -5  49   0    T    M    M  2.4 14 170   M    M   5 18     20 170
20  32  13  23   2  42   0    T    M    M  9.8 22 310   M    M   3        32 310
21  33  11  22   2  43   0 0.26    M    M  1.5  7 310   M    M   7 16     10 170
22  38  33  36  16  29   0 0.01    M    M  4.0 16 300   M    M   9 18     23 300
23  34  14  24   4  41   0 0.17    M    M  3.4 16 350   M    M  10 18     23 350
24  14  -5   5 -14  60   0    T    M    M  5.0 14  40   M    M   2 18     17  40
25  16  -6   5 -14  60   0 0.05    M    M  0.8  6 160   M    M   5 18      9 150
26  29  12  21   3  44   0    T    M    M  4.6 18 310   M    M   5 1      24 310
27  34  14  24   6  41   0 0.10    M    M  3.1  8 180   M    M   2 16     14 160
28  52  16  34  16  31   0 0.47    M    M 11.5 29 290   M    M  10 1      44 290
29  20  10  15  -2  50   0    T    M    M 12.3 25 300   M    M   3        39 310
30  28   9  19   2  46   0    T    M    M  4.1 14 300   M    M   3        22 290
================================================================================
SM 1038  529      1160   0  2.38    M    141.7          M      158
================================================================================
AV 34.6 17.6                               4.7 FASTST   M    M   5    MAX(MPH)
                                 MISC ---->  # 31 290               # 44  300
================================================================================
NOTES:
# LAST OF SEVERAL OCCURRENCES

COLUMN 17 PEAK WIND IN M.P.H.

PRELIMINARY LOCAL CLIMATOLOGICAL DATA (WS FORM: F-6) , PAGE 2

                                          STATION:  MILLINOCKET ME
                                          MONTH:    DECEMBER
                                          YEAR:     2011
                                          LATITUDE:   45 39 N
                                          LONGITUDE:  68 41 W

[TEMPERATURE DATA]      [PRECIPITATION DATA]       SYMBOLS USED IN COLUMN 16

AVERAGE MONTHLY: 26.1   TOTAL FOR MONTH:   2.38    1 = FOG OR MIST
DPTR FM NORMAL:   3.6   DPTR FM NORMAL:   -1.08    2 = FOG REDUCING VISIBILITY
HIGHEST:    52 ON 28    GRTST 24HR  0.71 ON  7- 8      TO 1/4 MILE OR LESS
LOWEST:     -6 ON 25                               3 = THUNDER
                        SNOW, ICE PELLETS, HAIL    4 = ICE PELLETS
                        TOTAL MONTH:    M          5 = HAIL
                        GRTST 24HR    M  ON   M    6 = FREEZING RAIN OR DRIZZLE
                        GRTST DEPTH:  M  ON   M    7 = DUSTSTORM OR SANDSTORM:
                                                       VSBY 1/2 MILE OR LESS
                                                   8 = SMOKE OR HAZE
[NO. OF DAYS WITH]      [WEATHER - DAYS WITH]      9 = BLOWING SNOW
                                                   X = TORNADO
MAX 32 OR BELOW:  10    0.01 INCH OR MORE:  11
MAX 90 OR ABOVE:   0    0.10 INCH OR MORE:   7
MIN 32 OR BELOW:  26    0.50 INCH OR MORE:   1
MIN  0 OR BELOW:   2    1.00 INCH OR MORE:   0

[HDD (BASE 65) ]
TOTAL THIS MO.  1160    CLEAR  (SCALE 0-3)   9
DPTR FM NORMAL  -115    PTCLDY (SCALE 4-7)  14
TOTAL FM JUL 1  2545    CLOUDY (SCALE 8-10)  7
DPTR FM NORMAL  -573

[CDD (BASE 65) ]
TOTAL THIS MO.     0
DPTR FM NORMAL     0    [PRESSURE DATA]
TOTAL FM JAN 1   349    HIGHEST SLP M ON M
DPTR FM NORMAL    81    LOWEST  SLP 29.04 ON 28

[REMARKS]
