000
CXUS51 KCAR 010545
CF6MLT
PRELIMINARY LOCAL CLIMATOLOGICAL DATA (WS FORM: F-6)

                                          STATION:   MILLINOCKET ME
                                          MONTH:     OCTOBER
                                          YEAR:      2012
                                          LATITUDE:   45 39 N
                                          LONGITUDE:  68 41 W

  TEMPERATURE IN F:       :PCPN:    SNOW:  WIND      :SUNSHINE: SKY     :PK WND
================================================================================
1   2   3   4   5  6A  6B    7    8   9   10  11  12  13   14  15   16   17  18
                                     12Z  AVG MX 2MIN
DY MAX MIN AVG DEP HDD CDD  WTR  SNW DPTH SPD SPD DIR MIN PSBL S-S WX    SPD DR
================================================================================

 1  61  49  55   4  10   0 0.08    M    M  2.7  9 250   M    M   7 1      17 180
 2  73  53  63  13   2   0 0.00    M    M  5.1 15 310   M    M   4        24 270
 3  73  47  60  10   5   0 0.00    M    M  1.6  8  10   M    M   3 1      12  60
 4  62  51  57   7   8   0 0.48    M    M  2.3  8  50   M    M  10 1      10 170
 5  69  51  60  11   5   0 0.14    M    M  2.3  8 190   M    M   8 1      13 220
 6  69  45  57   8   8   0 0.62    M    M  5.2 22 320   M    M   8 1      30 320
 7  54  39  47  -1  18   0 0.11    M    M  4.2 14 310   M    M   6 1      21 280
 8  53  31  42  -6  23   0 0.22    M    M  5.5 21 310   M    M   3 1      25 290
 9  55  28  42  -6  23   0 0.00    M    M  1.8 12  90   M    M   1        14 120
10  55  31  43  -4  22   0 0.62    M    M  2.7 20 300   M    M   8 1      33 290
11  51  36  44  -3  21   0    T    M    M  9.8 25 290   M    M   4        38 270
12  48  35  42  -5  23   0    T    M    M  8.2 24 330   M    M   7        32 320
13  46  30  38  -8  27   0 0.00    M    M  7.0 20 300   M    M   0        28 310
14  41  33  37  -9  28   0 0.17    M    M  1.0  6  30   M    M  10 1      10 200
15  60  40  50   4  15   0 0.41    M    M  2.1 14 300   M    M  10 123    21 310
16  54  43  49   4  16   0 0.45    M    0  8.3 21 290   M    M   9 1      35 290
17  57  33  45   0  20   0 0.00    M    0  5.8 16 300   M    M   0        25 280
18  61  30  46   1  19   0 0.00    M    M  1.0  8 150   M    M   0        13 160
19  60  38  49   5  16   0 0.18    M    M  4.5 14 120   M    M   9 12     20 120
20  65  56  61  17   4   0 0.50    M    M  5.5 12 100   M    M   9 1      17 290
21  60  50  55  11  10   0    T    M    M  7.3 14 290   M    M   7        21 260
22  56  46  51   8  14   0    T    M    M  9.1 18 310   M    M   7 8      28 300
23  54  36  45   2  20   0 0.00    M    M  7.3 17 320   M    M   1        22 330
24  56  29  43   0  22   0 0.00    M    M  3.1 12 300   M    M   0        15 290
25  54  25  40  -2  25   0 0.00    M    M  0.3  6  90   M    M   0 1       8  40
26  58  30  44   2  21   0 0.00    M    M  1.3  8 130   M    M   1 1      10 150
27  66  40  53  11  12   0 0.00    M    M  0.3  6  90   M    M   6 12      9  90
28  54  38  46   4  19   0 0.02    M    M  5.0 13  60   M    M   6 18     17  60
29  59  50  55  14  10   0 0.11    M    M 12.6 23  90   M    M  10 1      29  90
30  63  54  59  18   6   0 1.66    M    M 11.1 23  90   M    M  10 13     32 100
31  64  52  58  18   7   0 0.36    M    M  6.3 17 100   M    M   9 1      25  90
================================================================================
SM 1811 1249       479   0  6.13    M    150.3          M      173
================================================================================
AV 58.4 40.3                               4.8 FASTST   M    M   6    MAX(MPH)
                                 MISC ---->  # 25 290               # 38  270
================================================================================
NOTES:
# LAST OF SEVERAL OCCURRENCES

COLUMN 17 PEAK WIND IN M.P.H.

PRELIMINARY LOCAL CLIMATOLOGICAL DATA (WS FORM: F-6) , PAGE 2

                                          STATION:  MILLINOCKET ME
                                          MONTH:    OCTOBER
                                          YEAR:     2012
                                          LATITUDE:   45 39 N
                                          LONGITUDE:  68 41 W

[TEMPERATURE DATA]      [PRECIPITATION DATA]       SYMBOLS USED IN COLUMN 16

AVERAGE MONTHLY: 49.4   TOTAL FOR MONTH:   6.13    1 = FOG OR MIST
DPTR FM NORMAL:   4.0   DPTR FM NORMAL:    2.06    2 = FOG REDUCING VISIBILITY
HIGHEST:    73 ON  3, 2 GRTST 24HR  1.87 ON 30-31      TO 1/4 MILE OR LESS
LOWEST:     25 ON 25                               3 = THUNDER
                        SNOW, ICE PELLETS, HAIL    4 = ICE PELLETS
                        TOTAL MONTH:    M          5 = HAIL
                        GRTST 24HR    M  ON   M    6 = FREEZING RAIN OR DRIZZLE
                        GRTST DEPTH:   0           7 = DUSTSTORM OR SANDSTORM:
                                                       VSBY 1/2 MILE OR LESS
                                                   8 = SMOKE OR HAZE
[NO. OF DAYS WITH]      [WEATHER - DAYS WITH]      9 = BLOWING SNOW
                                                   X = TORNADO
MAX 32 OR BELOW:   0    0.01 INCH OR MORE:  16
MAX 90 OR ABOVE:   0    0.10 INCH OR MORE:  14
MIN 32 OR BELOW:   8    0.50 INCH OR MORE:   4
MIN  0 OR BELOW:   0    1.00 INCH OR MORE:   1

[HDD (BASE 65) ]
TOTAL THIS MO.   479    CLEAR  (SCALE 0-3)   8
DPTR FM NORMAL  -127    PTCLDY (SCALE 4-7)  13
TOTAL FM JUL 1   705    CLOUDY (SCALE 8-10) 10
DPTR FM NORMAL  -229

[CDD (BASE 65) ]
TOTAL THIS MO.     0
DPTR FM NORMAL     0    [PRESSURE DATA]
TOTAL FM JAN 1   443    HIGHEST SLP 30.43 ON  9
DPTR FM NORMAL   175    LOWEST  SLP 29.44 ON 16

[REMARKS]
#FINAL-10-12#
#FINAL-10-12#
