000
CXUS51 KCAR 010545
CF6MLT
PRELIMINARY LOCAL CLIMATOLOGICAL DATA (WS FORM: F-6)

                                          STATION:   MILLINOCKET ME
                                          MONTH:     OCTOBER
                                          YEAR:      2011
                                          LATITUDE:   45 39 N
                                          LONGITUDE:  68 41 W

  TEMPERATURE IN F:       :PCPN:    SNOW:  WIND      :SUNSHINE: SKY     :PK WND
================================================================================
1   2   3   4   5  6A  6B    7    8   9   10  11  12  13   14  15   16   17  18
                                     12Z  AVG MX 2MIN
DY MAX MIN AVG DEP HDD CDD  WTR  SNW DPTH SPD SPD DIR MIN PSBL S-S WX    SPD DR
================================================================================

 1  60  45  53   2  12   0 0.31    M    M  7.7 17  10   M    M   9 1      25 350
 2  55  46  51   1  14   0 0.72    M    M  7.0 12  50   M    M  10 1      16  20
 3  58  50  54   4  11   0 0.46    M    M  2.0  9  10   M    M  10 1      15 360
 4  55  50  53   3  12   0 0.53    M    M  6.2 13  10   M    M  10 1      23  30
 5  51  40  46  -3  19   0 0.02    M    M 10.3 26 350   M    M   7 18     39  10
 6  50  31  41  -8  24   0 0.00    M    M 10.0 23 330   M    M   2        33 320
 7  56  27  42  -6  23   0 0.00    M    M  3.5 12 320   M    M   0        15 310
 8  78  43  61  13   4   0 0.00    M    M  4.9 16 290   M    M   0        24 290
 9  82  57  70  22   0   5 0.00    M    M  8.1 18 310   M    M   0        29 300
10  72  48  60  13   5   0 0.00    M    M  8.2 21 330   M    M   0        29 320
11  63  38  51   4  14   0 0.00    M    M  2.5 12  10   M    M   0        17  20
12  58  36  47   0  18   0 0.00    M    M  1.5  8 170   M    M   6        13 160
13  56  48  52   6  13   0 0.30    M    M  2.9  8  50   M    M  10 1      13  40
14   M   M   M   M   M   M 0.12    M    M  4.8  9 110   M    M   9 1       M  M
15  64  47  56  10   9   0 0.21    M    M  5.9 15 180   M    M   4 18     32 190
16  58  41  50   5  15   0 0.01    M    M  4.6 14 260   M    M   6        22 270
17  57  45  51   6  14   0 0.13    M    M  5.1 18 280   M    M   7 1      29 280
18  58  43  51   6  14   0    T    M    M  2.6 14 300   M    M   7        21 310
19  60  41  51   7  14   0 0.13    M    M  2.4 12  40   M    M   4 1      17  40
20  57  49  53   9  12   0 0.45    M    M  8.5 18  60   M    M  10 1      30  60
21  56  46  51   7  14   0    T    M    M  2.8  8 230   M    M   9        17 170
22  53  41  47   4  18   0 0.01    M    M  1.7  9 280   M    M   9        16 280
23  56  46  51   8  14   0 0.00    M    M  4.4 13 300   M    M   7        17 300
24  56  42  49   6  16   0 0.00    M    M  1.6  9 170   M    M   6        15 160
25  53  43  48   6  17   0 0.16    M    M  6.5 21 290   M    M   8 1      32 290
26  50  35  43   1  22   0 0.00    M    M  7.8 20 300   M    M   0        30 290
27  43  32  38  -4  27   0 0.00    M    M  2.8  9 350   M    M   2        14 350
28  44  30  37  -5  28   0    T    M    M  8.8 22 300   M    M   5        31 300
29  43  28  36  -5  29   0    T    M    M  3.7 15  50   M    M   2 18     21  50
30  40  33  37  -4  28   0 0.20    M    M  8.2 24 340   M    M   7 1      36 340
31  49  28  39  -1  26   0 0.00    M    M  3.5 13 300   M    M   0 1      17 310
================================================================================
SM 1691 1229       486   5  3.76    M    160.5          M      166
================================================================================
AV 56.4 41.0                               5.2 FASTST   M    M   5    MAX(MPH)
                                 MISC ---->  # 26 350               # 39   10
================================================================================
NOTES:
# LAST OF SEVERAL OCCURRENCES

COLUMN 17 PEAK WIND IN M.P.H.

PRELIMINARY LOCAL CLIMATOLOGICAL DATA (WS FORM: F-6) , PAGE 2

                                          STATION:  MILLINOCKET ME
                                          MONTH:    OCTOBER
                                          YEAR:     2011
                                          LATITUDE:   45 39 N
                                          LONGITUDE:  68 41 W

[TEMPERATURE DATA]      [PRECIPITATION DATA]       SYMBOLS USED IN COLUMN 16

AVERAGE MONTHLY: 48.7   TOTAL FOR MONTH:   3.76    1 = FOG OR MIST
DPTR FM NORMAL:   3.3   DPTR FM NORMAL:   -0.31    2 = FOG REDUCING VISIBILITY
HIGHEST:    82 ON  9    GRTST 24HR  1.16 ON  2- 3      TO 1/4 MILE OR LESS
LOWEST:     27 ON  7                               3 = THUNDER
                        SNOW, ICE PELLETS, HAIL    4 = ICE PELLETS
                        TOTAL MONTH:    M          5 = HAIL
                        GRTST 24HR    M  ON   M    6 = FREEZING RAIN OR DRIZZLE
                        GRTST DEPTH:  M  ON   M    7 = DUSTSTORM OR SANDSTORM:
                                                       VSBY 1/2 MILE OR LESS
                                                   8 = SMOKE OR HAZE
[NO. OF DAYS WITH]      [WEATHER - DAYS WITH]      9 = BLOWING SNOW
                                                   X = TORNADO
MAX 32 OR BELOW:   0    0.01 INCH OR MORE:  15
MAX 90 OR ABOVE:   0    0.10 INCH OR MORE:  12
MIN 32 OR BELOW:   6    0.50 INCH OR MORE:   2
MIN  0 OR BELOW:   0    1.00 INCH OR MORE:   0

[HDD (BASE 65) ]
TOTAL THIS MO.   486    CLEAR  (SCALE 0-3)  10
DPTR FM NORMAL  -120    PTCLDY (SCALE 4-7)  12
TOTAL FM JUL 1   646    CLOUDY (SCALE 8-10)  9
DPTR FM NORMAL  -288

[CDD (BASE 65) ]
TOTAL THIS MO.     5
DPTR FM NORMAL     5    [PRESSURE DATA]
TOTAL FM JAN 1   349    HIGHEST SLP 30.39 ON  7
DPTR FM NORMAL    81    LOWEST  SLP 29.16 ON 15

[REMARKS]
#FINAL-10-11#
