000
CXUS51 KCAR 010545
CF6MLT
PRELIMINARY LOCAL CLIMATOLOGICAL DATA (WS FORM: F-6)

                                          STATION:   MILLINOCKET ME
                                          MONTH:     APRIL
                                          YEAR:      2012
                                          LATITUDE:   45 39 N
                                          LONGITUDE:  68 41 W

  TEMPERATURE IN F:       :PCPN:    SNOW:  WIND      :SUNSHINE: SKY     :PK WND
================================================================================
1   2   3   4   5  6A  6B    7    8   9   10  11  12  13   14  15   16   17  18
                                     12Z  AVG MX 2MIN
DY MAX MIN AVG DEP HDD CDD  WTR  SNW DPTH SPD SPD DIR MIN PSBL S-S WX    SPD DR
================================================================================

 1  49  21  35   1  30   0 0.00    M    M  1.4  9 260   M    M   4 18     14 290
 2  50  31  41   7  24   0 0.00    M    M  5.9 18 330   M    M   6        23 350
 3  52  29  41   6  24   0 0.00    M    M  8.1 21 340   M    M   1 8      28 340
 4  45  31  38   3  27   0    T    M    M  8.0 18 320   M    M   9 1      24 320
 5  45  34  40   4  25   0 0.00    M    M 11.4 24 320   M    M   8        32 300
 6  49  32  41   5  24   0 0.00    M    M  7.4 20 310   M    M   5        28 310
 7  42  29  36  -1  29   0 0.00    M    M  7.8 17 330   M    M  10        22 340
 8  39  32  36  -1  29   0    T    M    M  7.9 17 310   M    M   9 1      26 310
 9  49  34  42   4  23   0 0.02    M    M  2.9 13 310   M    M  10 1      18 280
10  52  32  42   4  23   0 0.11    M    M  2.0 14 290   M    M   7 18     22 290
11  56  31  44   5  21   0    T    M    M  2.4 10  30   M    M   8 1      16  20
12  50  37  44   5  21   0    T    M    M  5.7 14 340   M    M  10        18 340
13  60  27  44   4  21   0 0.00    M    M  4.4 15 290   M    M   1        21 290
14  66  29  48   8  17   0 0.00    M    M  6.5 28 300   M    M   1        40 280
15  75  39  57  16   8   0 0.00    M    M  2.6 12 210   M    M   4        18 260
16  79  39  59  18   6   0 0.00    M    M  4.8 15 160   M    M   1        28 150
17  79  47  63  21   2   0 0.00    M    M  8.2 23 300   M    M   3 1      33 310
18  58  32  45   3  20   0 0.00    M    M  4.3 13 360   M    M   2        17 360
19  66  27  47   4  18   0 0.00    M    M  4.2 14 150   M    M   1        22 140
20  69  39  54  11  11   0 0.00    M    M  3.9 12  50   M    M   4        16 100
21  66  40  53   9  12   0    T    M    M  7.1 14 150   M    M   7 18     23 180
22  42  36  39  -5  26   0 0.16    M    M  9.6 17  50   M    M  10 1      25  50
23  55  33  44  -1  21   0 1.98    M    M  7.6 17  50   M    M   9 1      25  50
24  57  39  48   3  17   0 0.19    M    M  6.9 22 170   M    M   6 1      37 160
25  59  40  50   4  15   0    T    M    M  4.8 15 150   M    M   8        25 150
26  60  40  50   4  15   0 0.03    M    M  5.5 14 280   M    M   5        22 180
27  47  33  40  -7  25   0    M    M    M  7.7 30 300   M    M  10 1      44 290
28  45  31  38  -9  27   0    T    M    M 13.8 24 300   M    M   5        38 310
29  46  27  37 -11  28   0 0.00    M    M 10.5 24 310   M    M   1        33 310
30  60  35  48   0  17   0 0.00    M    M  6.9 20 310   M    M   3        24 310
================================================================================
SM 1667 1006       606   0  2.49    M    190.2          M      168
================================================================================
AV 55.6 33.5                               6.3 FASTST   M    M   6    MAX(MPH)
                                 MISC ---->  # 30 300               # 44  290
================================================================================
NOTES:
# LAST OF SEVERAL OCCURRENCES

COLUMN 17 PEAK WIND IN M.P.H.

PRELIMINARY LOCAL CLIMATOLOGICAL DATA (WS FORM: F-6) , PAGE 2

                                          STATION:  MILLINOCKET ME
                                          MONTH:    APRIL
                                          YEAR:     2012
                                          LATITUDE:   45 39 N
                                          LONGITUDE:  68 41 W

[TEMPERATURE DATA]      [PRECIPITATION DATA]       SYMBOLS USED IN COLUMN 16

AVERAGE MONTHLY: 44.5   TOTAL FOR MONTH:   2.49    1 = FOG OR MIST
DPTR FM NORMAL:   3.6   DPTR FM NORMAL:   -1.07    2 = FOG REDUCING VISIBILITY
HIGHEST:    79 ON 17,16 GRTST 24HR  1.99 ON 22-23      TO 1/4 MILE OR LESS
LOWEST:     21 ON  1                               3 = THUNDER
                        SNOW, ICE PELLETS, HAIL    4 = ICE PELLETS
                        TOTAL MONTH:    M          5 = HAIL
                        GRTST 24HR    M  ON   M    6 = FREEZING RAIN OR DRIZZLE
                        GRTST DEPTH:  M  ON   M    7 = DUSTSTORM OR SANDSTORM:
                                                       VSBY 1/2 MILE OR LESS
                                                   8 = SMOKE OR HAZE
[NO. OF DAYS WITH]      [WEATHER - DAYS WITH]      9 = BLOWING SNOW
                                                   X = TORNADO
MAX 32 OR BELOW:   0    0.01 INCH OR MORE:   6
MAX 90 OR ABOVE:   0    0.10 INCH OR MORE:   4
MIN 32 OR BELOW:  15    0.50 INCH OR MORE:   1
MIN  0 OR BELOW:   0    1.00 INCH OR MORE:   1

[HDD (BASE 65) ]
TOTAL THIS MO.   606    CLEAR  (SCALE 0-3)   8
DPTR FM NORMAL  -116    PTCLDY (SCALE 4-7)  14
TOTAL FM JUL 1  6768    CLOUDY (SCALE 8-10)  8
DPTR FM NORMAL -1153

[CDD (BASE 65) ]
TOTAL THIS MO.     0
DPTR FM NORMAL     0    [PRESSURE DATA]
TOTAL FM JAN 1     0    HIGHEST SLP 30.27 ON 18
DPTR FM NORMAL     0    LOWEST  SLP 29.32 ON  9

[REMARKS]
#FINAL-04-12#
