000
CXUS51 KCAR 010612
CF6MLT
PRELIMINARY LOCAL CLIMATOLOGICAL DATA (WS FORM: F-6)

                                          STATION:   MILLINOCKET ME
                                          MONTH:     NOVEMBER
                                          YEAR:      2012
                                          LATITUDE:   45 39 N
                                          LONGITUDE:  68 41 W

  TEMPERATURE IN F:       :PCPN:    SNOW:  WIND      :SUNSHINE: SKY     :PK WND
================================================================================
1   2   3   4   5  6A  6B    7    8   9   10  11  12  13   14  15   16   17  18
                                     12Z  AVG MX 2MIN
DY MAX MIN AVG DEP HDD CDD  WTR  SNW DPTH SPD SPD DIR MIN PSBL S-S WX    SPD DR
================================================================================

 1  52  47  50  10  15   0    T    M    M  2.2  8 170   M    M   9 1      12 170
 2  50  44  47   7  18   0    T    M    M  1.5  9 310   M    M  10 1      14 320
 3  49  39  44   4  21   0 0.00    M    M  7.6 16 290   M    M   8        24 310
 4  45  36  41   2  24   0 0.00    M    M  9.9 20 310   M    M  10        26 310
 5  36  31  34  -5  31   0 0.01    M    M  4.4 13 300   M    M  10        17 340
 6  36  22  29  -9  36   0    T    M    M  5.9 22 320   M    M   2        29 320
 7  39  17  28 -10  37   0 0.00    M    M  5.8 15  40   M    M   1        21  50
 8  37  31  34  -4  31   0 0.45    M    M 10.7 17  10   M    M  10 18     25  20
 9  41  34  38   1  27   0 0.03    M    M 10.2 21 300   M    M   7 1      29 300
10  41  30  36  -1  29   0 0.00    M    0  9.0 23 300   M    M   3        32 310
11  39  23  31  -6  34   0    T    M    0  1.0  6 140   M    M   7         9 150
12  58  38  48  12  17   0 0.00    M    M  3.5 14 180   M    M   6 12     23 170
13  60  31  46  10  19   0 0.63    M    M  6.6 18 300   M    M   8 1      25 300
14  41  26  34  -1  31   0 0.00    M    M  5.4 16  10   M    M   0        21  30
15  40  24  32  -3  33   0 0.00    M    M  3.6 12  70   M    M   3        15  60
16  36  25  31  -4  34   0 0.00    M    M  2.6  8 300   M    M   4 18     12 310
17  38  20  29  -5  36   0 0.00    M    M  2.3 10  60   M    M   3 18     14  30
18  42  17  30  -4  35   0 0.00    M    M  1.1  9  60   M    M   0 18     14  50
19  47  19  33   0  32   0 0.00    M    M  0.3  7 150   M    M   0 18     12 150
20  49  19  34   1  31   0 0.00    M    M  1.2  8 330   M    M   0 18     10  50
21  43  24  34   1  31   0 0.00    M    M  0.1  7  60   M    M   4 1      10  60
22  46  22  34   2  31   0 0.00    M    M  1.4  7 160   M    M   3 12     12 150
23  45  35  40   8  25   0 0.00    M    M  3.3 12 180   M    M   7 1      20 170
24  45  31  38   7  27   0 0.03    M    M  7.4 20 290   M    M  10 1      31 290
25  31  25  28  -3  37   0    T    M    M 14.2 26 290   M    M   9        43 290
26  32  22  27  -3  38   0 0.00    M    M  9.7 17 300   M    M   0        30 270
27  31  12  22  -8  43   0 0.00    M    M  0.9 13 290   M    M   2 18     18 290
28  31   8  20 -10  45   0 0.00    M    M  0.8  6  20   M    M   2 18      9  30
29  29  18  24  -5  41   0    T    M    M  5.8 20 300   M    M   7 1      24 300
30  23   9  16 -13  49   0 0.00    M    M  8.0 21 300   M    M   1        28 300
================================================================================
SM 1232  779       938   0  1.15    M    146.4          M      146
================================================================================
AV 41.1 26.0                               4.9 FASTST   M    M   5    MAX(MPH)
                                 MISC ---->  # 26 290               # 43  290
================================================================================
NOTES:
# LAST OF SEVERAL OCCURRENCES

COLUMN 17 PEAK WIND IN M.P.H.

PRELIMINARY LOCAL CLIMATOLOGICAL DATA (WS FORM: F-6) , PAGE 2

                                          STATION:  MILLINOCKET ME
                                          MONTH:    NOVEMBER
                                          YEAR:     2012
                                          LATITUDE:   45 39 N
                                          LONGITUDE:  68 41 W

[TEMPERATURE DATA]      [PRECIPITATION DATA]       SYMBOLS USED IN COLUMN 16

AVERAGE MONTHLY: 33.5   TOTAL FOR MONTH:   1.15    1 = FOG OR MIST
DPTR FM NORMAL:  -1.2   DPTR FM NORMAL:   -3.28    2 = FOG REDUCING VISIBILITY
HIGHEST:    60 ON 13    GRTST 24HR  0.63 ON 13-13      TO 1/4 MILE OR LESS
LOWEST:      8 ON 28                               3 = THUNDER
                        SNOW, ICE PELLETS, HAIL    4 = ICE PELLETS
                        TOTAL MONTH:    M          5 = HAIL
                        GRTST 24HR    M  ON   M    6 = FREEZING RAIN OR DRIZZLE
                        GRTST DEPTH:   0           7 = DUSTSTORM OR SANDSTORM:
                                                       VSBY 1/2 MILE OR LESS
                                                   8 = SMOKE OR HAZE
[NO. OF DAYS WITH]      [WEATHER - DAYS WITH]      9 = BLOWING SNOW
                                                   X = TORNADO
MAX 32 OR BELOW:   6    0.01 INCH OR MORE:   5
MAX 90 OR ABOVE:   0    0.10 INCH OR MORE:   2
MIN 32 OR BELOW:  23    0.50 INCH OR MORE:   1
MIN  0 OR BELOW:   0    1.00 INCH OR MORE:   0

[HDD (BASE 65) ]
TOTAL THIS MO.   938    CLEAR  (SCALE 0-3)  13
DPTR FM NORMAL    29    PTCLDY (SCALE 4-7)   9
TOTAL FM JUL 1  1643    CLOUDY (SCALE 8-10)  8
DPTR FM NORMAL  -200

[CDD (BASE 65) ]
TOTAL THIS MO.     0
DPTR FM NORMAL     0    [PRESSURE DATA]
TOTAL FM JAN 1   443    HIGHEST SLP M ON M
DPTR FM NORMAL   175    LOWEST  SLP 29.25 ON M

[REMARKS]
#FINAL-11-12#
