000
CXUS51 KCAR 011139
CF6MLT
PRELIMINARY LOCAL CLIMATOLOGICAL DATA (WS FORM: F-6)

                                          STATION:   MILLINOCKET ME
                                          MONTH:     AUGUST
                                          YEAR:      2012
                                          LATITUDE:   45 39 N
                                          LONGITUDE:  68 41 W

  TEMPERATURE IN F:       :PCPN:    SNOW:  WIND      :SUNSHINE: SKY     :PK WND
================================================================================
1   2   3   4   5  6A  6B    7    8   9   10  11  12  13   14  15   16   17  18
                                     12Z  AVG MX 2MIN
DY MAX MIN AVG DEP HDD CDD  WTR  SNW DPTH SPD SPD DIR MIN PSBL S-S WX    SPD DR
================================================================================

 1  80  62  71   3   0   6 0.06    M    M  2.2  8 310   M    M   7 1      12  50
 2  84  67  76   8   0  11 0.00    M    M  2.6 10 160   M    M   7        16 180
 3  90  68  79  12   0  14 0.00    M    M  3.2 10 260   M    M   4 1      23 270
 4  88  60  74   7   0   9 0.00    M    M  2.4  8 260   M    M   0        13 230
 5  85  66  76   9   0  11 0.00    M    M  6.2 14 160   M    M   6 8      26 160
 6  79  60  70   3   0   5 0.01    M    M  6.6 15 320   M    M   5        22 310
 7  84  54  69   2   0   4 0.00    M    M  1.3  8 170   M    M   0        13 190
 8  89  59  74   7   0   9 0.00    M    M  3.1 14 330   M    M   1        17 300
 9  84  59  72   5   0   7 0.07    M    M  0.8  8 310   M    M   5 1      13 260
10  75  65  70   3   0   5 0.87    M    M  2.2 10 100   M    M   9 18     13 110
11  67  63  65  -2   0   0 0.25    M    M  4.5 12  60   M    M  10 18     16  60
12  76  64  70   3   0   5 0.20    M    M  1.4  6 170   M    M   9 12     10 190
13  84  66  75   9   0  10 0.00    M    M  2.2 10 280   M    M   6 12     15 250
14  85  62  74   8   0   9    T    M    M  1.7  9 310   M    M   3 1      14 270
15  82  67  75   9   0  10    T    M    M  1.9  8 220   M    M   5        14 210
16  68  62  65  -1   0   0 2.05    M    M  3.1 10  20   M    M   9 13     15  20
17  82  63  73   7   0   8 0.00    M    M  2.9  8 160   M    M   5        12 160
18  78  59  69   3   0   4 0.00    M    M  2.6  9 300   M    M   7        13 310
19  79  53  66   0   0   1 0.00    M    M  1.5 10 270   M    M   1        20 290
20  81  52  67   1   0   2 0.00    M    M  0.7  9 310   M    M   0        15 300
21  77  54  66   1   0   1 0.04    M    M  2.2 10 290   M    M   5        16 290
22  79  50  65   0   0   0 0.00    M    M  2.1  8 220   M    M   3 8      15 220
23  83  54  69   4   0   4 0.05    M    M  2.6 15 290   M    M   2 1      21 290
24  82  54  68   3   0   3 0.00    M    M  1.8 14 330   M    M   0 18     20 340
25  82  51  67   3   0   2 0.00    M    M  2.3  9 180   M    M   1        16 190
26  87  61  74  10   0   9 0.00    M    M  2.2  8 220   M    M   0        14 200
27  85  61  73   9   0   8 0.05    M    M  2.9 10 180   M    M   2 1      20 210
28  79  57  68   4   0   3 0.26    M    M  5.0 23 310   M    M   7 1      30 290
29  75  54  65   1   0   0 0.00    M    M  8.7 24 320   M    M   4        31 320
30  80  58  69   6   0   4 0.00    M    M  5.0 14 270   M    M   0        22 270
31  80  63  72   9   0   7    T  0.0    M  5.1 13 290   M    M   2        21 280
================================================================================
SM 2509 1848         0 171  3.91     0.0  93.0          M      125
================================================================================
AV 80.9 59.6                               3.0 FASTST   M    M   4    MAX(MPH)
                                 MISC ---->  # 24 320               # 31  320
================================================================================
NOTES:
# LAST OF SEVERAL OCCURRENCES

COLUMN 17 PEAK WIND IN M.P.H.

PRELIMINARY LOCAL CLIMATOLOGICAL DATA (WS FORM: F-6) , PAGE 2

                                          STATION:  MILLINOCKET ME
                                          MONTH:    AUGUST
                                          YEAR:     2012
                                          LATITUDE:   45 39 N
                                          LONGITUDE:  68 41 W

[TEMPERATURE DATA]      [PRECIPITATION DATA]       SYMBOLS USED IN COLUMN 16

AVERAGE MONTHLY: 70.3   TOTAL FOR MONTH:   3.91    1 = FOG OR MIST
DPTR FM NORMAL:   4.5   DPTR FM NORMAL:   -0.03    2 = FOG REDUCING VISIBILITY
HIGHEST:    90 ON  3    GRTST 24HR  2.05 ON 15-16      TO 1/4 MILE OR LESS
LOWEST:     50 ON 22                               3 = THUNDER
                        SNOW, ICE PELLETS, HAIL    4 = ICE PELLETS
                        TOTAL MONTH:   0.0 INCH    5 = HAIL
                        GRTST 24HR     0.0         6 = FREEZING RAIN OR DRIZZLE
                        GRTST DEPTH:  M  ON   M    7 = DUSTSTORM OR SANDSTORM:
                                                       VSBY 1/2 MILE OR LESS
                                                   8 = SMOKE OR HAZE
[NO. OF DAYS WITH]      [WEATHER - DAYS WITH]      9 = BLOWING SNOW
                                                   X = TORNADO
MAX 32 OR BELOW:   0    0.01 INCH OR MORE:  11
MAX 90 OR ABOVE:   1    0.10 INCH OR MORE:   5
MIN 32 OR BELOW:   0    0.50 INCH OR MORE:   2
MIN  0 OR BELOW:   0    1.00 INCH OR MORE:   1

[HDD (BASE 65) ]
TOTAL THIS MO.     0    CLEAR  (SCALE 0-3)  14
DPTR FM NORMAL   -55    PTCLDY (SCALE 4-7)  13
TOTAL FM JUL 1     1    CLOUDY (SCALE 8-10)  4
DPTR FM NORMAL   -78

[CDD (BASE 65) ]
TOTAL THIS MO.   171
DPTR FM NORMAL    92    [PRESSURE DATA]
TOTAL FM JAN 1   429    HIGHEST SLP 30.36 ON 25
DPTR FM NORMAL   178    LOWEST  SLP 29.66 ON 28

[REMARKS]
#FINAL-08-12#
