000
CXUS51 KCAR 092037
CF6MLT
PRELIMINARY LOCAL CLIMATOLOGICAL DATA (WS FORM: F-6)

                                          STATION:   MILLINOCKET ME
                                          MONTH:     MARCH
                                          YEAR:      2012
                                          LATITUDE:   45 39 N
                                          LONGITUDE:  68 41 W

  TEMPERATURE IN F:       :PCPN:    SNOW:  WIND      :SUNSHINE: SKY     :PK WND
================================================================================
1   2   3   4   5  6A  6B    7    8   9   10  11  12  13   14  15   16   17  18
                                     12Z  AVG MX 2MIN
DY MAX MIN AVG DEP HDD CDD  WTR  SNW DPTH SPD SPD DIR MIN PSBL S-S WX    SPD DR
================================================================================

 1  18  11  15  -8  50   0 0.04    M    M  7.7 16  70   M    M   8 1      22  90
 2  30   6  18  -6  47   0    T    M    M  2.4 12  60   M    M   5 1      15  50
 3  34  25  30   6  35   0 0.26    M    M  3.8 13 130   M    M  10 12     21 140
 4  39  29  34  10  31   0 0.00    M    M  4.8 17 260   M    M   5 8      31 250
 5  29  13  21  -3  44   0    T    M    M  9.0 16 300   M    M   8 18     24 310
 6  30   6  18  -7  47   0 0.00    M    M  4.9 15 310   M    M   1 8      18 290
 7  49   5  27   2  38   0    T    M    M  2.1 12 180   M    M   4        18 140
 8  62  36  49  24  16   0 0.04    M    M  6.6 21 270   M    M   5        35 270
 9  48  21  35   9  30   0 0.10    M    M 10.3 24 280   M    M   2 1      38 290
10  34  14  24  -2  41   0 0.00    M    M  3.0 15 320   M    M   1 8      20 320
11  46  12  29   3  36   0 0.00    M    M  2.0 10 190   M    M   3 18     22 200
12  57  24  41  14  24   0 0.00    M    M  3.6 15 310   M    M   0 18     21 300
13  46  30  38  11  27   0 0.05    M    M  5.6 16 120   M    M   8 8      22 120
14  31  28  30   3  35   0 0.09    M    M  7.5 13  80   M    M  10 168    20  40
15  34  25  30   2  35   0    T    M    M  5.9 14  40   M    M   8 1      21  50
16  34  31  33   5  32   0 0.20    M    M  1.7  9 170   M    M  10 1      15 170
17  57  31  44  16  21   0 0.00    M    M  2.6 10 300   M    M   2 1      15 300
18  72  38  55  27  10   0 0.03    M    M  3.0 10 280   M    M   4 18     20 290
19  58  38  48  19  17   0    T    M    M  1.8 12  60   M    M   7 18     16  60
20  76  34  55  26  10   0 0.00    M    M  3.7 12 280   M    M   1        18 270
21  79  40  60  30   5   0 0.00    M    M  3.8 14 300   M    M   0 1      21 310
22  80  40  60  30   5   0 0.00    M    M  6.9 21 300   M    M   0        33 310
23  58  35  47  17  18   0 0.00    M    M 10.0 24 300   M    M   0        37 300
24  49  28  39   8  26   0 0.00    M    M  3.7 15 300   M    M   0 8      21 300
25  38  30  34   3  31   0 0.12    M    M  1.8  9 190   M    M  10 128    18 180
26  38  24  31   0  34   0    T    M    M 14.1 28 330   M    M   9        41 310
27  39  18  29  -3  36   0 0.00    M    M 12.9 21 340   M    M   1        35 320
28  35  26  31  -1  34   0 0.22    M    M  4.0 10 280   M    M   9 1      18 280
29  36  28  32   0  33   0 0.01    M    M  4.6 12 310   M    M  10 168    17 300
30  36  29  33   0  32   0    T    M    M 10.3 21 310   M    M   6        29 300
31  47  24  36   3  29   0 0.00    M    M  3.4 12 310   M    M   0 8      22 360
================================================================================
SM 1419  779       909   0  1.16    M    167.5          M      147
================================================================================
AV 45.8 25.1                               5.4 FASTST   M    M   5    MAX(MPH)
                                 MISC ---->  # 28 330               # 41  310
================================================================================
NOTES:
# LAST OF SEVERAL OCCURRENCES

COLUMN 17 PEAK WIND IN M.P.H.

PRELIMINARY LOCAL CLIMATOLOGICAL DATA (WS FORM: F-6) , PAGE 2

                                          STATION:  MILLINOCKET ME
                                          MONTH:    MARCH
                                          YEAR:     2012
                                          LATITUDE:   45 39 N
                                          LONGITUDE:  68 41 W

[TEMPERATURE DATA]      [PRECIPITATION DATA]       SYMBOLS USED IN COLUMN 16

AVERAGE MONTHLY: 35.5   TOTAL FOR MONTH:   1.16    1 = FOG OR MIST
DPTR FM NORMAL:   7.5   DPTR FM NORMAL:   -1.90    2 = FOG REDUCING VISIBILITY
HIGHEST:    80 ON 22    GRTST 24HR  0.26 ON  3- 3      TO 1/4 MILE OR LESS
LOWEST:      5 ON  7                               3 = THUNDER
                        SNOW, ICE PELLETS, HAIL    4 = ICE PELLETS
                        TOTAL MONTH:    M          5 = HAIL
                        GRTST 24HR    M  ON   M    6 = FREEZING RAIN OR DRIZZLE
                        GRTST DEPTH:  M  ON   M    7 = DUSTSTORM OR SANDSTORM:
                                                       VSBY 1/2 MILE OR LESS
                                                   8 = SMOKE OR HAZE
[NO. OF DAYS WITH]      [WEATHER - DAYS WITH]      9 = BLOWING SNOW
                                                   X = TORNADO
MAX 32 OR BELOW:   5    0.01 INCH OR MORE:  11
MAX 90 OR ABOVE:   0    0.10 INCH OR MORE:   5
MIN 32 OR BELOW:  24    0.50 INCH OR MORE:   0
MIN  0 OR BELOW:   0    1.00 INCH OR MORE:   0

[HDD (BASE 65) ]
TOTAL THIS MO.   909    CLEAR  (SCALE 0-3)  12
DPTR FM NORMAL  -238    PTCLDY (SCALE 4-7)  11
TOTAL FM JUL 1  6162    CLOUDY (SCALE 8-10)  8
DPTR FM NORMAL -1037

[CDD (BASE 65) ]
TOTAL THIS MO.     0
DPTR FM NORMAL     0    [PRESSURE DATA]
TOTAL FM JAN 1     0    HIGHEST SLP 30.56 ON  7
DPTR FM NORMAL     0    LOWEST  SLP 29.32 ON  3

[REMARKS]
#FINAL-03-12#
