000
CXUS51 KCAR 010545
CF6MLT
PRELIMINARY LOCAL CLIMATOLOGICAL DATA (WS FORM: F-6)

                                          STATION:   MILLINOCKET ME
                                          MONTH:     JUNE
                                          YEAR:      2012
                                          LATITUDE:   45 39 N
                                          LONGITUDE:  68 41 W

  TEMPERATURE IN F:       :PCPN:    SNOW:  WIND      :SUNSHINE: SKY     :PK WND
================================================================================
1   2   3   4   5  6A  6B    7    8   9   10  11  12  13   14  15   16   17  18
                                     12Z  AVG MX 2MIN
DY MAX MIN AVG DEP HDD CDD  WTR  SNW DPTH SPD SPD DIR MIN PSBL S-S WX    SPD DR
================================================================================

 1  74  44  59   1   6   0 0.00    M    M  4.6 16  20   M    M   0        25 340
 2  65  47  56  -2   9   0 0.00    M    M  4.1 14 130   M    M   4        18 130
 3  55  49  52  -7  13   0 0.63    M    M  8.0 14  80   M    M  10 1      20  30
 4  59  47  53  -6  12   0 0.20    M    M  8.3 16  60   M    M  10 1      24  50
 5  60  49  55  -4  10   0 0.02    M    M  7.3 15  10   M    M  10        21  10
 6  62  49  56  -4   9   0 0.31    M    M  5.1 14  50   M    M  10 18     20  30
 7  68  48  58  -2   7   0 0.03    M    M  1.3  6 240   M    M   5 1       9 260
 8  69  44  57  -3   8   0 0.36    M    M  2.0 12 160   M    M   6 12     18 220
 9  73  51  62   1   3   0 0.02    M    M  5.0 20 320   M    M   5 1      26 330
10  76  48  62   1   3   0 0.00    M    M  5.8 15  70   M    M   2        21 100
11  78  48  63   2   2   0 0.00    M    M  4.3 12 170   M    M   1        20 170
12  78  54  66   4   0   1 0.00    M    M  4.3 12 160   M    M   2        20 160
13  66  58  62   0   3   0 0.63    M    M  4.6 13 360   M    M  10 1      18  20
14  74  51  63   1   2   0 0.00    M    M  8.3 20 350   M    M   0        25 350
15  78  47  63   0   2   0 0.00    M    M  3.6 15  80   M    M   2        22  20
16  68  50  59  -4   6   0 0.00    M    M  3.0 12  70   M    M   5        15  80
17  75  48  62  -1   3   0 0.00    M    M  3.3 12 130   M    M   1 12     16 120
18  71  48  60  -4   5   0 0.00    M    M  3.6 10 160   M    M   3 1      15 110
19  72  52  62  -2   3   0 0.00    M    M  3.9 12 170   M    M   6        18 160
20  91  59  75  11   0  10 0.00    M    M  6.6 21 310   M    M   3 18     30 320
21  86  67  77  12   0  12    T    M    M  1.8  8 260   M    M   6 3      13 250
22  87  65  76  11   0  11 0.45    M    M  3.6 13 340   M    M   3 13     20 360
23  74  62  68   3   0   3 0.26    M    M  3.9 13  20   M    M  10 1      16 360
24  77  58  68   2   0   3 1.41    M    M  4.8 15 350   M    M   6 18     18 360
25  74  57  66   0   0   1 0.47    M    M  3.1 16 120   M    M   8 1      25 140
26  66  61  64  -2   1   0 1.43    M    M  5.3 10  80   M    M  10 1      22 170
27  69  59  64  -2   1   0 0.54    M    M  3.7  9 130   M    M   8 1      14 150
28  74  55  65  -1   0   0 0.16    M    M  4.3 14 300   M    M   5 13     20 310
29  83  54  69   2   0   4 0.14    M    M  3.2 12 190   M    M   2 13     21 190
30  88  63  76   9   0  11 0.03    M    M  3.7 29 310   M    M   4 123    54 300
================================================================================
SM 2190 1592       108  56  7.09    M    134.4          M      157
================================================================================
AV 73.0 53.1                               4.5 FASTST   M    M   5    MAX(MPH)
                                 MISC ---->  # 29 310               # 54  300
================================================================================
NOTES:
# LAST OF SEVERAL OCCURRENCES

COLUMN 17 PEAK WIND IN M.P.H.

PRELIMINARY LOCAL CLIMATOLOGICAL DATA (WS FORM: F-6) , PAGE 2

                                          STATION:  MILLINOCKET ME
                                          MONTH:    JUNE
                                          YEAR:     2012
                                          LATITUDE:   45 39 N
                                          LONGITUDE:  68 41 W

[TEMPERATURE DATA]      [PRECIPITATION DATA]       SYMBOLS USED IN COLUMN 16

AVERAGE MONTHLY: 63.0   TOTAL FOR MONTH:   7.09    1 = FOG OR MIST
DPTR FM NORMAL:   0.2   DPTR FM NORMAL:    3.02    2 = FOG REDUCING VISIBILITY
HIGHEST:    91 ON 20    GRTST 24HR  1.67 ON 23-24      TO 1/4 MILE OR LESS
LOWEST:     44 ON  8, 1                            3 = THUNDER
                        SNOW, ICE PELLETS, HAIL    4 = ICE PELLETS
                        TOTAL MONTH:    M          5 = HAIL
                        GRTST 24HR    M  ON   M    6 = FREEZING RAIN OR DRIZZLE
                        GRTST DEPTH:  M  ON   M    7 = DUSTSTORM OR SANDSTORM:
                                                       VSBY 1/2 MILE OR LESS
                                                   8 = SMOKE OR HAZE
[NO. OF DAYS WITH]      [WEATHER - DAYS WITH]      9 = BLOWING SNOW
                                                   X = TORNADO
MAX 32 OR BELOW:   0    0.01 INCH OR MORE:  17
MAX 90 OR ABOVE:   1    0.10 INCH OR MORE:  13
MIN 32 OR BELOW:   0    0.50 INCH OR MORE:   5
MIN  0 OR BELOW:   0    1.00 INCH OR MORE:   2

[HDD (BASE 65) ]
TOTAL THIS MO.   108    CLEAR  (SCALE 0-3)  11
DPTR FM NORMAL    -8    PTCLDY (SCALE 4-7)  12
TOTAL FM JUL 1  7173    CLOUDY (SCALE 8-10)  7
DPTR FM NORMAL -1233

[CDD (BASE 65) ]
TOTAL THIS MO.    56
DPTR FM NORMAL     7    [PRESSURE DATA]
TOTAL FM JAN 1    63    HIGHEST SLP 30.45 ON 16
DPTR FM NORMAL     8    LOWEST  SLP 29.39 ON 29

[REMARKS]
#FINAL-06-12#
