000
CXUS51 KCAR 301402
CF6MLT
PRELIMINARY LOCAL CLIMATOLOGICAL DATA (WS FORM: F-6)

                                          STATION:   MILLINOCKET ME
                                          MONTH:     JULY
                                          YEAR:      2011
                                          LATITUDE:   45 39 N
                                          LONGITUDE:  68 41 W

  TEMPERATURE IN F:       :PCPN:    SNOW:  WIND      :SUNSHINE: SKY     :PK WND
================================================================================
1   2   3   4   5  6A  6B    7    8   9   10  11  12  13   14  15   16   17  18
                                     12Z  AVG MX 2MIN
DY MAX MIN AVG DEP HDD CDD  WTR  SNW DPTH SPD SPD DIR MIN PSBL S-S WX    SPD DR
================================================================================

 1  76  55  66  -1   0   1 0.00    M    M  2.9 12 350   M    M   6        17 340
 2  81  61  71   4   0   6 0.00    M    M  2.0  8 160   M    M   5        15 170
 3  70  61  66  -1   0   1 0.06    M    M  2.4  8 160   M    M   6 1      16 180
 4  82  62  72   4   0   7 0.15    M    M  1.7  8 300   M    M   6 13     14 140
 5  86  57  72   4   0   7 0.00    M    M  2.8 16 310   M    M   0 1      22 330
 6  87  58  73   5   0   8 0.40    M    M  3.4 22 290   M    M   1 13     33 310
 7  79  56  68   0   0   3 0.00    M    M  6.7 18 300   M    M   2        24 280
 8  79  50  65  -3   0   0 0.00    M    M  2.3  9 220   M    M   0        17 210
 9  79  59  69   1   0   4 0.02    M    M  6.9 24 320   M    M   5 1      33 330
10  84  62  73   5   0   8 0.00    M    M  5.2 13 320   M    M   1        18 300
11  89  66  78  10   0  13 0.30    M    M  3.2 17 300   M    M   3 13     22 300
12  86  67  77   9   0  12 0.41    M    M  4.7 18 360   M    M   4 13     28 350
13  76  62  69   1   0   4    T    M    M  6.4 15  40   M    M   3        21  20
14  79  54  67  -1   0   2 0.00    M    M  4.4 16  50   M    M   2        23  40
15  84  48  66  -2   0   1 0.00    M    M  3.7 15 330   M    M   1        23  50
16  89  55  72   4   0   7 0.00    M    M  3.5 12 290   M    M   1        16 300
17  90  65  78  10   0  13 0.00    M    M  3.2 13 260   M    M   1        21 260
18  85  68  77   9   0  12 0.00    M    M  6.6 16 290   M    M   1 8      24 300
19  84  55  70   2   0   5 0.00    M    M  4.1 16 310   M    M   2        20 310
20  84  53  69   1   0   4 0.00    M    M  3.6 13 220   M    M   0        24 230
21  83  68  76   8   0  11 0.23    M    M  3.3 32 340   M    M   2 18     38 320
22  92  70  81  13   0  16 0.00    M    M  3.9 17 290   M    M   2 1      25 290
23  92  65  79  11   0  14 0.00    M    M  4.2 18 280   M    M   1        30 280
24  79  55  67  -1   0   2 0.00    M    M  4.3 17  20   M    M   2        24  30
25  81  51  66  -2   0   1 0.00    M    M  2.7 10 190   M    M   1        17 190
26  65  55  60  -8   5   0 0.42    M    M  3.2  9 120   M    M  10 1      15 180
27  74  61  68   0   0   3 0.43    M    M  4.2 14  70   M    M   7 1      18  60
28  81  57  69   1   0   4 0.00    M    M  1.3 10 340   M    M   2        14 350
29  76  60  68   0   0   3 0.04    M    M  3.8 10 170   M    M   6 1      18 150
30  84  61  73   5   0   8 0.45    M    M  4.5 16 310   M    M   6 1      22 320
31  83  55  69   1   0   4 0.00    M    M  2.9 10 310   M    M   0        15 250
================================================================================
SM 2539 1832         5 184  2.91    M    118.0          M       89
================================================================================
AV 81.9 59.1                               3.8 FASTST   M    M   3    MAX(MPH)
                                 MISC ---->  # 32 340               # 38  320
================================================================================
NOTES:
# LAST OF SEVERAL OCCURRENCES

COLUMN 17 PEAK WIND IN M.P.H.

PRELIMINARY LOCAL CLIMATOLOGICAL DATA (WS FORM: F-6) , PAGE 2

                                          STATION:  MILLINOCKET ME
                                          MONTH:    JULY
                                          YEAR:     2011
                                          LATITUDE:   45 39 N
                                          LONGITUDE:  68 41 W

[TEMPERATURE DATA]      [PRECIPITATION DATA]       SYMBOLS USED IN COLUMN 16

AVERAGE MONTHLY: 70.5   TOTAL FOR MONTH:   2.91    1 = FOG OR MIST
DPTR FM NORMAL:   2.5   DPTR FM NORMAL:   -0.94    2 = FOG REDUCING VISIBILITY
HIGHEST:    92 ON 23,22 GRTST 24HR  0.71 ON 11-12      TO 1/4 MILE OR LESS
LOWEST:     48 ON 15                               3 = THUNDER
                        SNOW, ICE PELLETS, HAIL    4 = ICE PELLETS
                        TOTAL MONTH:    M          5 = HAIL
                        GRTST 24HR    M  ON   M    6 = FREEZING RAIN OR DRIZZLE
                        GRTST DEPTH:  M  ON   M    7 = DUSTSTORM OR SANDSTORM:
                                                       VSBY 1/2 MILE OR LESS
                                                   8 = SMOKE OR HAZE
[NO. OF DAYS WITH]      [WEATHER - DAYS WITH]      9 = BLOWING SNOW
                                                   X = TORNADO
MAX 32 OR BELOW:   0    0.01 INCH OR MORE:  11
MAX 90 OR ABOVE:   3    0.10 INCH OR MORE:   8
MIN 32 OR BELOW:   0    0.50 INCH OR MORE:   0
MIN  0 OR BELOW:   0    1.00 INCH OR MORE:   0

[HDD (BASE 65) ]
TOTAL THIS MO.     5    CLEAR  (SCALE 0-3)  21
DPTR FM NORMAL   -19    PTCLDY (SCALE 4-7)   9
TOTAL FM JUL 1     5    CLOUDY (SCALE 8-10)  1
DPTR FM NORMAL   -19

[CDD (BASE 65) ]
TOTAL THIS MO.   184
DPTR FM NORMAL    67    [PRESSURE DATA]
TOTAL FM JAN 1   226    HIGHEST SLP 30.11 ON  2
DPTR FM NORMAL    54    LOWEST  SLP 29.39 ON 21

[REMARKS]
#FINAL-07-11#
