000
CXUS51 KCAR 010545
CF6MLT
PRELIMINARY LOCAL CLIMATOLOGICAL DATA (WS FORM: F-6)

                                          STATION:   MILLINOCKET ME
                                          MONTH:     FEBRUARY
                                          YEAR:      2012
                                          LATITUDE:   45 39 N
                                          LONGITUDE:  68 41 W

  TEMPERATURE IN F:       :PCPN:    SNOW:  WIND      :SUNSHINE: SKY     :PK WND
================================================================================
1   2   3   4   5  6A  6B    7    8   9   10  11  12  13   14  15   16   17  18
                                     12Z  AVG MX 2MIN
DY MAX MIN AVG DEP HDD CDD  WTR  SNW DPTH SPD SPD DIR MIN PSBL S-S WX    SPD DR
================================================================================

 1  21  16  19   5  46   0 0.37    M    M  4.2  9  30   M    M  10 1      13 350
 2  24   7  16   2  49   0    T    M    M  2.9 10  40   M    M   8 18     14 340
 3  25   0  13  -2  52   0 0.00    M    M  4.8 14 310   M    M   2 1      21 290
 4  26  11  19   4  46   0 0.00    M    M  7.3 20 310   M    M   6        25 310
 5  25  -7   9  -6  56   0    T    M    M  4.8 15 320   M    M   1        21 270
 6  37  22  30  14  35   0 0.00    M    M  7.1 18 260   M    M  10        29 260
 7  36  11  24   8  41   0 0.00    M    M 11.3 21 300   M    M   3        30 300
 8  29   4  17   1  48   0 0.00    M    M  4.2 14 260   M    M   0        21 260
 9  35   9  22   6  43   0 0.00    M    M  3.9 15 310   M    M   0        21 300
10  44   3  24   7  41   0 0.00    M    M  2.3  9 170   M    M   0 18     15 170
11  30  10  20   3  45   0    T    M    M  5.5 18 340   M    M   7 8      29 340
12  10  -1   5 -12  60   0 0.00    M    M 12.3 23 300   M    M   0        32 310
13  16  -8   4 -14  61   0    T    M    M  6.2 24 290   M    M   4 189    33 290
14  37  -4  17  -1  48   0 0.00    M    M  1.7 10 170   M    M   3 8      17 200
15  45  16  31  13  34   0 0.00    M    M  0.5  6 150   M    M   7 18      8 150
16  39  26  33  14  32   0    T    M    M  0.4  8  80   M    M  10 18      8  90
17  39  26  33  14  32   0 0.11    M    M  2.2  9 280   M    M   9 18     17 280
18  38  28  33  14  32   0    T    M    M  8.0 18 300   M    M   8 1      29 290
19  33  19  26   6  39   0 0.00    M    M 11.9 23 310   M    M   0        32 310
20  30  12  21   1  44   0 0.00    M    M  6.8 17 310   M    M   0 8      23 300
21  37   3  20   0  45   0 0.00    M    M  2.6 12 180   M    M   1 8      17 210
22  38  27  33  12  32   0    T    M    M  1.7  8 180   M    M   9 18     13 160
23  38  26  32  11  33   0 0.26    M    M  5.2 18 290   M    M   8 126    29 300
24  41  27  34  12  31   0 0.20    M    M  4.5 15 290   M    M   4 1      24 150
25  36  31  34  12  31   0 0.43    M    M  8.5 21 290   M    M  10 128    31 290
26  31  13  22   0  43   0    T    M    M 16.3 32 300   M    M   2 8      47 290
27  21   7  14  -8  51   0 0.07    M    M  3.5 13 300   M    M   7 18     17 290
28  26   7  17  -6  48   0 0.01    M    M  5.1 16 300   M    M   7 1      22 300
29  30   7  19  -4  46   0    T    M    M  4.1 15 310   M    M   2 8      21 320
================================================================================
SM  917  348      1244   0  1.45    M    159.8          M      138
================================================================================
AV 31.6 12.0                               5.5 FASTST   M    M   5    MAX(MPH)
                                 MISC ---->  # 32 300               # 47  290
================================================================================
NOTES:
# LAST OF SEVERAL OCCURRENCES

COLUMN 17 PEAK WIND IN M.P.H.

PRELIMINARY LOCAL CLIMATOLOGICAL DATA (WS FORM: F-6) , PAGE 2

                                          STATION:  MILLINOCKET ME
                                          MONTH:    FEBRUARY
                                          YEAR:     2012
                                          LATITUDE:   45 39 N
                                          LONGITUDE:  68 41 W

[TEMPERATURE DATA]      [PRECIPITATION DATA]       SYMBOLS USED IN COLUMN 16

AVERAGE MONTHLY: 21.8   TOTAL FOR MONTH:   1.45    1 = FOG OR MIST
DPTR FM NORMAL:   3.5   DPTR FM NORMAL:   -0.73    2 = FOG REDUCING VISIBILITY
HIGHEST:    45 ON 15    GRTST 24HR  0.63 ON 24-25      TO 1/4 MILE OR LESS
LOWEST:     -8 ON 13                               3 = THUNDER
                        SNOW, ICE PELLETS, HAIL    4 = ICE PELLETS
                        TOTAL MONTH:    M          5 = HAIL
                        GRTST 24HR    M  ON   M    6 = FREEZING RAIN OR DRIZZLE
                        GRTST DEPTH:  M  ON   M    7 = DUSTSTORM OR SANDSTORM:
                                                       VSBY 1/2 MILE OR LESS
                                                   8 = SMOKE OR HAZE
[NO. OF DAYS WITH]      [WEATHER - DAYS WITH]      9 = BLOWING SNOW
                                                   X = TORNADO
MAX 32 OR BELOW:  14    0.01 INCH OR MORE:   7
MAX 90 OR ABOVE:   0    0.10 INCH OR MORE:   5
MIN 32 OR BELOW:  29    0.50 INCH OR MORE:   0
MIN  0 OR BELOW:   5    1.00 INCH OR MORE:   0

[HDD (BASE 65) ]
TOTAL THIS MO.  1244    CLEAR  (SCALE 0-3)  13
DPTR FM NORMAL   -62    PTCLDY (SCALE 4-7)  10
TOTAL FM JUL 1  5253    CLOUDY (SCALE 8-10)  6
DPTR FM NORMAL  -841

[CDD (BASE 65) ]
TOTAL THIS MO.     0
DPTR FM NORMAL     0    [PRESSURE DATA]
TOTAL FM JAN 1     0    HIGHEST SLP 30.45 ON 27
DPTR FM NORMAL     0    LOWEST  SLP 28.91 ON 25

[REMARKS]
#FINAL-02-12#
