000
CXUS51 KCAR 010545
CF6MLT
PRELIMINARY LOCAL CLIMATOLOGICAL DATA (WS FORM: F-6)

                                          STATION:   MILLINOCKET ME
                                          MONTH:     JULY
                                          YEAR:      2012
                                          LATITUDE:   45 39 N
                                          LONGITUDE:  68 41 W

  TEMPERATURE IN F:       :PCPN:    SNOW:  WIND      :SUNSHINE: SKY     :PK WND
================================================================================
1   2   3   4   5  6A  6B    7    8   9   10  11  12  13   14  15   16   17  18
                                     12Z  AVG MX 2MIN
DY MAX MIN AVG DEP HDD CDD  WTR  SNW DPTH SPD SPD DIR MIN PSBL S-S WX    SPD DR
================================================================================

 1  83  60  72   5   0   7 0.00    M    M  5.3 15 310   M    M   2        21 320
 2  82  61  72   5   0   7    T    M    M  5.6 18 330   M    M   4 3      29 320
 3  81  58  70   3   0   5 0.00    M    M  2.2  9 330   M    M   3        15 340
 4  74  56  65  -3   0   0 0.09    M    M  1.3  7 320   M    M   6 13     12 300
 5  82  62  72   4   0   7 0.02    M    M  4.7 13 350   M    M   7 1      17  30
 6  84  61  73   5   0   8 0.09    M    M  0.7  8  70   M    M   4 1      10  70
 7  86  64  75   7   0  10 0.07    M    M  4.6 16 330   M    M   2 13     22 310
 8  76  59  68   0   0   3 0.00    M    M  8.0 23 310   M    M   5        31 320
 9  77  56  67  -1   0   2 0.00    M    M  8.5 17 310   M    M   1        25 280
10  80  52  66  -2   0   1    T    M    M  5.1 18 310   M    M   1        26 280
11  82  50  66  -2   0   1 0.00    M    M  1.6 12 260   M    M   0        17 260
12  90  53  72   4   0   7 0.00    M    M  2.8 12 280   M    M   0        18 290
13  91  61  76   8   0  11 0.00    M    M  2.3  9 270   M    M   0        15 270
14  94  64  79  11   0  14    T    M    M  1.9 18 300   M    M   2 3      25 310
15  88  64  76   8   0  11 0.01    M    M  2.5  9 270   M    M   1 3      16 290
16  87  67  77   9   0  12 0.52    M    M  1.8 10  70   M    M   4 1      14  90
17  73  67  70   2   0   5 0.06    M    M  2.0 10 290   M    M   M 128    15 160
18  83  59  71   3   0   6 0.00    M    M  7.5 17 300   M    M   M        28 290
19  74  53  64  -4   1   0 0.00    M    M  7.4 24 300   M    M   M        30 300
20  79  54  67  -1   0   2 0.00    M    M  3.5 14 350   M    M   M        18 340
21  83  50  67  -1   0   2 0.00    M    M  1.5  8 240   M    M   3        14 240
22  86  63  75   7   0  10 0.00    M    M  2.5  9 190   M    M   3        16 240
23  87  63  75   7   0  10 0.02    M    M  4.1 12 160   M    M   4 18     23 230
24  82  61  72   4   0   7 0.01    M    M  5.7 18 300   M    M   7 1      25 290
25  80  58  69   1   0   4 0.00    M    M  7.1 20 300   M    M   1 8      24 320
26  80  61  71   3   0   6 0.00    M    M  2.4  9 180   M    M   4        18 220
27  85  61  73   5   0   8 0.00    M    M  2.0  9 350   M    M   7        15  10
28  75  64  70   2   0   5 0.02    M    M  2.4 10 340   M    M   9        15 350
29  77  63  70   2   0   5 0.01    M    M  0.8  6 180   M    M   6         9 130
30  88  57  73   5   0   8 0.00    M    M  2.0  8 170   M    M   2 12     14 220
31  88  63  76   8   0  11 0.00    M    M  4.1 13 170   M    M   1        22 210
================================================================================
SM 2557 1845         1 195  0.92    M    113.9          M       89
================================================================================
AV 82.5 59.5                               3.7 FASTST   M    M   3    MAX(MPH)
                                 MISC ---->  # 24 300               # 31  320
================================================================================
NOTES:
# LAST OF SEVERAL OCCURRENCES

COLUMN 17 PEAK WIND IN M.P.H.

PRELIMINARY LOCAL CLIMATOLOGICAL DATA (WS FORM: F-6) , PAGE 2

                                          STATION:  MILLINOCKET ME
                                          MONTH:    JULY
                                          YEAR:     2012
                                          LATITUDE:   45 39 N
                                          LONGITUDE:  68 41 W

[TEMPERATURE DATA]      [PRECIPITATION DATA]       SYMBOLS USED IN COLUMN 16

AVERAGE MONTHLY: 71.0   TOTAL FOR MONTH:   0.92    1 = FOG OR MIST
DPTR FM NORMAL:   3.0   DPTR FM NORMAL:   -2.93    2 = FOG REDUCING VISIBILITY
HIGHEST:    94 ON 14    GRTST 24HR  0.53 ON 15-16      TO 1/4 MILE OR LESS
LOWEST:     50 ON 21,11                            3 = THUNDER
                        SNOW, ICE PELLETS, HAIL    4 = ICE PELLETS
                        TOTAL MONTH:    M          5 = HAIL
                        GRTST 24HR    M  ON   M    6 = FREEZING RAIN OR DRIZZLE
                        GRTST DEPTH:  M  ON   M    7 = DUSTSTORM OR SANDSTORM:
                                                       VSBY 1/2 MILE OR LESS
                                                   8 = SMOKE OR HAZE
[NO. OF DAYS WITH]      [WEATHER - DAYS WITH]      9 = BLOWING SNOW
                                                   X = TORNADO
MAX 32 OR BELOW:   0    0.01 INCH OR MORE:  11
MAX 90 OR ABOVE:   3    0.10 INCH OR MORE:   1
MIN 32 OR BELOW:   0    0.50 INCH OR MORE:   1
MIN  0 OR BELOW:   0    1.00 INCH OR MORE:   0

[HDD (BASE 65) ]
TOTAL THIS MO.     1    CLEAR  (SCALE 0-3)  13
DPTR FM NORMAL   -23    PTCLDY (SCALE 4-7)  13
TOTAL FM JUL 1     1    CLOUDY (SCALE 8-10)  1
DPTR FM NORMAL   -23

[CDD (BASE 65) ]
TOTAL THIS MO.   195
DPTR FM NORMAL    78    [PRESSURE DATA]
TOTAL FM JAN 1   258    HIGHEST SLP 30.15 ON 11
DPTR FM NORMAL    86    LOWEST  SLP 29.46 ON 24

[REMARKS]
#FINAL-07-12#
