000
CXUS51 KCAR 290700
CF6MLT
PRELIMINARY LOCAL CLIMATOLOGICAL DATA (WS FORM: F-6)
STATION: MILLINOCKET ME
MONTH: MARCH
YEAR: 2024
LATITUDE: 45 39 N
LONGITUDE: 68 41 W
TEMPERATURE IN F: :PCPN: SNOW: WIND :SUNSHINE: SKY :PK WND
================================================================================
1 2 3 4 5 6A 6B 7 8 9 10 11 12 13 14 15 16 17 18
12Z AVG MX 2MIN
DY MAX MIN AVG DEP HDD CDD WTR SNW DPTH SPD SPD DIR MIN PSBL S-S WX SPD DR
================================================================================
1 27 4 16 -6 49 0 0.00 M M 6.8 23 310 M M 2 35 300
2 49 19 34 11 31 0 0.05 M M 1.5 13 220 M M 4 24 200
3 51 35 43 20 22 0 0.06 M M 3.9 15 20 M M 8 128 23 20
4 48 31 40 17 25 0 0.00 M M 4.4 12 100 M M 3 18 130
5 41 31 36 12 29 0 0.21 M M 2.7 9 190 M M 9 1 17 170
6 48 35 42 18 23 0 0.26 M M 3.6 9 40 M M 10 1 14 10
7 40 32 36 12 29 0 0.27 M M 8.9 15 360 M M 8 1 24 20
8 43 24 34 9 31 0 0.00 M M 5.5 13 30 M M 0 21 50
9 37 20 29 4 36 0 T M M 3.8 10 140 M M 3 1 18 150
10 42 31 37 11 28 0 1.10 M M 10.1 30 110 M M 10 16 52 110
11 41 29 35 9 30 0 T M M 14.8 28 310 M M 10 1 43 290
12 40 28 34 8 31 0 T M M 15.3 25 310 M M 8 38 300
13 52 29 41 15 24 0 0.00 M M 4.7 14 330 M M 1 20 330
14 48 27 38 11 27 0 0.00 M M 1.7 8 160 M M 6 15 180
15 44 28 36 9 29 0 0.02 M M 2.0 9 50 M M 6 1 14 40
16 44 23 34 6 31 0 0.00 M M 1.5 13 320 M M 7 18 320
17 43 33 38 10 27 0 0.65 M M 4.3 12 170 M M 9 1 24 160
18 43 29 36 8 29 0 T M M 6.8 18 300 M M 7 29 270
19 40 26 33 4 32 0 0.00 M M 8.6 21 300 M M 7 33 290
20 40 22 31 2 34 0 0.02 M M 3.4 10 160 M M 8 1 18 140
21 33 18 26 -3 39 0 0.47 M M 14.0 26 300 M M 10 128 54 280
22 28 12 20 -10 45 0 T M M 12.9 28 300 M M 2 45 280
23 21 16 19 -11 46 0 1.19 M M 6.5 17 340 M M 9 12 28 340
24 36 14 25 -5 40 0 M M M 8.3 20 310 M M 2 12 33 300
25 40 7 24 -7 41 0 0.00 M M 3.9 12 110 M M 0 17 90
26 45 24 35 4 30 0 0.01 M M 8.0 16 60 M M 8 1 23 60
27 47 32 40 8 25 0 0.25 M M 2.3 8 80 M M 10 12 12 40
28 46 36 41 9 24 0 0.91 M M 1.8 9 10 M M 10 12 11 10
================================================================================
SM 1157 695 887 0 5.47 M 172.0 M 177
================================================================================
AV 41.3 24.8 6.1 FASTST M M 6 MAX(MPH)
MISC ----> 30 110 54 280
================================================================================
NOTES:
# LAST OF SEVERAL OCCURRENCES
COLUMN 17 PEAK WIND IN M.P.H.
PRELIMINARY LOCAL CLIMATOLOGICAL DATA (WS FORM: F-6) , PAGE 2
STATION: MILLINOCKET ME
MONTH: MARCH
YEAR: 2024
LATITUDE: 45 39 N
LONGITUDE: 68 41 W
[TEMPERATURE DATA] [PRECIPITATION DATA] SYMBOLS USED IN COLUMN 16
AVERAGE MONTHLY: 33.1 TOTAL FOR MONTH: 5.47 1 = FOG OR MIST
DPTR FM NORMAL: 6.0 DPTR FM NORMAL: 2.81 2 = FOG REDUCING VISIBILITY
HIGHEST: 52 ON 13 GRTST 24HR 1.19 ON 23-23 TO 1/4 MILE OR LESS
LOWEST: 4 ON 1 3 = THUNDER
SNOW, ICE PELLETS, HAIL 4 = ICE PELLETS
TOTAL MONTH: M 5 = HAIL
GRTST 24HR M ON M 6 = FREEZING RAIN OR DRIZZLE
GRTST DEPTH: M ON M 7 = DUSTSTORM OR SANDSTORM:
VSBY 1/2 MILE OR LESS
8 = SMOKE OR HAZE
[NO. OF DAYS WITH] [WEATHER - DAYS WITH] 9 = BLOWING SNOW
X = TORNADO
MAX 32 OR BELOW: 3 0.01 INCH OR MORE: 14
MAX 90 OR ABOVE: 0 0.10 INCH OR MORE: 9
MIN 32 OR BELOW: 24 0.50 INCH OR MORE: 4
MIN 0 OR BELOW: 0 1.00 INCH OR MORE: 2
[HDD (BASE 65) ]
TOTAL THIS MO. 887 CLEAR (SCALE 0-3) 8
DPTR FM NORMAL -174 PTCLDY (SCALE 4-7) 10
TOTAL FM JUL 1 6075 CLOUDY (SCALE 8-10) 10
DPTR FM NORMAL -949
[CDD (BASE 65) ]
TOTAL THIS MO. 0
DPTR FM NORMAL 0 [PRESSURE DATA]
TOTAL FM JAN 1 0 HIGHEST SLP M ON M
DPTR FM NORMAL 0 LOWEST SLP 29.03 ON 11
[REMARKS]