000
CXUS54 KMOB 010632
CF6MOB
PRELIMINARY LOCAL CLIMATOLOGICAL DATA (WS FORM: F-6)
STATION: MOBILE
MONTH: JULY
YEAR: 2020
LATITUDE: 30 40 N
LONGITUDE: 88 15 W
TEMPERATURE IN F: :PCPN: SNOW: WIND :SUNSHINE: SKY :PK WND
================================================================================
1 2 3 4 5 6A 6B 7 8 9 10 11 12 13 14 15 16 17 18
12Z AVG MX 2MIN
DY MAX MIN AVG DEP HDD CDD WTR SNW DPTH SPD SPD DIR MIN PSBL S-S WX SPD DR
================================================================================
1 93 69 81 0 0 16 0.96 0.0 0 5.4 33 350 M M 6 138 43 340
2 86 71 79 -3 0 14 0.25 0.0 0 3.8 18 260 M M 6 13 29 300
3 91 71 81 -1 0 16 0.10 0.0 0 3.3 13 10 M M 6 123 18 270
4 90 71 81 -1 0 16 0.03 0.0 0 2.6 12 190 M M 5 13 15 210
5 86 71 79 -3 0 14 0.18 0.0 0 3.8 17 240 M M 5 13 24 220
6 87 72 80 -2 0 15 0.14 0.0 0 3.3 21 230 M M 6 13 28 230
7 87 72 80 -2 0 15 0.17 0.0 0 5.7 17 230 M M 7 138 24 230
8 86 70 78 -4 0 13 0.70 0.0 0 1.2 13 300 M M 6 13 13 300
9 91 71 81 -1 0 16 0.00 0.0 0 4.7 9 220 M M 4 15 290
10 88 77 83 1 0 18 0.00 0.0 0 5.2 16 330 M M 4 18 25 330
11 95 72 84 2 0 19 0.00 0.0 0 5.7 15 360 M M 3 1 22 320
12 95 68 82 0 0 17 0.67 0.0 0 4.4 18 140 M M 4 13 24 110
13 95 73 84 2 0 19 1.62 0.0 0 3.5 25 350 M M 7 13 34 360
14 93 72 83 1 0 18 1.46 0.0 0 2.1 15 30 M M 5 138 19 120
15 91 71 81 -1 0 16 0.51 0.0 0 4.3 26 120 M M 5 13 34 120
16 88 71 80 -2 0 15 0.00 0.0 0 5.3 15 130 M M 5 18 19 130
17 94 71 83 1 0 18 0.00 0.0 0 3.5 14 150 M M 5 3 18 140
18 93 73 83 1 0 18 0.19 0.0 0 2.4 22 130 M M 4 13 39 110
19 90 73 82 0 0 17 0.01 0.0 0 4.0 16 350 M M 4 20 360
20 92 74 83 1 0 18 0.00 0.0 0 5.9 15 360 M M 5 20 360
21 92 76 84 2 0 19 0.00 0.0 0 6.5 16 110 M M 5 23 100
22 92 75 84 2 0 19 0.00 0.0 0 7.7 20 120 M M 5 3 31 120
23 89 72 81 -1 0 16 0.10 0.0 0 10.9 23 100 M M 6 13 40 110
24 84 74 79 -3 0 14 0.18 0.0 0 9.7 23 90 M M 7 18 36 90
25 86 74 80 -2 0 15 T 0.0 0 6.5 18 100 M M 6 3 24 100
26 88 73 81 -1 0 16 T 0.0 0 5.1 12 50 M M 5 3 17 20
27 79 72 76 -6 0 11 0.61 0.0 0 4.6 12 160 M M 7 1 15 150
28 88 72 80 -2 0 15 0.75 0.0 0 7.2 20 170 M M 6 1 25 180
29 85 75 80 -2 0 15 0.19 0.0 0 5.7 17 210 M M 6 13 23 200
30 89 76 83 1 0 18 0.07 0.0 0 6.5 14 310 M M 6 1 21 310
31 91 77 84 2 0 19 0.00 0.0 0 7.4 17 220 M M 3 1 24 190
================================================================================
SM 2774 2249 0 505 8.89 0.0 157.9 M 164
================================================================================
AV 89.5 72.6 5.1 FASTST M M 5 MAX(MPH)
MISC ----> # 33 350 # 43 340
================================================================================
NOTES:
# LAST OF SEVERAL OCCURRENCES
COLUMN 17 PEAK WIND IN M.P.H.
PRELIMINARY LOCAL CLIMATOLOGICAL DATA (WS FORM: F-6) , PAGE 2
STATION: MOBILE
MONTH: JULY
YEAR: 2020
LATITUDE: 30 40 N
LONGITUDE: 88 15 W
[TEMPERATURE DATA] [PRECIPITATION DATA] SYMBOLS USED IN COLUMN 16
AVERAGE MONTHLY: 81.0 TOTAL FOR MONTH: 8.89 1 = FOG OR MIST
DPTR FM NORMAL: -0.8 DPTR FM NORMAL: 1.64 2 = FOG REDUCING VISIBILITY
HIGHEST: 95 ON 13,12 GRTST 24HR 1.62 ON 13-13 TO 1/4 MILE OR LESS
LOWEST: 68 ON 12 3 = THUNDER
SNOW, ICE PELLETS, HAIL 4 = ICE PELLETS
TOTAL MONTH: 0.0 INCH 5 = HAIL
GRTST 24HR 0.0 6 = FREEZING RAIN OR DRIZZLE
GRTST DEPTH: 0 7 = DUSTSTORM OR SANDSTORM:
VSBY 1/2 MILE OR LESS
8 = SMOKE OR HAZE
[NO. OF DAYS WITH] [WEATHER - DAYS WITH] 9 = BLOWING SNOW
X = TORNADO
MAX 32 OR BELOW: 0 0.01 INCH OR MORE: 20
MAX 90 OR ABOVE: 16 0.10 INCH OR MORE: 17
MIN 32 OR BELOW: 0 0.50 INCH OR MORE: 8
MIN 0 OR BELOW: 0 1.00 INCH OR MORE: 2
[HDD (BASE 65) ]
TOTAL THIS MO. 0 CLEAR (SCALE 0-3) 1
DPTR FM NORMAL 0 PTCLDY (SCALE 4-7) 30
TOTAL FM JUL 1 0 CLOUDY (SCALE 8-10) 0
DPTR FM NORMAL 0
[CDD (BASE 65) ]
TOTAL THIS MO. 505
DPTR FM NORMAL -17 [PRESSURE DATA]
TOTAL FM JAN 1 1488 HIGHEST SLP 30.16 ON 17
DPTR FM NORMAL 77 LOWEST SLP 29.80 ON 12
[REMARKS]
#FINAL-07-20#