000
CXUS53 KBIS 010830
CF6MOT
PRELIMINARY LOCAL CLIMATOLOGICAL DATA (WS FORM: F-6)
STATION: MINOT ND
MONTH: OCTOBER
YEAR: 2020
LATITUDE: 48 15 N
LONGITUDE: 101 16 W
TEMPERATURE IN F: :PCPN: SNOW: WIND :SUNSHINE: SKY :PK WND
================================================================================
1 2 3 4 5 6A 6B 7 8 9 10 11 12 13 14 15 16 17 18
12Z AVG MX 2MIN
DY MAX MIN AVG DEP HDD CDD WTR SNW DPTH SPD SPD DIR MIN PSBL S-S WX SPD DR
================================================================================
1 48 35 42 -9 23 0 0.00 M M 8.0 17 320 M M 7 24 320
2 57 37 47 -4 18 0 0.00 M M 5.9 16 150 M M 9 20 160
3 59 35 47 -3 18 0 0.00 M M 3.5 10 20 M M 6 8 15 20
4 74 36 55 5 10 0 0.00 M M 12.8 26 180 M M 0 37 190
5 70 50 60 11 5 0 T M M 18.2 33 300 M M 1 45 270
6 74 51 63 14 2 0 0.00 M M 16.7 30 280 M M 6 39 300
7 65 41 53 5 12 0 0.00 M M 13.8 24 300 M M 2 34 290
8 74 37 56 8 9 0 0.00 M M 10.4 29 160 M M 2 41 160
9 65 37 51 3 14 0 0.00 M M 13.6 24 310 M M 0 32 290
10 72 32 52 5 13 0 0.00 M M 13.0 29 150 M M 0 40 130
11 65 45 55 8 10 0 0.05 M M 15.9 30 270 M M 3 40 260
12 60 36 48 2 17 0 0.01 M M 11.3 18 220 M M 4 26 210
13 58 40 49 3 16 0 0.03 M M 15.7 31 260 M M 2 43 270
14 47 31 39 -7 26 0 0.04 M M 17.0 31 310 M M 5 1 40 300
15 46 30 38 -7 27 0 T M M 19.0 32 280 M M 3 45 280
16 40 27 34 -11 31 0 0.00 M M 12.1 21 260 M M 5 29 260
17 36 24 30 -14 35 0 T M M 14.8 26 310 M M 7 1 35 280
18 31 25 28 -16 37 0 T M M 14.0 23 290 M M 10 1 30 260
19 34 20 27 -16 38 0 T M M 5.8 10 300 M M 6 16 220
20 35 26 31 -12 34 0 0.08 M M 12.3 22 300 M M 10 18 30 290
21 37 22 30 -12 35 0 0.00 M M 8.1 23 290 M M 6 30 270
22 32 18 25 -17 40 0 M M M 8.6 18 320 M M 9 18 24 320
23 29 11 20 -21 45 0 0.00 M M 10.6 20 280 M M 0 25 290
24 26 14 20 -21 45 0 T M M 6.4 14 320 M M 9 18 280
25 27 16 22 -18 43 0 0.00 M M 13.0 22 270 M M 8 29 260
26 31 11 21 -19 44 0 0.00 M M 13.5 24 190 M M 3 34 200
27 52 24 38 -1 27 0 0.01 M M 16.1 29 240 M M 4 44 260
28 47 30 39 0 26 0 0.00 M M 12.6 24 300 M M 9 35 290
29 42 19 31 -7 34 0 0.02 M M 3.8 9 70 M M 6 128 11 70
30 47 36 42 4 23 0 0.00 M M 10.9 23 200 M M 8 128 38 210
31 53 22 38 1 27 0 0.00 M M 25.0 47 290 M M 4 64 280
================================================================================
SM 1533 918 784 0 0.24 M 382.4 M 154
================================================================================
AV 49.5 29.6 12.3 FASTST M M 5 MAX(MPH)
MISC ----> # 47 290 # 64 280
================================================================================
NOTES:
# LAST OF SEVERAL OCCURRENCES
COLUMN 17 PEAK WIND IN M.P.H.
PRELIMINARY LOCAL CLIMATOLOGICAL DATA (WS FORM: F-6) , PAGE 2
STATION: MINOT ND
MONTH: OCTOBER
YEAR: 2020
LATITUDE: 48 15 N
LONGITUDE: 101 16 W
[TEMPERATURE DATA] [PRECIPITATION DATA] SYMBOLS USED IN COLUMN 16
AVERAGE MONTHLY: 39.5 TOTAL FOR MONTH: 0.24 1 = FOG OR MIST
DPTR FM NORMAL: -4.9 DPTR FM NORMAL: -0.92 2 = FOG REDUCING VISIBILITY
HIGHEST: 74 ON 8, 6 GRTST 24HR 0.08 ON 20-20 TO 1/4 MILE OR LESS
LOWEST: 11 ON 26,23 3 = THUNDER
SNOW, ICE PELLETS, HAIL 4 = ICE PELLETS
TOTAL MONTH: M 5 = HAIL
GRTST 24HR M ON M 6 = FREEZING RAIN OR DRIZZLE
GRTST DEPTH: M ON M 7 = DUSTSTORM OR SANDSTORM:
VSBY 1/2 MILE OR LESS
8 = SMOKE OR HAZE
[NO. OF DAYS WITH] [WEATHER - DAYS WITH] 9 = BLOWING SNOW
X = TORNADO
MAX 32 OR BELOW: 6 0.01 INCH OR MORE: 7
MAX 90 OR ABOVE: 0 0.10 INCH OR MORE: 0
MIN 32 OR BELOW: 18 0.50 INCH OR MORE: 0
MIN 0 OR BELOW: 0 1.00 INCH OR MORE: 0
[HDD (BASE 65) ]
TOTAL THIS MO. 784 CLEAR (SCALE 0-3) 11
DPTR FM NORMAL 144 PTCLDY (SCALE 4-7) 14
TOTAL FM JUL 1 1001 CLOUDY (SCALE 8-10) 6
DPTR FM NORMAL 41
[CDD (BASE 65) ]
TOTAL THIS MO. 0
DPTR FM NORMAL -1 [PRESSURE DATA]
TOTAL FM JAN 1 518 HIGHEST SLP 30.57 ON 23
DPTR FM NORMAL 73 LOWEST SLP 29.22 ON 11
[REMARKS]
#FINAL-10-20#