000
CXUS51 KBTV 032108
CF6MPV
PRELIMINARY LOCAL CLIMATOLOGICAL DATA (WS FORM: F-6)
STATION: MONTPELIER VT
MONTH: SEPTEMBER
YEAR: 2023
LATITUDE: 44 12 N
LONGITUDE: 72 34 W
TEMPERATURE IN F: :PCPN: SNOW: WIND :SUNSHINE: SKY :PK WND
================================================================================
1 2 3 4 5 6A 6B 7 8 9 10 11 12 13 14 15 16 17 18
12Z AVG MX 2MIN
DY MAX MIN AVG DEP HDD CDD WTR SNW DPTH SPD SPD DIR MIN PSBL S-S WX SPD DR
================================================================================
1 73 44 59 -3 6 0 0.00 M M 1.5 8 360 M M 3 12 11 330
2 77 47 62 0 3 0 T M M 3.5 14 220 M M 3 12 20 220
3 81 58 70 8 0 5 T M M 2.6 10 300 M M 4 1 15 330
4 85 59 72 10 0 7 0.00 M M 1.1 10 330 M M 4 12 13 340
5 85 62 74 13 0 9 0.00 M M 0.9 6 290 M M 6 12 M M
6 86 64 75 14 0 10 0.00 M M 2.3 13 310 M M 3 12 16 320
7 88 64 76 15 0 11 1.03 M M 3.9 21 180 M M 5 123 30 170
8 82 65 74 14 0 9 0.57 M M 5.1 15 230 M M 4 13 22 240
9 75 61 68 8 0 3 T M M 2.6 12 310 M M 4 1 15 300
10 72 61 67 7 0 2 0.26 M M 3.3 10 180 M M 9 1 14 180
11 70 61 66 7 0 1 0.32 M M 2.7 9 340 M M 10 1 12 340
12 78 59 69 10 0 4 0.00 M M 1.5 10 170 M M 6 12 13 190
13 67 58 63 4 2 0 0.20 M M 1.4 6 260 M M 10 12 M M
14 66 49 58 0 7 0 0.00 M M 3.8 15 310 M M 6 2 21 300
15 65 50 58 0 7 0 0.00 M M 3.9 14 10 M M 3 21 30
16 66 51 59 1 6 0 0.00 M M 10.1 23 310 M M 0 32 300
17 70 47 59 2 6 0 T M M 3.7 13 340 M M 0 16 320
18 58 54 56 -1 9 0 0.47 M M 1.4 7 310 M M 10 1 10 310
19 63 56 60 4 5 0 0.11 M M 8.3 17 300 M M 10 1 28 290
20 65 44 55 -1 10 0 0.00 M M 5.5 16 300 M M 2 2 21 300
21 68 41 55 -1 10 0 0.00 M M 2.4 12 350 M M 4 12 14 360
22 69 45 57 2 8 0 0.00 M M 2.0 13 160 M M 4 12 15 150
23 64 45 55 0 10 0 0.00 M M 0.5 7 330 M M 3 12 8 330
24 64 48 56 2 9 0 T M M 0.4 6 30 M M 8 12 8 10
25 67 46 57 3 8 0 0.00 M M 0.8 8 90 M M 8 12 11 100
26 66 40 53 0 12 0 0.00 M M 1.1 9 330 M M 2 12 12 330
27 68 41 55 2 10 0 0.00 M M 0.3 6 270 M M 4 12 8 310
28 70 41 56 4 9 0 0.00 M M 1.3 8 160 M M 4 12 10 120
29 59 44 52 0 13 0 T M M 1.3 7 190 M M 7 12 10 160
30 71 47 59 7 6 0 0.00 M M 1.3 14 310 M M 4 12 16 310
================================================================================
SM 2138 1552 156 61 2.96 M 80.5 M 150
================================================================================
AV 71.3 51.7 2.7 FASTST M M 5 MAX(MPH)
MISC ----> 23 310 32 300
================================================================================
NOTES:
# LAST OF SEVERAL OCCURRENCES
COLUMN 17 PEAK WIND IN M.P.H.
PRELIMINARY LOCAL CLIMATOLOGICAL DATA (WS FORM: F-6) , PAGE 2
STATION: MONTPELIER VT
MONTH: SEPTEMBER
YEAR: 2023
LATITUDE: 44 12 N
LONGITUDE: 72 34 W
[TEMPERATURE DATA] [PRECIPITATION DATA] SYMBOLS USED IN COLUMN 16
AVERAGE MONTHLY: 61.5 TOTAL FOR MONTH: 2.96 1 = FOG OR MIST
DPTR FM NORMAL: 4.1 DPTR FM NORMAL: -0.37 2 = FOG REDUCING VISIBILITY
HIGHEST: 88 ON 7 GRTST 24HR 1.03 ON 7- 7 TO 1/4 MILE OR LESS
LOWEST: 40 ON 26 3 = THUNDER
SNOW, ICE PELLETS, HAIL 4 = ICE PELLETS
TOTAL MONTH: M 5 = HAIL
GRTST 24HR M ON M 6 = FREEZING RAIN OR DRIZZLE
GRTST DEPTH: M ON M 7 = DUSTSTORM OR SANDSTORM:
VSBY 1/2 MILE OR LESS
8 = SMOKE OR HAZE
[NO. OF DAYS WITH] [WEATHER - DAYS WITH] 9 = BLOWING SNOW
X = TORNADO
MAX 32 OR BELOW: 0 0.01 INCH OR MORE: 7
MAX 90 OR ABOVE: 0 0.10 INCH OR MORE: 7
MIN 32 OR BELOW: 0 0.50 INCH OR MORE: 2
MIN 0 OR BELOW: 0 1.00 INCH OR MORE: 1
[HDD (BASE 65) ]
TOTAL THIS MO. 156 CLEAR (SCALE 0-3) 7
DPTR FM NORMAL -91 PTCLDY (SCALE 4-7) 17
TOTAL FM JUL 1 224 CLOUDY (SCALE 8-10) 6
DPTR FM NORMAL -135
[CDD (BASE 65) ]
TOTAL THIS MO. 61
DPTR FM NORMAL 41 [PRESSURE DATA]
TOTAL FM JAN 1 321 HIGHEST SLP 30.54 ON 26
DPTR FM NORMAL 94 LOWEST SLP 29.73 ON 19
[REMARKS]
#FINAL-09-23#