000
CXUS53 KMQT 011000
CF6MQT
PRELIMINARY LOCAL CLIMATOLOGICAL DATA (WS FORM: F-6)
STATION: MARQUETTE MI
MONTH: FEBRUARY
YEAR: 2022
LATITUDE: 46 31 N
LONGITUDE: 87 33 W
TEMPERATURE IN F: :PCPN: SNOW: WIND :SUNSHINE: SKY :PK WND
================================================================================
1 2 3 4 5 6A 6B 7 8 9 10 11 12 13 14 15 16 17 18
12Z AVG MX 2MIN
DY MAX MIN AVG DEP HDD CDD WTR SNW DPTH SPD SPD DIR MIN PSBL S-S WX SPD DR
================================================================================
1 37 15 26 13 39 0 T T 17 M M M M M M 48 180
2 15 -1 7 -7 58 0 T 0.1 17 M M M M M M 30 270
3 8 -8 0 -14 65 0 0.01 0.1 17 M M M M M M 17 315
4 11 -3 4 -10 61 0 T 0.1 17 M M M M M M 12 225
5 13 -2 6 -8 59 0 0.10 1.6 17 M M M M M M 23 180
6 21 12 17 3 48 0 0.05 1.7 18 M M M M M M 18 180
7 21 -1 10 -4 55 0 0.01 1.2 20 M M M M M M 18 315
8 35 -1 17 3 48 0 0.00 0.0 19 M M M M M M 26 180
9 29 21 25 11 40 0 0.01 0.2 18 M M M M M M 33 270
10 22 14 18 4 47 0 0.04 1.2 17 M M M M M M 30 180
11 27 5 16 1 49 0 0.23 4.2 18 M M M M M M 31 315
12 6 -4 1 -14 64 0 0.17 1.9 19 M M M M M M 9 29 315
13 11 -15 -2 -17 67 0 T T 18 M M M M M M 18 315
14 17 -17 0 -15 65 0 T T 18 M M M M M M 16 315
15 23 -10 7 -9 58 0 0.03 0.5 19 M M M M M M 69 26 180
16 31 18 25 9 40 0 T T 19 M M M M M M 24 270
17 18 3 11 -5 54 0 0.04 1.4 19 M M M M M M 23 315
18 11 -10 1 -15 64 0 0.14 2.9 19 M M M M M M 9 32 270
19 14 2 8 -9 57 0 0.10 1.6 20 M M M M M M 9 40 270
20 32 12 22 5 43 0 0.01 0.5 19 M M M M M M 28 225
21 14 11 13 -4 52 0 0.70 9.7 20 M M M M M M 26 45
22 14 10 12 -6 53 0 1.36 21.6 33 M M M M M M 28 360
23 12 -12 0 -18 65 0 0.31 5.8 42 M M M M M M 25 360
24 16 -15 1 -17 64 0 T 0.3 39 M M M M M M 13 90
25 18 -3 8 -10 57 0 0.01 0.3 37 M M M M M M 17 315
26 32 4 18 -1 47 0 0.00 0.0 34 M M M M M M 9 30 270
27 28 2 15 -4 50 0 T 0.3 31 M M M M M M 28 315
28 24 2 13 -7 52 0 0.12 2.4 30 M M M M M M 6 19 180
================================================================================
SM 560 29 1521 0 3.44 59.6 M M M
================================================================================
AV 20.0 1.0 M FASTST M M M MAX(MPH)
MISC ----> M M 48 180
================================================================================
NOTES:
# LAST OF SEVERAL OCCURRENCES
COLUMN 17 PEAK WIND IN M.P.H.
PRELIMINARY LOCAL CLIMATOLOGICAL DATA (WS FORM: F-6) , PAGE 2
STATION: MARQUETTE MI
MONTH: FEBRUARY
YEAR: 2022
LATITUDE: 46 31 N
LONGITUDE: 87 33 W
[TEMPERATURE DATA] [PRECIPITATION DATA] SYMBOLS USED IN COLUMN 16
AVERAGE MONTHLY: 10.5 TOTAL FOR MONTH: 3.44 1 = FOG OR MIST
DPTR FM NORMAL: -5.3 DPTR FM NORMAL: 1.20 2 = FOG REDUCING VISIBILITY
HIGHEST: 37 ON 1 GRTST 24HR 1.36 ON 22-22 TO 1/4 MILE OR LESS
LOWEST: -17 ON 14 3 = THUNDER
SNOW, ICE PELLETS, HAIL 4 = ICE PELLETS
TOTAL MONTH: 59.6 INCHES 5 = HAIL
GRTST 24HR 21.6 ON 22-22 6 = FREEZING RAIN OR DRIZZLE
GRTST DEPTH: 42 ON 23 7 = DUSTSTORM OR SANDSTORM:
VSBY 1/2 MILE OR LESS
8 = SMOKE OR HAZE
[NO. OF DAYS WITH] [WEATHER - DAYS WITH] 9 = BLOWING SNOW
X = TORNADO
MAX 32 OR BELOW: 26 0.01 INCH OR MORE: 18
MAX 90 OR ABOVE: 0 0.10 INCH OR MORE: 9
MIN 32 OR BELOW: 28 0.50 INCH OR MORE: 2
MIN 0 OR BELOW: 14 1.00 INCH OR MORE: 1
[HDD (BASE 65) ]
TOTAL THIS MO. 1521 CLEAR (SCALE 0-3) 0
DPTR FM NORMAL 145 PTCLDY (SCALE 4-7) 0
TOTAL FM JUL 1 6259 CLOUDY (SCALE 8-10) 28
DPTR FM NORMAL -241
[CDD (BASE 65) ]
TOTAL THIS MO. 0
DPTR FM NORMAL 0 [PRESSURE DATA]
TOTAL FM JAN 1 0 HIGHEST SLP M ON M
DPTR FM NORMAL 0 LOWEST SLP M ON M
[REMARKS]
#FINAL-02-22#