000
CXUS53 KMKX 021653
CF6MSN
PRELIMINARY LOCAL CLIMATOLOGICAL DATA (WS FORM: F-6)
STATION: MADISON WI
MONTH: JUNE
YEAR: 2021
LATITUDE: 43 7 N
LONGITUDE: 89 20 W
TEMPERATURE IN F: :PCPN: SNOW: WIND :SUNSHINE: SKY :PK WND
================================================================================
1 2 3 4 5 6A 6B 7 8 9 10 11 12 13 14 15 16 17 18
12Z AVG MX 2MIN
DY MAX MIN AVG DEP HDD CDD WTR SNW DPTH SPD SPD DIR MIN PSBL S-S WX SPD DR
================================================================================
1 77 55 66 2 0 1 0.00 0.0 0 4.8 14 170 M M 3 8 21 170
2 80 49 65 1 0 0 0.00 0.0 0 1.9 10 160 M M 4 13 160
3 87 58 73 9 0 8 0.01 0.0 0 6.6 18 60 M M 5 27 300
4 89 69 79 14 0 14 T 0.0 0 8.2 15 220 M M 4 28 250
5 92 69 81 16 0 16 0.00 0.0 0 7.4 14 220 M M 4 22 230
6 89 72 81 16 0 16 0.00 0.0 0 8.1 21 190 M M 4 31 200
7 84 71 78 12 0 13 0.03 0.0 0 5.9 18 210 M M 6 3 31 240
8 91 68 80 14 0 15 0.00 0.0 0 3.5 20 160 M M 5 23 150
9 92 67 80 14 0 15 0.00 0.0 0 6.3 16 90 M M 3 20 90
10 92 65 79 12 0 14 0.00 0.0 0 3.6 13 360 M M 3 18 10
11 94 67 81 14 0 16 0.06 0.0 0 2.5 20 280 M M 4 13 40 290
12 87 60 74 7 0 9 0.00 0.0 0 5.5 15 10 M M 2 18 22 310
13 88 54 71 3 0 6 0.00 0.0 0 4.5 14 210 M M 1 23 200
14 84 57 71 3 0 6 0.00 0.0 0 7.9 26 20 M M 4 33 20
15 82 58 70 2 0 5 0.00 0.0 0 5.2 16 50 M M 6 21 50
16 82 50 66 -2 0 1 0.00 0.0 0 3.8 12 170 M M 1 16 160
17 91 58 75 6 0 10 0.04 0.0 0 10.6 23 170 M M 5 3 33 160
18 88 68 78 9 0 13 1.44 0.0 0 6.4 29 40 M M 6 13 39 40
19 82 62 72 3 0 7 0.04 0.0 0 6.0 14 10 M M 3 3 19 20
20 76 58 67 -2 0 2 0.41 0.0 0 3.6 23 150 M M 8 1 29 140
21 69 51 60 -10 5 0 0.00 0.0 0 10.8 22 330 M M 8 35 310
22 72 46 59 -11 6 0 0.00 0.0 0 4.3 16 320 M M 4 25 270
23 78 56 67 -3 0 2 0.04 0.0 0 10.6 21 190 M M 7 31 200
24 76 67 72 2 0 7 0.33 0.0 0 10.4 20 180 M M 10 13 27 190
25 83 68 76 6 0 11 1.15 0.0 0 4.5 17 140 M M 8 13 24 160
26 75 71 73 2 0 8 0.58 0.0 0 6.9 14 200 M M 9 1 22 200
27 78 65 72 1 0 7 0.01 0.0 0 5.0 13 320 M M 8 1 22 220
28 79 65 72 1 0 7 0.00 0.0 0 5.8 14 170 M M 6 17 140
29 77 69 73 2 0 8 0.46 0.0 0 4.2 12 180 M M 9 13 17 240
30 85 66 76 5 0 11 T 0.0 M 2.2 12 50 M M 8 1 16 320
================================================================================
SM 2499 1859 11 248 4.60 0.0 177.0 M 158
================================================================================
AV 83.3 62.0 5.9 FASTST M M 5 MAX(MPH)
MISC ----> 29 40 40 290
================================================================================
NOTES:
# LAST OF SEVERAL OCCURRENCES
COLUMN 17 PEAK WIND IN M.P.H.
PRELIMINARY LOCAL CLIMATOLOGICAL DATA (WS FORM: F-6) , PAGE 2
STATION: MADISON WI
MONTH: JUNE
YEAR: 2021
LATITUDE: 43 7 N
LONGITUDE: 89 20 W
[TEMPERATURE DATA] [PRECIPITATION DATA] SYMBOLS USED IN COLUMN 16
AVERAGE MONTHLY: 72.6 TOTAL FOR MONTH: 4.60 1 = FOG OR MIST
DPTR FM NORMAL: 4.6 DPTR FM NORMAL: -0.68 2 = FOG REDUCING VISIBILITY
HIGHEST: 94 ON 11 GRTST 24HR 1.70 ON 25-26 TO 1/4 MILE OR LESS
LOWEST: 46 ON 22 3 = THUNDER
SNOW, ICE PELLETS, HAIL 4 = ICE PELLETS
TOTAL MONTH: 0.0 INCH 5 = HAIL
GRTST 24HR 0.0 6 = FREEZING RAIN OR DRIZZLE
GRTST DEPTH: 0 7 = DUSTSTORM OR SANDSTORM:
VSBY 1/2 MILE OR LESS
8 = SMOKE OR HAZE
[NO. OF DAYS WITH] [WEATHER - DAYS WITH] 9 = BLOWING SNOW
X = TORNADO
MAX 32 OR BELOW: 0 0.01 INCH OR MORE: 13
MAX 90 OR ABOVE: 6 0.10 INCH OR MORE: 6
MIN 32 OR BELOW: 0 0.50 INCH OR MORE: 3
MIN 0 OR BELOW: 0 1.00 INCH OR MORE: 2
[HDD (BASE 65) ]
TOTAL THIS MO. 11 CLEAR (SCALE 0-3) 6
DPTR FM NORMAL -36 PTCLDY (SCALE 4-7) 21
TOTAL FM JUL 1 7013 CLOUDY (SCALE 8-10) 3
DPTR FM NORMAL -127
[CDD (BASE 65) ]
TOTAL THIS MO. 248
DPTR FM NORMAL 111 [PRESSURE DATA]
TOTAL FM JAN 1 309 HIGHEST SLP 30.20 ON 1
DPTR FM NORMAL 133 LOWEST SLP 29.41 ON 20
[REMARKS]
#FINAL-06-21#