841
CXUS53 KMKX 010910
CF6MSN
PRELIMINARY LOCAL CLIMATOLOGICAL DATA (WS FORM: F-6)
STATION: MADISON WI
MONTH: JULY
YEAR: 2020
LATITUDE: 43 7 N
LONGITUDE: 89 20 W
TEMPERATURE IN F: :PCPN: SNOW: WIND :SUNSHINE: SKY :PK WND
================================================================================
1 2 3 4 5 6A 6B 7 8 9 10 11 12 13 14 15 16 17 18
12Z AVG MX 2MIN
DY MAX MIN AVG DEP HDD CDD WTR SNW DPTH SPD SPD DIR MIN PSBL S-S WX SPD DR
================================================================================
1 87 64 76 5 0 11 0.00 0.0 0 6.6 16 110 M M 5 22 80
2 89 62 76 5 0 11 0.00 0.0 0 2.2 8 140 M M 5 12 140
3 91 65 78 7 0 13 0.00 0.0 0 2.6 16 80 M M 5 18 22 90
4 89 66 78 7 0 13 0.00 0.0 0 3.3 10 130 M M 3 18 15 120
5 90 66 78 7 0 13 0.00 0.0 0 2.2 9 230 M M 4 18 13 220
6 91 68 80 9 0 15 0.00 0.0 0 2.8 10 10 M M 3 1 14 260
7 91 69 80 8 0 15 2.17 0.0 0 5.6 30 360 M M 5 13 40 360
8 90 66 78 6 0 13 0.00 0.0 0 5.7 16 170 M M 4 1 21 200
9 90 68 79 7 0 14 1.97 0.0 0 6.0 20 110 M M 7 13 34 200
10 83 67 75 3 0 10 0.46 0.0 0 6.9 16 320 M M 6 1 27 330
11 84 63 74 2 0 9 0.00 0.0 0 2.8 9 250 M M 5 14 290
12 81 62 72 0 0 7 0.00 0.0 0 6.8 16 20 M M 3 20 360
13 82 59 71 -1 0 6 0.00 0.0 0 4.4 13 160 M M 4 1 18 160
14 83 69 76 4 0 11 0.78 0.0 0 12.1 23 150 M M 6 13 28 180
15 73 65 69 -3 0 4 0.56 0.0 0 6.9 16 10 M M 8 13 21 10
16 83 65 74 2 0 9 T 0.0 0 3.8 10 180 M M 6 1 14 160
17 86 66 76 4 0 11 0.00 0.0 0 6.9 15 190 M M 4 21 170
18 88 75 82 10 0 17 0.10 0.0 0 10.9 20 180 M M 6 13 30 190
19 83 71 77 5 0 12 0.00 0.0 0 7.0 16 310 M M 6 25 260
20 79 63 71 0 0 6 0.00 0.0 0 4.0 12 340 M M 5 16 330
21 79 62 71 0 0 6 T 0.0 0 8.6 20 160 M M 7 26 170
22 81 58 70 -1 0 5 0.00 0.0 0 5.8 14 350 M M 5 21 360
23 81 56 69 -2 0 4 0.00 0.0 0 4.1 13 40 M M 5 17 350
24 84 59 72 1 0 7 0.00 0.0 0 3.7 13 160 M M 3 1 18 170
25 89 70 80 9 0 15 0.00 0.0 0 7.7 16 180 M M 5 23 170
26 92 73 83 12 0 18 1.55 0.0 0 7.1 22 10 M M 6 13 31 320
27 83 69 76 5 0 11 0.00 0.0 0 5.4 15 310 M M 4 1 23 320
28 85 63 74 3 0 9 0.00 0.0 0 5.2 15 220 M M 6 26 220
29 85 65 75 4 0 10 0.00 0.0 0 1.8 9 20 M M 5 12 20
30 82 62 72 1 0 7 0.00 0.0 0 7.4 18 50 M M 6 12 24 40
31 81 58 70 -1 0 5 0.00 0.0 0 5.6 14 10 M M 6 21 30
================================================================================
SM 2635 2014 0 317 7.59 0.0 171.9 M 158
================================================================================
AV 85.0 65.0 5.5 FASTST M M 5 MAX(MPH)
MISC ----> # 30 360 # 40 360
================================================================================
NOTES:
# LAST OF SEVERAL OCCURRENCES
COLUMN 17 PEAK WIND IN M.P.H.
PRELIMINARY LOCAL CLIMATOLOGICAL DATA (WS FORM: F-6) , PAGE 2
STATION: MADISON WI
MONTH: JULY
YEAR: 2020
LATITUDE: 43 7 N
LONGITUDE: 89 20 W
[TEMPERATURE DATA] [PRECIPITATION DATA] SYMBOLS USED IN COLUMN 16
AVERAGE MONTHLY: 75.0 TOTAL FOR MONTH: 7.59 1 = FOG OR MIST
DPTR FM NORMAL: 3.7 DPTR FM NORMAL: 3.41 2 = FOG REDUCING VISIBILITY
HIGHEST: 92 ON 26 GRTST 24HR 2.17 ON 7- 7 TO 1/4 MILE OR LESS
LOWEST: 56 ON 23 3 = THUNDER
SNOW, ICE PELLETS, HAIL 4 = ICE PELLETS
TOTAL MONTH: 0.0 INCH 5 = HAIL
GRTST 24HR 0.0 6 = FREEZING RAIN OR DRIZZLE
GRTST DEPTH: 0 7 = DUSTSTORM OR SANDSTORM:
VSBY 1/2 MILE OR LESS
8 = SMOKE OR HAZE
[NO. OF DAYS WITH] [WEATHER - DAYS WITH] 9 = BLOWING SNOW
X = TORNADO
MAX 32 OR BELOW: 0 0.01 INCH OR MORE: 7
MAX 90 OR ABOVE: 7 0.10 INCH OR MORE: 7
MIN 32 OR BELOW: 0 0.50 INCH OR MORE: 5
MIN 0 OR BELOW: 0 1.00 INCH OR MORE: 3
[HDD (BASE 65) ]
TOTAL THIS MO. 0 CLEAR (SCALE 0-3) 3
DPTR FM NORMAL -10 PTCLDY (SCALE 4-7) 28
TOTAL FM JUL 1 0 CLOUDY (SCALE 8-10) 0
DPTR FM NORMAL -10
[CDD (BASE 65) ]
TOTAL THIS MO. 317
DPTR FM NORMAL 111 [PRESSURE DATA]
TOTAL FM JAN 1 526 HIGHEST SLP 30.18 ON 24
DPTR FM NORMAL 170 LOWEST SLP 29.69 ON 19
[REMARKS]
#FINAL-07-20#