000
CXUS53 KMPX 010653
CLMMSP
CLIMATE REPORT
NATIONAL WEATHER SERVICE TWIN CITIES/CHANHASSEN MN
153 AM CDT THU JUN 01 2023
...................................
...THE TWIN CITIES MN CLIMATE SUMMARY FOR THE MONTH OF MAY 2023...
CLIMATE NORMAL PERIOD 1991 TO 2020
CLIMATE RECORD PERIOD 1871 TO 2023
WEATHER OBSERVED NORMAL DEPART LAST YEAR`S
VALUE DATE(S) VALUE FROM VALUE DATE(S)
NORMAL
................................................................
TEMPERATURE (F)
RECORD
HIGH 106 05/31/1934
LOW 18 05/03/1967
HIGHEST 90 05/30 81 9 92 05/12
05/31
LOWEST 38 05/03 38 0 39 05/02
AVG. MAXIMUM 74.7 69.2 5.5 70.7
AVG. MINIMUM 53.7 49.9 3.8 51.3
MEAN 64.2 59.5 4.7 61.0
DAYS MAX >= 90 2 0.8 1.2 2
DAYS MAX <= 32 0 0.0 0.0 0
DAYS MIN <= 32 0 0.5 -0.5 0
DAYS MIN <= 0 0 0.0 0.0 0
PRECIPITATION (INCHES)
RECORD
MAXIMUM 10.33 1906
MINIMUM 0.21 1934
TOTALS 1.62 3.91 -2.29 3.33
DAILY AVG. 0.05 0.13 -0.08 0.11
DAYS >= .01 7 12.4 -5.4 13
DAYS >= .10 5 8.0 -3.0 4
DAYS >= .50 1 2.6 -1.6 2
DAYS >= 1.00 0 0.7 -0.7 1
GREATEST
24 HR. TOTAL 0.76 05/13 TO 05/14
SNOWFALL (INCHES)
RECORDS
TOTAL 3.0 5
TOTALS 0.0 0.0 0.0 T
SINCE 7/1 90.3 51.2 39.1 MM
SNOWDEPTH AVG. 0 0
DAYS >= 1.0 0 0.0 0.0 0
GREATEST
SNOW DEPTH 0 0 MM
24 HR TOTAL MM
DEGREE DAYS
HEATING TOTAL 99 214 -115 180
SINCE 7/1 7244 7365 -121 MM
COOLING TOTAL 81 45 36 65
SINCE 1/1 109 49 60 MM
................................................................
WIND (MPH)
AVERAGE WIND SPEED 9.1
HIGHEST WIND SPEED/DIRECTION 31/360 DATE 05/01
HIGHEST GUST SPEED/DIRECTION 44/310 DATE 05/01
SKY COVER
POSSIBLE SUNSHINE (PERCENT) MM
AVERAGE SKY COVER 0.48
NUMBER OF DAYS FAIR 10
NUMBER OF DAYS PC 15
NUMBER OF DAYS CLOUDY 6
AVERAGE RH (PERCENT) 55
WEATHER CONDITIONS. NUMBER OF DAYS WITH
THUNDERSTORM 4 MIXED PRECIP 0
HEAVY RAIN 1 RAIN 2
LIGHT RAIN 8 FREEZING RAIN 0
LT FREEZING RAIN 0 HAIL 0
HEAVY SNOW 0 SNOW 0
LIGHT SNOW 0 SLEET 0
FOG 7 FOG W/VIS <= 1/4 MILE 0
HAZE 5
- INDICATES NEGATIVE NUMBERS.
R INDICATES RECORD WAS SET OR TIED.
MM INDICATES DATA IS MISSING.
T INDICATES TRACE AMOUNT.
$$