000
CXUS51 KBTV 010700
CF6MSS
PRELIMINARY LOCAL CLIMATOLOGICAL DATA (WS FORM: F-6)
STATION: MASSENA NY
MONTH: JUNE
YEAR: 2020
LATITUDE: 44 55 N
LONGITUDE: 74 51 W
TEMPERATURE IN F: :PCPN: SNOW: WIND :SUNSHINE: SKY :PK WND
================================================================================
1 2 3 4 5 6A 6B 7 8 9 10 11 12 13 14 15 16 17 18
12Z AVG MX 2MIN
DY MAX MIN AVG DEP HDD CDD WTR SNW DPTH SPD SPD DIR MIN PSBL S-S WX SPD DR
================================================================================
1 62 38 50 -10 15 0 0.01 M M 5.5 15 270 M M 4 23 280
2 67 44 56 -4 9 0 T M M 3.7 13 200 M M 8 16 230
3 67 50 59 -2 6 0 T M M 3.0 8 270 M M 9 12 13 270
4 78 48 63 2 2 0 T M M 6.1 15 230 M M 5 12 18 230
5 85 52 69 8 0 4 T M M 6.1 16 280 M M 2 1 22 240
6 80 55 68 6 0 3 0.17 M M 6.6 26 280 M M 6 13 34 320
7 72 46 59 -3 6 0 0.00 M M 5.4 16 280 M M 4 20 310
8 73 42 58 -4 7 0 0.00 M M 6.7 14 250 M M 2 19 250
9 71 55 63 0 2 0 0.11 M M 2.7 9 60 M M 7 1 12 50
10 88 55 72 9 0 7 T M M 9.9 20 180 M M 2 30 180
11 81 58 70 7 0 5 T M M 16.2 36 220 M M 4 50 230
12 69 48 59 -5 6 0 0.01 M M 13.7 26 250 M M 6 35 240
13 61 43 52 -12 13 0 T M M 6.2 16 300 M M 9 25 290
14 70 42 56 -8 9 0 0.00 M M 4.5 16 90 M M 2 21 60
15 74 37 56 -8 9 0 0.00 M M 3.0 13 20 M M 0 1 17 90
16 81 42 62 -3 3 0 0.00 M M 2.2 12 310 M M 0 1 14 310
17 86 47 67 2 0 2 0.00 M M 2.9 12 280 M M 0 1 14 290
18 91 51 71 6 0 6 0.00 M M 3.8 13 270 M M 0 16 290
19 89 59 74 9 0 9 0.00 M M 6.7 15 270 M M 0 22 260
20 90 57 74 8 0 9 0.00 M M 4.8 16 150 M M 0 21 140
21 90 60 75 9 0 10 T M M 3.4 14 280 M M 1 13 19 270
22 94 62 78 12 0 13 0.00 M M 4.5 17 320 M M 0 1 21 330
23 92 64 78 12 0 13 T M M 5.4 20 200 M M 2 25 210
24 74 60 67 0 0 2 0.02 M M 15.2 29 220 M M 9 39 210
25 78 58 68 1 0 3 T M M 12.0 22 220 M M 5 30 220
26 82 57 70 3 0 5 T M M 9.7 18 220 M M 2 26 210
27 82 61 72 5 0 7 0.02 M M 5.8 17 220 M M 3 1 23 210
28 83 59 71 3 0 6 0.43 M M 3.7 17 360 M M 4 123 23 340
29 75 56 66 -2 0 1 T M M 5.8 15 50 M M 6 1 20 30
30 75 60 68 0 0 3 0.00 M M 8.2 17 50 M M 8 22 10
================================================================================
SM 2360 1566 87 108 0.77 M 193.4 M 110
================================================================================
AV 78.7 52.2 6.4 FASTST M M 4 MAX(MPH)
MISC ----> 36 220 50 230
================================================================================
NOTES:
# LAST OF SEVERAL OCCURRENCES
COLUMN 17 PEAK WIND IN M.P.H.
PRELIMINARY LOCAL CLIMATOLOGICAL DATA (WS FORM: F-6) , PAGE 2
STATION: MASSENA NY
MONTH: JUNE
YEAR: 2020
LATITUDE: 44 55 N
LONGITUDE: 74 51 W
[TEMPERATURE DATA] [PRECIPITATION DATA] SYMBOLS USED IN COLUMN 16
AVERAGE MONTHLY: 65.4 TOTAL FOR MONTH: 0.77 1 = FOG OR MIST
DPTR FM NORMAL: 1.1 DPTR FM NORMAL: -2.75 2 = FOG REDUCING VISIBILITY
HIGHEST: 94 ON 22 GRTST 24HR 0.44 ON 27-28 TO 1/4 MILE OR LESS
LOWEST: 37 ON 15 3 = THUNDER
SNOW, ICE PELLETS, HAIL 4 = ICE PELLETS
TOTAL MONTH: M 5 = HAIL
GRTST 24HR M ON M 6 = FREEZING RAIN OR DRIZZLE
GRTST DEPTH: M ON M 7 = DUSTSTORM OR SANDSTORM:
VSBY 1/2 MILE OR LESS
8 = SMOKE OR HAZE
[NO. OF DAYS WITH] [WEATHER - DAYS WITH] 9 = BLOWING SNOW
X = TORNADO
MAX 32 OR BELOW: 0 0.01 INCH OR MORE: 7
MAX 90 OR ABOVE: 5 0.10 INCH OR MORE: 3
MIN 32 OR BELOW: 0 0.50 INCH OR MORE: 0
MIN 0 OR BELOW: 0 1.00 INCH OR MORE: 0
[HDD (BASE 65) ]
TOTAL THIS MO. 87 CLEAR (SCALE 0-3) 15
DPTR FM NORMAL -9 PTCLDY (SCALE 4-7) 11
TOTAL FM JUL 1 7757 CLOUDY (SCALE 8-10) 4
DPTR FM NORMAL -439
[CDD (BASE 65) ]
TOTAL THIS MO. 108
DPTR FM NORMAL 33 [PRESSURE DATA]
TOTAL FM JAN 1 149 HIGHEST SLP M ON M
DPTR FM NORMAL 60 LOWEST SLP 29.53 ON 23
[REMARKS]
#FINAL-06-20#