000
CXUS53 KILX 010900
CF6MTO
PRELIMINARY LOCAL CLIMATOLOGICAL DATA (WS FORM: F-6)
STATION: MATTOON IL AIRPORT
MONTH: JULY
YEAR: 2022
LATITUDE: 39 28 N
LONGITUDE: 88 17 W
TEMPERATURE IN F: :PCPN: SNOW: WIND :SUNSHINE: SKY :PK WND
================================================================================
1 2 3 4 5 6A 6B 7 8 9 10 11 12 13 14 15 16 17 18
12Z AVG MX 2MIN
DY MAX MIN AVG DEP HDD CDD WTR SNW DPTH SPD SPD DIR MIN PSBL S-S WX SPD DR
================================================================================
1 93 70 82 7 0 17 0.57 M M 7.7 16 360 M M 2 13 22 340
2 83 70 77 1 0 12 0.01 M M 5.2 13 60 M M 4 1 16 70
3 87 65 76 0 0 11 0.00 M M 4.6 13 120 M M 2 17 90
4 91 66 79 3 0 14 0.00 M M 7.7 15 160 M M 1 20 180
5 98 78 88 12 0 23 0.00 M M 6.9 12 210 M M 1 18 220
6 86 76 81 5 0 16 0.25 M M 5.4 24 300 M M 2 1 39 270
7 81 73 77 1 0 12 1.88 M M 3.6 16 220 M M 6 123 29 230
8 84 71 78 2 0 13 1.35 M M 6.9 29 310 M M 8 13 39 340
9 83 66 75 -1 0 10 T M M 11.0 18 60 M M 6 18 24 70
10 83 61 72 -4 0 7 0.00 M M 4.4 13 60 M M 0 1 17 20
11 88 66 77 1 0 12 0.00 M M 6.8 16 200 M M 1 3 23 190
12 83 69 76 0 0 11 0.00 M M 8.6 18 320 M M 2 28 350
13 86 66 76 0 0 11 0.00 M M 4.4 17 350 M M 2 3 31 10
14 85 65 75 -1 0 10 T M M 3.0 14 350 M M 3 1 18 350
15 80 66 73 -3 0 8 0.28 M M 6.2 14 170 M M 6 13 20 170
16 90 70 80 4 0 15 0.02 M M 7.5 14 190 M M 3 3 21 180
17 79 67 73 -3 0 8 0.71 M M 5.1 13 270 M M 6 1 23 230
18 85 67 76 0 0 11 0.00 M M 5.0 12 360 M M 4 128 17 350
19 86 66 76 0 0 11 0.00 M M 5.0 14 160 M M 0 1 18 170
20 90 71 81 5 0 16 0.00 M M 9.2 18 290 M M 1 1 33 260
21 88 65 77 1 0 12 0.00 M M 6.4 13 270 M M 0 18 20 290
22 88 71 80 4 0 15 0.00 M M 5.1 10 330 M M 0 14 160
23 92 76 84 8 0 19 0.00 M M 8.6 15 110 M M 0 1 21 180
24 90 71 81 5 0 16 0.00 M M 8.0 17 200 M M 2 138 24 200
25 75 64 70 -6 0 5 0.00 M M 3.8 10 330 M M 3 1 12 340
26 76 64 70 -6 0 5 0.00 M M 4.3 9 150 M M 8 1 14 160
27 82 70 76 1 0 11 0.00 M M 6.5 17 300 M M 5 1 25 290
28 87 69 78 3 0 13 0.01 M M 4.6 10 330 M M 3 12 14 330
29 80 62 71 -4 0 6 0.00 M M 5.5 16 310 M M 2 23 320
30 81 59 70 -5 0 5 0.00 M M 1.7 10 140 M M 1 14 140
31 82 63 73 -2 0 8 0.00 M M 5.5 12 160 M M 4 1 16 180
================================================================================
SM 2642 2103 0 363 5.08 M 184.2 M 88
================================================================================
AV 85.2 67.8 5.9 FASTST M M 3 MAX(MPH)
MISC ----> 29 310 # 39 270
================================================================================
NOTES:
# LAST OF SEVERAL OCCURRENCES
COLUMN 17 PEAK WIND IN M.P.H.
PRELIMINARY LOCAL CLIMATOLOGICAL DATA (WS FORM: F-6) , PAGE 2
STATION: MATTOON IL AIRPORT
MONTH: JULY
YEAR: 2022
LATITUDE: 39 28 N
LONGITUDE: 88 17 W
[TEMPERATURE DATA] [PRECIPITATION DATA] SYMBOLS USED IN COLUMN 16
AVERAGE MONTHLY: 76.5 TOTAL FOR MONTH: 5.08 1 = FOG OR MIST
DPTR FM NORMAL: 0.8 DPTR FM NORMAL: 1.12 2 = FOG REDUCING VISIBILITY
HIGHEST: 98 ON 5 GRTST 24HR 3.19 ON 7- 8 TO 1/4 MILE OR LESS
LOWEST: 59 ON 30 3 = THUNDER
SNOW, ICE PELLETS, HAIL 4 = ICE PELLETS
TOTAL MONTH: M 5 = HAIL
GRTST 24HR M ON M 6 = FREEZING RAIN OR DRIZZLE
GRTST DEPTH: M ON M 7 = DUSTSTORM OR SANDSTORM:
VSBY 1/2 MILE OR LESS
8 = SMOKE OR HAZE
[NO. OF DAYS WITH] [WEATHER - DAYS WITH] 9 = BLOWING SNOW
X = TORNADO
MAX 32 OR BELOW: 0 0.01 INCH OR MORE: 9
MAX 90 OR ABOVE: 7 0.10 INCH OR MORE: 6
MIN 32 OR BELOW: 0 0.50 INCH OR MORE: 4
MIN 0 OR BELOW: 0 1.00 INCH OR MORE: 2
[HDD (BASE 65) ]
TOTAL THIS MO. 0 CLEAR (SCALE 0-3) 20
DPTR FM NORMAL -1 PTCLDY (SCALE 4-7) 11
TOTAL FM JUL 1 0 CLOUDY (SCALE 8-10) 0
DPTR FM NORMAL 0
[CDD (BASE 65) ]
TOTAL THIS MO. 363
DPTR FM NORMAL 32 [PRESSURE DATA]
TOTAL FM JAN 1 808 HIGHEST SLP 30.21 ON 30
DPTR FM NORMAL 127 LOWEST SLP 29.68 ON 20
[REMARKS]
#FINAL-07-22#