000
CXUS53 KILX 011554
CLSMTO
CLIMATE REPORT
NATIONAL WEATHER SERVICE LINCOLN IL
1054 AM CDT THU SEP 01 2022
...................................
...THE MATTOON IL AIRPORT CLIMATE SUMMARY FOR THE SEASON, FROM
6/1/2022 TO 8/31/2022...
CLIMATE NORMAL PERIOD 1991 TO 2020
CLIMATE RECORD PERIOD 9999 TO 9999
WEATHER OBSERVED NORMAL DEPART LAST YEAR`S
VALUE DATE(S) VALUE FROM VALUE
NORMAL
..............................................................
TEMPERATURE (F)
RECORD
HIGH MM MM
LOW MM MM
HIGHEST 98 07/05 MM MM 96
LOWEST 52 06/19 MM MM 50
AVG. MAXIMUM 84.9 84.2 0.7 84.6
AVG. MINIMUM 65.0 64.0 1.0 66.1
MEAN 74.9 74.1 0.8 75.3
DAYS MAX >= 90 19 16.5 2.5 12
DAYS MAX <= 32 0 0.0 0.0 0
DAYS MIN <= 32 0 0.0 0.0 0
DAYS MIN <= 0 0 0.0 0.0 0
PRECIPITATION (INCHES)
RECORD
MAXIMUM MM MM
MINIMUM MM MM
TOTALS 11.75 11.10 0.65 18.68
DAILY AVG. 0.13 0.21
DAYS >= .01 29 28.9 0.1 32
DAYS >= .10 17 16.8 0.2 23
DAYS >= .50 9 8.2 0.8 13
DAYS >= 1.00 4 2.8 1.2 5
GREATEST
24 HR. TOTAL 3.19 3.37
DEGREE DAYS
HEATING TOTAL 0 15 -15 4
SINCE 7/1 0 1 -1 MM
COOLING TOTAL 937 852 85 979
SINCE 1/1 1091 958 133 MM
FREEZE DATES
RECORD
EARLIEST MM
LATEST MM
EARLIEST MM
LATEST 04/19
..............................................................
WIND (MPH)
AVERAGE WIND SPEED 6.1
HIGHEST WIND SPEED/DIRECTION 33/330 DATE 06/25
HIGHEST GUST SPEED/DIRECTION 52/270 DATE 08/02
SKY COVER
POSSIBLE SUNSHINE (PERCENT) MM
AVERAGE SKY COVER 0.25
NUMBER OF DAYS FAIR 63
NUMBER OF DAYS PC 24
NUMBER OF DAYS CLOUDY 5
AVERAGE RH (PERCENT) 71
WEATHER CONDITIONS. NUMBER OF DAYS WITH
THUNDERSTORM 24 MIXED PRECIP 0
HEAVY RAIN 16 RAIN 13
LIGHT RAIN 36 FREEZING RAIN 0
LT FREEZING RAIN 0 HAIL 0
HEAVY SNOW 0 SNOW 0
LIGHT SNOW 0 SLEET 0
FOG 51 FOG W/VIS <= 1/4 MILE 8
HAZE 13
- INDICATES NEGATIVE NUMBERS.
R INDICATES RECORD WAS SET OR TIED.
MM INDICATES DATA IS MISSING.
T INDICATES TRACE AMOUNT.
$$
ERWIN