000
CXUS53 KGRB 300801
CF6MTW
PRELIMINARY LOCAL CLIMATOLOGICAL DATA (WS FORM: F-6)
STATION: MANITOWOC AWOS
MONTH: APRIL
YEAR: 2021
LATITUDE: 44 7 N
LONGITUDE: 87 40 W
TEMPERATURE IN F: :PCPN: SNOW: WIND :SUNSHINE: SKY :PK WND
================================================================================
1 2 3 4 5 6A 6B 7 8 9 10 11 12 13 14 15 16 17 18
12Z AVG MX 2MIN
DY MAX MIN AVG DEP HDD CDD WTR SNW DPTH SPD SPD DIR MIN PSBL S-S WX SPD DR
================================================================================
1 36 21 29 M 36 0 M M M 8.8 14 360 M M 1 24 360
2 43 20 32 M 33 0 M M M 11.2 25 180 M M 0 33 160
3 63 33 48 M 17 0 M M M 7.8 13 260 M M 0 20 270
4 56 30 43 M 22 0 M M M 8.5 20 170 M M 0 1 24 170
5 67 43 55 M 10 0 M M M 11.0 22 170 M M 1 1 26 170
6 71 43 57 M 8 0 0.06 M M 6.5 16 170 M M 1 13 M M
7 63 44 54 M 11 0 T M M 6.1 13 150 M M 2 1 M M
8 57 45 51 M 14 0 0.03 M M 6.1 16 160 M M 7 1 20 160
9 53 43 48 M 17 0 0.02 M M 9.1 17 170 M M 9 1 M M
10 55 44 50 M 15 0 0.06 M M 6.8 16 20 M M 9 1 24 30
11 57 42 50 M 15 0 0.03 M M 5.8 15 40 M M 8 12 22 40
12 57 37 47 M 18 0 T M M 6.4 18 280 M M 5 12 25 280
13 47 39 43 M 22 0 T M M 9.0 17 250 M M 8 24 250
14 45 34 40 M 25 0 T M M 11.3 16 270 M M 10 23 270
15 49 35 42 M 23 0 T M M 10.2 21 320 M M 9 30 340
16 47 32 40 M 25 0 M M M 6.0 12 110 M M 4 M M
17 51 29 40 M 25 0 M M M 5.6 12 310 M M 0 M M
18 49 30 40 M 25 0 M M M 7.2 15 140 M M 5 M M
19 51 34 43 M 22 0 T M M 12.9 21 280 M M 9 31 300
20 39 27 33 M 32 0 M M M 6.0 12 310 M M 5 M M
21 39 28 34 M 31 0 T M M 7.2 13 160 M M 10 1 M M
22 49 26 38 M 27 0 M M M 9.8 14 160 M M 1 22 160
23 61 33 47 M 18 0 M M M 10.5 20 180 M M 5 23 260
24 58 37 48 M 17 0 0.05 M M 7.7 21 340 M M 9 26 340
25 43 30 37 M 28 0 M M M 11.1 20 340 M M 5 23 340
26 50 37 44 M 21 0 T M M 12.1 20 120 M M 8 25 120
27 58 42 50 M 15 0 M M M 8.3 15 50 M M 3 24 20
28 55 40 48 M 17 0 0.08 M M 9.0 15 350 M M 8 13 21 350
29 64 43 54 M 11 0 0.03 M M 7.9 24 320 M M 6 1 36 320
================================================================================
SM 1533 1021 600 0 0.36 M 245.7 M 148
================================================================================
AV 52.9 35.2 8.5 FASTST M M 5 MAX(MPH)
MISC ----> 25 180 36 320
================================================================================
NOTES:
# LAST OF SEVERAL OCCURRENCES
COLUMN 17 PEAK WIND IN M.P.H.
PRELIMINARY LOCAL CLIMATOLOGICAL DATA (WS FORM: F-6) , PAGE 2
STATION: MANITOWOC AWOS
MONTH: APRIL
YEAR: 2021
LATITUDE: 44 7 N
LONGITUDE: 87 40 W
[TEMPERATURE DATA] [PRECIPITATION DATA] SYMBOLS USED IN COLUMN 16
AVERAGE MONTHLY: 44.0 TOTAL FOR MONTH: 0.36 1 = FOG OR MIST
DPTR FM NORMAL: 0.0 DPTR FM NORMAL: 0.36 2 = FOG REDUCING VISIBILITY
HIGHEST: 71 ON 6 GRTST 24HR 0.11 ON 10-11 TO 1/4 MILE OR LESS
LOWEST: 20 ON 2 3 = THUNDER
SNOW, ICE PELLETS, HAIL 4 = ICE PELLETS
TOTAL MONTH: M 5 = HAIL
GRTST 24HR M ON M 6 = FREEZING RAIN OR DRIZZLE
GRTST DEPTH: M ON M 7 = DUSTSTORM OR SANDSTORM:
VSBY 1/2 MILE OR LESS
8 = SMOKE OR HAZE
[NO. OF DAYS WITH] [WEATHER - DAYS WITH] 9 = BLOWING SNOW
X = TORNADO
MAX 32 OR BELOW: 0 0.01 INCH OR MORE: 8
MAX 90 OR ABOVE: 0 0.10 INCH OR MORE: 0
MIN 32 OR BELOW: 10 0.50 INCH OR MORE: 0
MIN 0 OR BELOW: 0 1.00 INCH OR MORE: 0
[HDD (BASE 65) ]
TOTAL THIS MO. 600 CLEAR (SCALE 0-3) 9
DPTR FM NORMAL M PTCLDY (SCALE 4-7) 12
TOTAL FM JUL 1 6549 CLOUDY (SCALE 8-10) 8
DPTR FM NORMAL 4754
[CDD (BASE 65) ]
TOTAL THIS MO. 0
DPTR FM NORMAL M [PRESSURE DATA]
TOTAL FM JAN 1 0 HIGHEST SLP M ON M
DPTR FM NORMAL 0 LOWEST SLP M ON M
[REMARKS]