000
CXUS53 KGRB 010754
CF6MTW
PRELIMINARY LOCAL CLIMATOLOGICAL DATA (WS FORM: F-6)
STATION: MANITOWOC AWOS
MONTH: OCTOBER
YEAR: 2023
LATITUDE: 44 7 N
LONGITUDE: 87 40 W
TEMPERATURE IN F: :PCPN: SNOW: WIND :SUNSHINE: SKY :PK WND
================================================================================
1 2 3 4 5 6A 6B 7 8 9 10 11 12 13 14 15 16 17 18
12Z AVG MX 2MIN
DY MAX MIN AVG DEP HDD CDD WTR SNW DPTH SPD SPD DIR MIN PSBL S-S WX SPD DR
================================================================================
1 77 63 70 M 0 5 M M M 7.6 13 170 M M 0 M M
2 81 58 70 M 0 5 M M M 6.7 15 160 M M 0 M M
3 80 58 69 M 0 4 M M M 9.0 18 160 M M 0 1 M M
4 79 66 73 M 0 8 M M M 9.2 16 170 M M 3 24 210
5 72 54 63 M 2 0 M M M 8.2 14 170 M M 2 M M
6 59 45 52 M 13 0 T M M 12.5 22 310 M M 3 28 310
7 57 40 49 M 16 0 M M M 12.0 22 330 M M 2 29 330
8 54 36 45 M 20 0 M M M 7.2 15 320 M M 4 22 320
9 54 36 45 M 20 0 T M M 11.6 18 300 M M 4 26 300
10 50 42 46 M 19 0 T M M 7.0 17 310 M M 10 21 310
11 54 36 45 M 20 0 T M M 4.4 8 110 M M 7 M M
12 57 36 47 M 18 0 0.17 M M 9.0 16 80 M M 8 23 80
13 52 49 51 M 14 0 1.29 M M 16.4 23 100 M M 10 1 32 100
14 55 45 50 M 15 0 0.05 M M 11.6 14 340 M M 10 1 26 20
15 54 45 50 M 15 0 T M M 10.9 18 350 M M 9 23 350
16 55 37 46 M 19 0 M M M 6.2 13 340 M M 6 M M
17 57 32 45 M 20 0 M M M 3.0 9 260 M M 1 1 M M
18 62 38 50 M 15 0 0.37 M M 9.4 21 160 M M 4 1 25 160
19 61 47 54 M 11 0 0.22 M M 6.5 16 330 M M 10 12 22 250
20 59 37 48 M 17 0 T M M 9.7 20 330 M M 5 26 330
21 48 38 43 M 22 0 0.40 M M 5.9 14 350 M M 9 1 M M
22 52 35 44 M 21 0 M M M 5.6 12 340 M M 2 M M
23 58 34 46 M 19 0 0.04 M M 8.5 21 160 M M 7 30 150
24 72 56 64 M 1 0 0.95 M M 9.7 21 180 M M 7 13 30 240
25 64 54 59 M 6 0 0.02 M M 6.0 14 220 M M 10 1 M M
26 65 54 60 M 5 0 0.35 M M 6.0 15 170 M M 10 12 18 170
27 72 40 56 M 9 0 T M M 12.8 23 290 M M 9 36 290
28 44 35 40 M 25 0 T M M 7.6 12 330 M M 5 M M
29 40 35 38 M 27 0 T M M 8.5 12 350 M M 10 M M
30 36 25 31 M 34 0 M M M 9.4 21 300 M M 0 30 280
31 33 25 29 M 36 0 0.11 M M 7.1 18 360 M M 7 12 30 10
================================================================================
SM 1813 1331 459 22 3.97 M 265.2 M 174
================================================================================
AV 58.5 42.9 8.6 FASTST M M 6 MAX(MPH)
MISC ----> # 23 100 36 290
================================================================================
NOTES:
# LAST OF SEVERAL OCCURRENCES
COLUMN 17 PEAK WIND IN M.P.H.
PRELIMINARY LOCAL CLIMATOLOGICAL DATA (WS FORM: F-6) , PAGE 2
STATION: MANITOWOC AWOS
MONTH: OCTOBER
YEAR: 2023
LATITUDE: 44 7 N
LONGITUDE: 87 40 W
[TEMPERATURE DATA] [PRECIPITATION DATA] SYMBOLS USED IN COLUMN 16
AVERAGE MONTHLY: 50.7 TOTAL FOR MONTH: 3.97 1 = FOG OR MIST
DPTR FM NORMAL: 0.0 DPTR FM NORMAL: M 2 = FOG REDUCING VISIBILITY
HIGHEST: 81 ON 2 GRTST 24HR 1.31 ON 12-13 TO 1/4 MILE OR LESS
LOWEST: 25 ON 31,30 3 = THUNDER
SNOW, ICE PELLETS, HAIL 4 = ICE PELLETS
TOTAL MONTH: M 5 = HAIL
GRTST 24HR M ON M 6 = FREEZING RAIN OR DRIZZLE
GRTST DEPTH: M ON M 7 = DUSTSTORM OR SANDSTORM:
VSBY 1/2 MILE OR LESS
8 = SMOKE OR HAZE
[NO. OF DAYS WITH] [WEATHER - DAYS WITH] 9 = BLOWING SNOW
X = TORNADO
MAX 32 OR BELOW: 0 0.01 INCH OR MORE: 11
MAX 90 OR ABOVE: 0 0.10 INCH OR MORE: 8
MIN 32 OR BELOW: 3 0.50 INCH OR MORE: 2
MIN 0 OR BELOW: 0 1.00 INCH OR MORE: 1
[HDD (BASE 65) ]
TOTAL THIS MO. 459 CLEAR (SCALE 0-3) 9
DPTR FM NORMAL M PTCLDY (SCALE 4-7) 12
TOTAL FM JUL 1 598 CLOUDY (SCALE 8-10) 10
DPTR FM NORMAL M
[CDD (BASE 65) ]
TOTAL THIS MO. 22
DPTR FM NORMAL M [PRESSURE DATA]
TOTAL FM JAN 1 424 HIGHEST SLP 30.36 ON 28
DPTR FM NORMAL 424 LOWEST SLP 29.56 ON 20
[REMARKS]
#FINAL-10-23#