000
CXUS51 KBTV 010800
CF6MVL
PRELIMINARY LOCAL CLIMATOLOGICAL DATA (WS FORM: F-6)
STATION: MORRISVILLE VT
MONTH: JANUARY
YEAR: 2024
LATITUDE: 44 31 N
LONGITUDE: 72 37 W
TEMPERATURE IN F: :PCPN: SNOW: WIND :SUNSHINE: SKY :PK WND
================================================================================
1 2 3 4 5 6A 6B 7 8 9 10 11 12 13 14 15 16 17 18
12Z AVG MX 2MIN
DY MAX MIN AVG DEP HDD CDD WTR SNW DPTH SPD SPD DIR MIN PSBL S-S WX SPD DR
================================================================================
1 23 13 18 0 47 0 T M M 5.1 15 360 M M 10 1 19 360
2 35 8 22 4 43 0 T M M 0.3 6 160 M M 2 1 6 160
3 36 25 31 13 34 0 T M M 3.3 10 170 M M 10 1 14 200
4 33 13 23 6 42 0 T M M 8.1 20 340 M M 10 1 29 340
5 29 9 19 2 46 0 T M M 4.4 13 330 M M 8 19 340
6 30 17 24 7 41 0 0.03 M M 5.3 16 330 M M 10 1 22 320
7 25 21 23 6 42 0 0.43 M M 1.9 12 350 M M 10 1 14 340
8 30 20 25 9 40 0 T M M 3.6 14 320 M M 10 1 21 320
9 37 12 25 9 40 0 0.38 M M 4.8 22 170 M M 6 1 33 190
10 46 35 41 25 24 0 0.62 M M 7.3 31 160 M M 9 1 48 180
11 36 25 31 15 34 0 T M M 5.2 13 230 M M 10 1 23 250
12 35 17 26 10 39 0 T M M 2.8 12 360 M M 6 18 14 160
13 43 32 38 22 27 0 0.34 M M 8.5 28 170 M M 10 1 44 140
14 32 21 27 11 38 0 0.02 M M 10.0 23 210 M M 10 128 34 200
15 24 4 14 -1 51 0 T M M 6.2 15 210 M M 4 1 20 210
16 19 5 12 -3 53 0 0.02 M M 2.1 13 340 M M 8 1 18 350
17 19 8 14 -1 51 0 T M M 5.6 14 200 M M 9 18 18 200
18 22 14 18 3 47 0 T M M 5.8 14 200 M M 10 1 17 210
19 19 0 10 -5 55 0 T M M 5.5 16 360 M M 5 18 19 360
20 11 2 7 -8 58 0 T M M 9.2 17 350 M M 10 8 23 340
21 13 -8 3 -12 62 0 T M M 8.6 20 10 M M 4 18 25 340
22 32 -9 12 -3 53 0 T M M 3.2 14 210 M M 6 17 240
23 33 24 29 14 36 0 T M M 7.3 17 310 M M 9 25 310
24 34 23 29 14 36 0 M M M 4.2 9 150 M M 10 1 13 160
25 37 33 35 20 30 0 T M M 1.8 12 30 M M 10 1 15 40
26 36 33 35 20 30 0 0.16 M M 1.7 10 200 M M 10 1 17 210
27 38 32 35 20 30 0 T M M 2.3 7 20 M M 10 1 8 20
28 35 32 34 19 31 0 T M M 4.1 12 10 M M 10 1 16 20
29 32 26 29 14 36 0 T M M 8.8 20 20 M M 10 23 10
30 28 24 26 11 39 0 0.00 M M 2.7 8 200 M M 10 11 50
31 35 27 31 16 34 0 0.00 M M 3.1 9 200 M M 10 12 210
================================================================================
SM 937 538 1269 0 2.00 M 152.8 M 266
================================================================================
AV 30.2 17.4 4.9 FASTST M M 9 MAX(MPH)
MISC ----> 31 160 48 180
================================================================================
NOTES:
# LAST OF SEVERAL OCCURRENCES
COLUMN 17 PEAK WIND IN M.P.H.
PRELIMINARY LOCAL CLIMATOLOGICAL DATA (WS FORM: F-6) , PAGE 2
STATION: MORRISVILLE VT
MONTH: JANUARY
YEAR: 2024
LATITUDE: 44 31 N
LONGITUDE: 72 37 W
[TEMPERATURE DATA] [PRECIPITATION DATA] SYMBOLS USED IN COLUMN 16
AVERAGE MONTHLY: 23.8 TOTAL FOR MONTH: 2.00 1 = FOG OR MIST
DPTR FM NORMAL: 8.1 DPTR FM NORMAL: -0.24 2 = FOG REDUCING VISIBILITY
HIGHEST: 46 ON 10 GRTST 24HR 1.10 ON 9-10 TO 1/4 MILE OR LESS
LOWEST: -9 ON 22 3 = THUNDER
SNOW, ICE PELLETS, HAIL 4 = ICE PELLETS
TOTAL MONTH: M 5 = HAIL
GRTST 24HR M ON M 6 = FREEZING RAIN OR DRIZZLE
GRTST DEPTH: M ON M 7 = DUSTSTORM OR SANDSTORM:
VSBY 1/2 MILE OR LESS
8 = SMOKE OR HAZE
[NO. OF DAYS WITH] [WEATHER - DAYS WITH] 9 = BLOWING SNOW
X = TORNADO
MAX 32 OR BELOW: 16 0.01 INCH OR MORE: 8
MAX 90 OR ABOVE: 0 0.10 INCH OR MORE: 5
MIN 32 OR BELOW: 28 0.50 INCH OR MORE: 1
MIN 0 OR BELOW: 3 1.00 INCH OR MORE: 0
[HDD (BASE 65) ]
TOTAL THIS MO. 1269 CLEAR (SCALE 0-3) 1
DPTR FM NORMAL -259 PTCLDY (SCALE 4-7) 8
TOTAL FM JUL 1 3820 CLOUDY (SCALE 8-10) 22
DPTR FM NORMAL -882
[CDD (BASE 65) ]
TOTAL THIS MO. 0
DPTR FM NORMAL 0 [PRESSURE DATA]
TOTAL FM JAN 1 0 HIGHEST SLP 30.59 ON 23
DPTR FM NORMAL 0 LOWEST SLP 28.96 ON 10
[REMARKS]
#FINAL-01-24#