000
CXUS56 KSTO 020553
CF6MYV
PRELIMINARY LOCAL CLIMATOLOGICAL DATA (WS FORM: F-6)
STATION: MARYSVILLE AIRPORT CA
MONTH: FEBRUARY
YEAR: 2020
LATITUDE: 39 5 N
LONGITUDE: 121 34 W
TEMPERATURE IN F: :PCPN: SNOW: WIND :SUNSHINE: SKY :PK WND
================================================================================
1 2 3 4 5 6A 6B 7 8 9 10 11 12 13 14 15 16 17 18
12Z AVG MX 2MIN
DY MAX MIN AVG DEP HDD CDD WTR SNW DPTH SPD SPD DIR MIN PSBL S-S WX SPD DR
================================================================================
1 65 37 51 4 14 0 0.00 0.0 0 1.0 9 270 M M 3 12 10 220
2 58 41 50 2 15 0 0.00 0.0 0 9.0 26 320 M M 3 18 34 310
3 55 36 46 -2 19 0 0.00 0.0 0 12.2 23 320 M M 0 28 330
4 56 35 46 -2 19 0 0.00 0.0 0 14.2 23 340 M M 0 30 340
5 59 32 46 -2 19 0 0.00 0.0 0 2.0 9 360 M M 0 10 360
6 62 33 48 0 17 0 0.00 0.0 0 1.7 7 110 M M 0 9 60
7 65 32 49 1 16 0 0.00 0.0 0 2.4 7 90 M M 0 1 M M
8 65 34 50 1 15 0 0.00 0.0 0 8.4 23 330 M M 0 1 33 330
9 63 43 53 4 12 0 0.00 0.0 0 16.5 31 330 M M 0 40 340
10 73 44 59 10 6 0 0.00 0.0 0 13.5 26 330 M M 0 34 330
11 74 47 61 12 4 0 0.00 0.0 0 11.9 25 340 M M 0 32 340
12 68 36 52 2 13 0 0.00 0.0 0 3.0 9 310 M M 0 11 330
13 65 35 50 0 15 0 0.00 0.0 0 3.9 10 130 M M 0 13 150
14 65 35 50 0 15 0 0.00 0.0 0 3.7 13 330 M M 0 1 14 330
15 66 37 52 2 13 0 0.00 0.0 0 2.8 8 100 M M 1 1 9 90
16 67 47 57 7 8 0 T 0.0 0 5.2 12 150 M M 0 15 170
17 71 47 59 9 6 0 0.00 0.0 0 14.8 26 330 M M 0 34 310
18 67 38 53 2 12 0 0.00 0.0 0 2.8 10 340 M M 0 16 330
19 67 35 51 0 14 0 0.00 0.0 0 2.1 8 280 M M 0 10 280
20 69 38 54 3 11 0 0.00 0.0 0 3.2 9 330 M M 0 11 330
21 73 40 57 6 8 0 0.00 0.0 0 5.4 12 330 M M 0 14 340
22 70 39 55 3 10 0 0.00 0.0 0 4.7 14 130 M M 0 18 140
23 64 43 54 2 11 0 0.00 0.0 0 5.6 15 140 M M 1 8 20 130
24 75 40 58 6 7 0 0.00 0.0 0 12.8 25 330 M M 0 1 33 330
25 78 48 63 11 2 0 0.00 0.0 0 9.8 20 340 M M 0 25 340
26 75 39 57 5 8 0 0.00 0.0 0 1.2 9 110 M M 0 10 110
27 78 43 61 9 4 0 0.00 0.0 0 3.1 8 360 M M 0 10 30
28 74 42 58 6 7 0 0.00 0.0 0 4.6 12 150 M M 0 15 160
29 65 41 53 1 12 0 0.01 0.0 0 4.8 14 90 M M 2 17 300
================================================================================
SM 1952 1137 332 0 0.01 0.0 186.3 M 10
================================================================================
AV 67.3 39.2 6.4 FASTST M M 0 MAX(MPH)
MISC ----> # 31 330 # 40 340
================================================================================
NOTES:
# LAST OF SEVERAL OCCURRENCES
COLUMN 17 PEAK WIND IN M.P.H.
PRELIMINARY LOCAL CLIMATOLOGICAL DATA (WS FORM: F-6) , PAGE 2
STATION: MARYSVILLE AIRPORT CA
MONTH: FEBRUARY
YEAR: 2020
LATITUDE: 39 5 N
LONGITUDE: 121 34 W
[TEMPERATURE DATA] [PRECIPITATION DATA] SYMBOLS USED IN COLUMN 16
AVERAGE MONTHLY: 53.3 TOTAL FOR MONTH: 0.01 1 = FOG OR MIST
DPTR FM NORMAL: 3.3 DPTR FM NORMAL: -3.38 2 = FOG REDUCING VISIBILITY
HIGHEST: 78 ON 27,25 GRTST 24HR 0.01 ON 29-29 TO 1/4 MILE OR LESS
LOWEST: 32 ON 7, 5 3 = THUNDER
SNOW, ICE PELLETS, HAIL 4 = ICE PELLETS
TOTAL MONTH: 0.0 INCH 5 = HAIL
GRTST 24HR 0.0 6 = FREEZING RAIN OR DRIZZLE
GRTST DEPTH: 0 7 = DUSTSTORM OR SANDSTORM:
VSBY 1/2 MILE OR LESS
8 = SMOKE OR HAZE
[NO. OF DAYS WITH] [WEATHER - DAYS WITH] 9 = BLOWING SNOW
X = TORNADO
MAX 32 OR BELOW: 0 0.01 INCH OR MORE: 1
MAX 90 OR ABOVE: 0 0.10 INCH OR MORE: 0
MIN 32 OR BELOW: 2 0.50 INCH OR MORE: 0
MIN 0 OR BELOW: 0 1.00 INCH OR MORE: 0
[HDD (BASE 65) ]
TOTAL THIS MO. 332 CLEAR (SCALE 0-3) 29
DPTR FM NORMAL -89 PTCLDY (SCALE 4-7) 0
TOTAL FM JUL 1 1796 CLOUDY (SCALE 8-10) 0
DPTR FM NORMAL -342
[CDD (BASE 65) ]
TOTAL THIS MO. 0
DPTR FM NORMAL 0 [PRESSURE DATA]
TOTAL FM JAN 1 0 HIGHEST SLP 30.41 ON 24
DPTR FM NORMAL 0 LOWEST SLP 29.92 ON 29
[REMARKS]
#FINAL-02-20#