000
CXUS54 KMAF 011110
CF6ODO
PRELIMINARY LOCAL CLIMATOLOGICAL DATA (WS FORM: F-6)
STATION: ODESSA SCHLEYMEYER
MONTH: MAY
YEAR: 2022
LATITUDE: 31 55 N
LONGITUDE: 102 23 W
TEMPERATURE IN F: :PCPN: SNOW: WIND :SUNSHINE: SKY :PK WND
================================================================================
1 2 3 4 5 6A 6B 7 8 9 10 11 12 13 14 15 16 17 18
12Z AVG MX 2MIN
DY MAX MIN AVG DEP HDD CDD WTR SNW DPTH SPD SPD DIR MIN PSBL S-S WX SPD DR
================================================================================
1 88 65 77 8 0 12 0.05 M M 19.3 32 180 M M 5 38 42 180
2 94 67 81 11 0 16 0.00 M M 16.6 29 200 M M 1 35 200
3 83 53 68 -2 0 3 0.00 M M 14.6 23 160 M M 2 8 29 170
4 91 71 81 11 0 16 0.00 M M 12.7 22 180 M M 2 8 29 170
5 86 56 71 1 0 6 0.00 M M 10.6 22 300 M M 1 8 27 10
6 98 58 78 7 0 13 0.00 M M 9.7 23 250 M M 0 30 250
7 104 64 84 13 0 19 0.00 M M 12.0 32 260 M M 0 39 260
8 101 65 83 11 0 18 0.00 M M 12.8 28 220 M M 0 44 250
9 101 69 85 13 0 20 0.00 M M 13.4 28 220 M M 0 35 230
10 92 74 83 11 0 18 0.00 M M 14.5 33 170 M M 2 8 40 150
11 93 69 81 9 0 16 0.00 M M 19.8 31 170 M M 1 8 44 160
12 98 71 85 12 0 20 0.00 M M 15.0 29 170 M M 0 3 38 170
13 98 70 84 11 0 19 0.00 M M 5.7 16 210 M M 0 20 210
14 99 69 84 10 0 19 0.00 M M 9.5 20 200 M M 0 25 200
15 103 73 88 14 0 23 0.00 M M 9.4 18 130 M M 0 27 220
16 102 71 87 13 0 22 0.00 M M 15.2 26 200 M M 0 8 33 210
17 105 78 92 17 0 27 0.00 M M 16.1 26 170 M M 0 35 170
18 102 72 87 12 0 22 0.00 M M 11.0 22 180 M M 0 27 190
19 104 73 89 14 0 24 0.00 M M 13.4 28 260 M M 0 35 250
20 99 72 86 10 0 21 0.00 M M 13.3 25 230 M M 0 33 220
21 83 63 73 -3 0 8 0.00 M M 14.7 28 30 M M 3 8 39 30
22 74 54 64 -12 1 0 0.00 M M 13.8 31 70 M M 4 38 80
23 85 63 74 -3 0 9 0.05 M M 16.9 31 160 M M 4 3 39 160
24 82 53 68 -9 0 3 0.09 M M 13.8 41 20 M M 3 38 53 30
25 77 46 62 -15 3 0 0.00 M M 7.1 18 10 M M 0 25 20
26 95 60 78 0 0 13 0.00 M M 8.5 20 180 M M 0 26 170
27 100 66 83 5 0 18 0.00 M M 13.8 25 170 M M 0 35 180
28 106 75 91 13 0 26 0.00 M M 18.3 31 190 M M 0 3 38 170
29 103 75 89 10 0 24 0.00 M M 18.9 32 190 M M 0 8 41 190
30 99 74 87 8 0 22 0.00 M M 17.4 26 220 M M 0 36 180
31 98 76 87 8 0 22 0.00 M M 17.2 28 160 M M 2 33 160
================================================================================
SM 2943 2065 4 499 0.19 M 425.0 M 30
================================================================================
AV 94.9 66.6 13.7 FASTST M M 1 MAX(MPH)
MISC ----> 41 20 53 30
================================================================================
NOTES:
# LAST OF SEVERAL OCCURRENCES
COLUMN 17 PEAK WIND IN M.P.H.
PRELIMINARY LOCAL CLIMATOLOGICAL DATA (WS FORM: F-6) , PAGE 2
STATION: ODESSA SCHLEYMEYER
MONTH: MAY
YEAR: 2022
LATITUDE: 31 55 N
LONGITUDE: 102 23 W
[TEMPERATURE DATA] [PRECIPITATION DATA] SYMBOLS USED IN COLUMN 16
AVERAGE MONTHLY: 80.8 TOTAL FOR MONTH: 0.19 1 = FOG OR MIST
DPTR FM NORMAL: 6.6 DPTR FM NORMAL: -1.43 2 = FOG REDUCING VISIBILITY
HIGHEST: 106 ON 28 GRTST 24HR 0.14 ON 23-24 TO 1/4 MILE OR LESS
LOWEST: 46 ON 25 3 = THUNDER
SNOW, ICE PELLETS, HAIL 4 = ICE PELLETS
TOTAL MONTH: M 5 = HAIL
GRTST 24HR M ON M 6 = FREEZING RAIN OR DRIZZLE
GRTST DEPTH: M ON M 7 = DUSTSTORM OR SANDSTORM:
VSBY 1/2 MILE OR LESS
8 = SMOKE OR HAZE
[NO. OF DAYS WITH] [WEATHER - DAYS WITH] 9 = BLOWING SNOW
X = TORNADO
MAX 32 OR BELOW: 0 0.01 INCH OR MORE: 3
MAX 90 OR ABOVE: 23 0.10 INCH OR MORE: 0
MIN 32 OR BELOW: 0 0.50 INCH OR MORE: 0
MIN 0 OR BELOW: 0 1.00 INCH OR MORE: 0
[HDD (BASE 65) ]
TOTAL THIS MO. 4 CLEAR (SCALE 0-3) 27
DPTR FM NORMAL -14 PTCLDY (SCALE 4-7) 4
TOTAL FM JUL 1 2036 CLOUDY (SCALE 8-10) 0
DPTR FM NORMAL -474
[CDD (BASE 65) ]
TOTAL THIS MO. 499
DPTR FM NORMAL 194 [PRESSURE DATA]
TOTAL FM JAN 1 739 HIGHEST SLP 30.27 ON 22
DPTR FM NORMAL 299 LOWEST SLP 29.31 ON 29
[REMARKS]
#FINAL-05-22#