000
CXUS53 KOAX 011030
CF6OFK
PRELIMINARY LOCAL CLIMATOLOGICAL DATA (WS FORM: F-6)
STATION: NORFOLK NE
MONTH: FEBRUARY
YEAR: 2024
LATITUDE: 41 58 N
LONGITUDE: 97 26 W
TEMPERATURE IN F: :PCPN: SNOW: WIND :SUNSHINE: SKY :PK WND
================================================================================
1 2 3 4 5 6A 6B 7 8 9 10 11 12 13 14 15 16 17 18
12Z AVG MX 2MIN
DY MAX MIN AVG DEP HDD CDD WTR SNW DPTH SPD SPD DIR MIN PSBL S-S WX SPD DR
================================================================================
1 46 26 36 13 29 0 0.00 0.0 1 3.2 10 30 M M 3 128 12 50
2 40 36 38 15 27 0 0.00 0.0 T 11.0 18 100 M M 10 12 26 110
3 38 36 37 14 28 0 0.12 0.0 T 12.0 20 80 M M 10 12 26 100
4 40 30 35 11 30 0 0.00 0.0 T 8.2 14 30 M M 8 128 18 80
5 41 29 35 11 30 0 0.00 0.0 0 5.5 12 190 M M 6 12 14 190
6 55 32 44 20 21 0 0.00 0.0 0 10.5 18 190 M M 2 12 25 190
7 54 45 50 26 15 0 T 0.0 0 20.4 35 170 M M 5 53 170
8 50 35 43 19 22 0 0.01 0.0 0 15.4 24 290 M M 6 37 180
9 42 30 36 12 29 0 0.00 0.0 0 10.4 18 330 M M 6 22 330
10 34 30 32 7 33 0 0.00 0.0 0 9.4 18 340 M M 10 24 340
11 46 22 34 9 31 0 0.00 0.0 0 6.2 13 280 M M 3 18 290
12 51 25 38 13 27 0 0.00 0.0 0 6.1 16 330 M M 4 20 330
13 52 30 41 15 24 0 0.00 0.0 0 2.8 12 220 M M 7 20 160
14 59 24 42 16 23 0 T 0.0 0 11.8 30 340 M M 3 1 42 330
15 38 22 30 4 35 0 T T 0 10.2 25 350 M M 6 1 32 360
16 25 8 17 -9 48 0 0.08 1.0 1 12.7 29 330 M M 5 1 36 320
17 37 7 22 -5 43 0 0.00 0.0 0 12.5 21 270 M M 0 27 270
18 49 23 36 9 29 0 0.00 0.0 0 7.0 14 340 M M 0 19 330
19 56 22 39 12 26 0 0.00 0.0 0 7.4 16 280 M M 0 21 260
20 71 23 47 19 18 0 0.00 0.0 0 7.8 26 220 M M 0 34 220
21 62 31 47 19 18 0 0.00 0.0 0 3.4 14 90 M M 4 18 80
22 60 34 47 19 18 0 T 0.0 0 10.7 23 320 M M 2 31 320
23 59 26 43 14 22 0 0.00 0.0 0 14.3 31 320 M M 0 42 320
24 64 22 43 14 22 0 0.00 0.0 0 7.5 22 280 M M 0 18 28 290
25 64 24 44 14 21 0 0.00 0.0 0 4.2 13 290 M M 0 15 290
26 76 36 56 26 9 0 0.00 0.0 0 11.9 26 260 M M 0 39 240
27 57 11 34 4 31 0 T 0.5 0 25.2 40 330 M M 6 53 320
28 39 5 22 -9 43 0 0.00 0.0 0 11.9 29 330 M M 0 39 320
29 63 30 47 16 18 0 0.00 0.0 0 18.9 35 190 M M 0 47 200
================================================================================
SM 1468 754 770 0 0.21 1.5 298.5 M 106
================================================================================
AV 50.6 26.0 10.3 FASTST M M 4 MAX(MPH)
MISC ----> 40 330 # 53 170
================================================================================
NOTES:
# LAST OF SEVERAL OCCURRENCES
COLUMN 17 PEAK WIND IN M.P.H.
PRELIMINARY LOCAL CLIMATOLOGICAL DATA (WS FORM: F-6) , PAGE 2
STATION: NORFOLK NE
MONTH: FEBRUARY
YEAR: 2024
LATITUDE: 41 58 N
LONGITUDE: 97 26 W
[TEMPERATURE DATA] [PRECIPITATION DATA] SYMBOLS USED IN COLUMN 16
AVERAGE MONTHLY: 38.3 TOTAL FOR MONTH: 0.21 1 = FOG OR MIST
DPTR FM NORMAL: 12.0 DPTR FM NORMAL: -0.59 2 = FOG REDUCING VISIBILITY
HIGHEST: 76 ON 26 GRTST 24HR 0.12 ON 3- 3 TO 1/4 MILE OR LESS
LOWEST: 5 ON 28 3 = THUNDER
SNOW, ICE PELLETS, HAIL 4 = ICE PELLETS
TOTAL MONTH: 1.5 INCHES 5 = HAIL
GRTST 24HR 1.0 ON 16-16 6 = FREEZING RAIN OR DRIZZLE
GRTST DEPTH: 1 ON 16, 1 7 = DUSTSTORM OR SANDSTORM:
VSBY 1/2 MILE OR LESS
8 = SMOKE OR HAZE
[NO. OF DAYS WITH] [WEATHER - DAYS WITH] 9 = BLOWING SNOW
X = TORNADO
MAX 32 OR BELOW: 1 0.01 INCH OR MORE: 3
MAX 90 OR ABOVE: 0 0.10 INCH OR MORE: 1
MIN 32 OR BELOW: 23 0.50 INCH OR MORE: 0
MIN 0 OR BELOW: 0 1.00 INCH OR MORE: 0
[HDD (BASE 65) ]
TOTAL THIS MO. 770 CLEAR (SCALE 0-3) 14
DPTR FM NORMAL -313 PTCLDY (SCALE 4-7) 11
TOTAL FM JUL 1 4277 CLOUDY (SCALE 8-10) 4
DPTR FM NORMAL -849
[CDD (BASE 65) ]
TOTAL THIS MO. 0
DPTR FM NORMAL 0 [PRESSURE DATA]
TOTAL FM JAN 1 0 HIGHEST SLP 30.51 ON 16
DPTR FM NORMAL 0 LOWEST SLP 29.30 ON 27
[REMARKS]
#FINAL-02-24#