000
CXUS53 KEAX 010836
CF6OJC
PRELIMINARY LOCAL CLIMATOLOGICAL DATA (WS FORM: F-6)
STATION: JOHNSON COUNTY EXECUTIVE KS
MONTH: FEBRUARY
YEAR: 2022
LATITUDE: 38 50 N
LONGITUDE: 94 44 W
TEMPERATURE IN F: :PCPN: SNOW: WIND :SUNSHINE: SKY :PK WND
================================================================================
1 2 3 4 5 6A 6B 7 8 9 10 11 12 13 14 15 16 17 18
12Z AVG MX 2MIN
DY MAX MIN AVG DEP HDD CDD WTR SNW DPTH SPD SPD DIR MIN PSBL S-S WX SPD DR
================================================================================
1 54 27 41 10 24 0 0.09 M M 11.4 24 20 M M 8 1 36 20
2 27 13 20 -11 45 0 0.03 M M 18.8 28 20 M M 10 128 38 20
3 20 7 14 -17 51 0 T M M 13.2 23 20 M M 4 8 29 20
4 35 5 20 -12 45 0 0.00 M M 6.9 16 250 M M 1 25 260
5 41 15 28 -4 37 0 0.00 M M 11.6 23 200 M M 0 34 200
6 49 24 37 5 28 0 0.00 M M 7.2 16 340 M M 1 24 340
7 54 22 38 6 27 0 0.00 M M 6.8 18 230 M M 3 28 250
8 64 30 47 15 18 0 0.00 M M 7.6 21 320 M M 0 29 300
9 57 36 47 14 18 0 0.00 M M 8.4 23 310 M M 2 36 300
10 51 29 40 7 25 0 0.00 M M 8.7 17 250 M M 1 29 210
11 56 22 39 6 26 0 T M M 14.4 26 350 M M 4 40 310
12 30 12 21 -13 44 0 0.00 M M 8.2 21 350 M M 1 30 360
13 34 21 28 -6 37 0 0.00 M M 8.2 22 10 M M 2 29 10
14 51 23 37 3 28 0 0.00 M M 6.4 15 10 M M 0 22 210
15 66 33 50 16 15 0 0.00 M M 16.2 30 170 M M 0 45 190
16 65 35 50 15 15 0 0.01 M M 18.1 33 200 M M 7 50 190
17 35 6 21 -14 44 0 M M M 14.2 29 10 M M 7 1238 41 360
18 36 5 21 -14 44 0 0.00 M M 10.0 20 240 M M 1 31 210
19 34 22 28 -8 37 0 0.00 M M 8.9 17 10 M M 0 24 10
20 60 34 47 11 18 0 0.00 M M 11.8 23 200 M M 0 34 200
21 70 36 53 17 12 0 0.00 M M 11.7 24 200 M M 2 36 200
22 36 9 23 -14 42 0 T M M 15.8 23 310 M M 9 18 35 310
23 18 4 11 -26 54 0 T M M 11.9 21 20 M M 5 28 360
24 20 13 17 -21 48 0 T M M 8.7 15 310 M M 9 18 23 300
25 27 5 16 -22 49 0 0.00 M M 6.2 13 320 M M 0 18 330
26 42 14 28 -10 37 0 0.00 M M 1.2 8 200 M M 1 11 200
27 53 24 39 0 26 0 0.00 M M 4.6 14 280 M M 1 21 290
28 64 29 47 8 18 0 0.00 M M 5.1 9 240 M M 0 13 250
================================================================================
SM 1249 555 912 0 0.13 M 282.2 M 79
================================================================================
AV 44.6 19.8 10.1 FASTST M M 3 MAX(MPH)
MISC ----> 33 200 50 190
================================================================================
NOTES:
# LAST OF SEVERAL OCCURRENCES
COLUMN 17 PEAK WIND IN M.P.H.
PRELIMINARY LOCAL CLIMATOLOGICAL DATA (WS FORM: F-6) , PAGE 2
STATION: JOHNSON COUNTY EXECUTIVE KS
MONTH: FEBRUARY
YEAR: 2022
LATITUDE: 38 50 N
LONGITUDE: 94 44 W
[TEMPERATURE DATA] [PRECIPITATION DATA] SYMBOLS USED IN COLUMN 16
AVERAGE MONTHLY: 32.2 TOTAL FOR MONTH: 0.13 1 = FOG OR MIST
DPTR FM NORMAL: -2.3 DPTR FM NORMAL: -1.28 2 = FOG REDUCING VISIBILITY
HIGHEST: 70 ON 21 GRTST 24HR 0.12 ON 1- 2 TO 1/4 MILE OR LESS
LOWEST: 4 ON 23 3 = THUNDER
SNOW, ICE PELLETS, HAIL 4 = ICE PELLETS
TOTAL MONTH: M 5 = HAIL
GRTST 24HR M ON M 6 = FREEZING RAIN OR DRIZZLE
GRTST DEPTH: M ON M 7 = DUSTSTORM OR SANDSTORM:
VSBY 1/2 MILE OR LESS
8 = SMOKE OR HAZE
[NO. OF DAYS WITH] [WEATHER - DAYS WITH] 9 = BLOWING SNOW
X = TORNADO
MAX 32 OR BELOW: 6 0.01 INCH OR MORE: 3
MAX 90 OR ABOVE: 0 0.10 INCH OR MORE: 0
MIN 32 OR BELOW: 23 0.50 INCH OR MORE: 0
MIN 0 OR BELOW: 0 1.00 INCH OR MORE: 0
[HDD (BASE 65) ]
TOTAL THIS MO. 912 CLEAR (SCALE 0-3) 19
DPTR FM NORMAL 60 PTCLDY (SCALE 4-7) 5
TOTAL FM JUL 1 3331 CLOUDY (SCALE 8-10) 4
DPTR FM NORMAL -543
[CDD (BASE 65) ]
TOTAL THIS MO. 0
DPTR FM NORMAL 0 [PRESSURE DATA]
TOTAL FM JAN 1 0 HIGHEST SLP 30.72 ON 23
DPTR FM NORMAL 0 LOWEST SLP 29.56 ON 21
[REMARKS]
#FINAL-02-22#