000
CXUS53 KEAX 010843 RRA
CLMOJC
CLIMATE REPORT
NATIONAL WEATHER SERVICE KANSAS CITY/PLEASANT HILL MO
338 AM CDT WED NOV 01 2023
...................................
...THE JOHNSON COUNTY EXECUTIVE KS CLIMATE SUMMARY FOR THE MONTH OF OCTOBER 2023...
CLIMATE NORMAL PERIOD: 1991 TO 2020
CLIMATE RECORD PERIOD: 9999 TO 9999
WEATHER OBSERVED NORMAL DEPART LAST YEAR`S
VALUE DATE(S) VALUE FROM VALUE DATE(S)
NORMAL
................................................................
TEMPERATURE (F)
HIGHEST 89 10/01 84 5 86 10/21
LOWEST 25 10/31 31 -6 26 10/19
AVG. MAXIMUM 68.9 66.5 2.4 71.0
AVG. MINIMUM 48.9 46.9 2.0 46.7
MEAN 58.9 56.7 2.2 58.9
DAYS MAX >= 90 0 0.1 -0.1 0
DAYS MAX <= 32 0 0.0 0.0 0
DAYS MIN <= 32 4 1.8 2.2 2
DAYS MIN <= 0 0 0.0 0.0 0
PRECIPITATION (INCHES)
TOTALS 5.36 3.01 2.35 1.47
DAILY AVG. 0.17 0.10 0.07 0.05
DAYS >= .01 9 8.7 0.3 3
DAYS >= .10 4 5.5 -1.5 2
DAYS >= .50 3 1.9 1.1 1
DAYS >= 1.00 2 1.0 1.0 1
GREATEST
24 HR. TOTAL 3.53 10/24 TO 10/25
DEGREE DAYS
HEATING TOTAL 245 285 -40 227
SINCE 7/1 245 337 -92 MM
COOLING TOTAL 67 27 40 41
SINCE 1/1 1774 1350 424 MM
................................................................
WIND (MPH)
AVERAGE WIND SPEED 8.6
HIGHEST WIND SPEED/DIRECTION 28/170 DATE 10/12
HIGHEST GUST SPEED/DIRECTION 38/340 DATE 10/06
38/170 10/12
38/180 10/23
SKY COVER
POSSIBLE SUNSHINE (PERCENT) MM
AVERAGE SKY COVER 0.32
NUMBER OF DAYS FAIR 20
NUMBER OF DAYS PC 4
NUMBER OF DAYS CLOUDY 7
AVERAGE RH (PERCENT) 63
WEATHER CONDITIONS. NUMBER OF DAYS WITH
THUNDERSTORM 5 MIXED PRECIP 0
HEAVY RAIN 4 RAIN 4
LIGHT RAIN 12 FREEZING RAIN 0
LT FREEZING RAIN 0 HAIL 0
HEAVY SNOW 0 SNOW 0
LIGHT SNOW 0 SLEET 0
FOG 7 FOG W/VIS <= 1/4 MILE 0
HAZE 0
- INDICATES NEGATIVE NUMBERS.
R INDICATES RECORD WAS SET OR TIED.
MM INDICATES DATA IS MISSING.
T INDICATES TRACE AMOUNT.
$$