000
CXUS55 KTWC 010855
CF6OLS
PRELIMINARY LOCAL CLIMATOLOGICAL DATA (WS FORM: F-6)
STATION: NOGALES AZ AIRPORT
MONTH: FEBRUARY
YEAR: 2024
LATITUDE: 31 25 N
LONGITUDE: 110 51 W
TEMPERATURE IN F: :PCPN: SNOW: WIND :SUNSHINE: SKY :PK WND
================================================================================
1 2 3 4 5 6A 6B 7 8 9 10 11 12 13 14 15 16 17 18
12Z AVG MX 2MIN
DY MAX MIN AVG DEP HDD CDD WTR SNW DPTH SPD SPD DIR MIN PSBL S-S WX SPD DR
================================================================================
1 71 46 59 8 6 0 0.06 M M 13.4 31 200 M M 2 1 40 170
2 52 40 46 -5 19 0 0.48 M M 8.3 21 230 M M 10 1 28 240
3 55 34 45 -6 20 0 0.00 M M 4.2 14 250 M M 1 20 290
4 66 32 49 -2 16 0 0.00 M M 2.1 9 90 M M 0 10 240
5 75 36 56 5 9 0 0.00 M M 4.5 14 210 M M 0 18 210
6 69 47 58 7 7 0 0.07 M M 13.4 38 190 M M 5 1 65 180
7 55 39 47 -4 18 0 0.12 M M 9.8 30 210 M M 6 1 45 210
8 57 32 45 -6 20 0 T M M 9.3 25 220 M M 3 33 210
9 58 33 46 -5 19 0 0.00 M M 4.1 14 250 M M 6 12 20 280
10 44 32 38 -13 27 0 0.30 M M 4.5 17 340 M M 7 1 26 330
11 53 31 42 -9 23 0 0.00 M M 3.0 12 310 M M 3 1 21 300
12 65 28 47 -4 18 0 0.00 M 0 2.3 9 90 M M M 12 210
13 68 30 49 -2 16 0 0.00 0.0 0 4.5 16 230 M M M 23 210
14 69 32 51 -1 14 0 0.00 0.0 0 3.0 12 270 M M M 16 270
15 72 32 52 0 13 0 0.00 M M 3.3 14 280 M M 0 21 280
16 71 32 52 0 13 0 0.00 M M 2.9 13 290 M M 0 24 330
17 72 34 53 1 12 0 0.00 0.0 0 2.9 12 310 M M M 18 290
18 74 38 56 4 9 0 0.00 0.0 0 4.5 17 250 M M M 26 200
19 76 38 57 5 8 0 0.00 M M 5.2 18 210 M M 0 25 210
20 80 38 59 7 6 0 0.00 M M 5.8 20 230 M M 0 29 240
21 67 43 55 3 10 0 0.00 M M 8.2 24 230 M M 0 38 220
22 67 36 52 0 13 0 0.00 M M 4.2 14 280 M M 0 22 270
23 74 41 58 5 7 0 0.00 M M 2.0 8 310 M M 0 11 310
24 79 37 58 5 7 0 0.00 M M 2.8 14 270 M M 0 22 280
25 84 45 65 12 0 0 0.00 M M 4.1 20 220 M M 1 26 240
26 78 56 67 14 0 2 0.00 M M 9.1 21 210 M M 5 30 230
27 67 53 60 7 5 0 T M M 9.8 22 220 M M 2 28 220
28 66 43 55 1 10 0 0.33 M M 6.0 21 230 M M 7 13 28 170
29 67 37 52 -2 13 0 0.00 M M 2.1 12 290 M M 1 17 250
================================================================================
SM 1951 1095 358 2 1.36 0.0 159.3 M 59
================================================================================
AV 67.3 37.8 5.5 FASTST M M 2 MAX(MPH)
MISC ----> 38 190 65 180
================================================================================
NOTES:
# LAST OF SEVERAL OCCURRENCES
COLUMN 17 PEAK WIND IN M.P.H.
PRELIMINARY LOCAL CLIMATOLOGICAL DATA (WS FORM: F-6) , PAGE 2
STATION: NOGALES AZ AIRPORT
MONTH: FEBRUARY
YEAR: 2024
LATITUDE: 31 25 N
LONGITUDE: 110 51 W
[TEMPERATURE DATA] [PRECIPITATION DATA] SYMBOLS USED IN COLUMN 16
AVERAGE MONTHLY: 52.5 TOTAL FOR MONTH: 1.36 1 = FOG OR MIST
DPTR FM NORMAL: 0.8 DPTR FM NORMAL: 0.58 2 = FOG REDUCING VISIBILITY
HIGHEST: 84 ON 25 GRTST 24HR 0.54 ON 1- 2 TO 1/4 MILE OR LESS
LOWEST: 28 ON 12 3 = THUNDER
SNOW, ICE PELLETS, HAIL 4 = ICE PELLETS
TOTAL MONTH: 0.0 INCH 5 = HAIL
GRTST 24HR 0.0 6 = FREEZING RAIN OR DRIZZLE
GRTST DEPTH: 0 7 = DUSTSTORM OR SANDSTORM:
VSBY 1/2 MILE OR LESS
8 = SMOKE OR HAZE
[NO. OF DAYS WITH] [WEATHER - DAYS WITH] 9 = BLOWING SNOW
X = TORNADO
MAX 32 OR BELOW: 0 0.01 INCH OR MORE: 6
MAX 90 OR ABOVE: 0 0.10 INCH OR MORE: 4
MIN 32 OR BELOW: 9 0.50 INCH OR MORE: 0
MIN 0 OR BELOW: 0 1.00 INCH OR MORE: 0
[HDD (BASE 65) ]
TOTAL THIS MO. 358 CLEAR (SCALE 0-3) 17
DPTR FM NORMAL -14 PTCLDY (SCALE 4-7) 6
TOTAL FM JUL 1 1471 CLOUDY (SCALE 8-10) 6
DPTR FM NORMAL -186
[CDD (BASE 65) ]
TOTAL THIS MO. 2
DPTR FM NORMAL 1 [PRESSURE DATA]
TOTAL FM JAN 1 2 HIGHEST SLP M ON M
DPTR FM NORMAL 1 LOWEST SLP 29.64 ON 6
[REMARKS]
#FINAL-02-24#