000
CXUS53 KOAX 010930
CF6OMA
PRELIMINARY LOCAL CLIMATOLOGICAL DATA (WS FORM: F-6)
STATION: OMAHA NE
MONTH: MAY
YEAR: 2022
LATITUDE: 41 17 N
LONGITUDE: 95 54 W
TEMPERATURE IN F: :PCPN: SNOW: WIND :SUNSHINE: SKY :PK WND
================================================================================
1 2 3 4 5 6A 6B 7 8 9 10 11 12 13 14 15 16 17 18
12Z AVG MX 2MIN
DY MAX MIN AVG DEP HDD CDD WTR SNW DPTH SPD SPD DIR MIN PSBL S-S WX SPD DR
================================================================================
1 62 43 53 -5 12 0 0.00 0.0 0 15.3 31 300 M M 8 42 310
2 45 38 42 -16 23 0 1.10 0.0 0 10.3 22 360 M M 9 18 28 10
3 53 40 47 -12 18 0 0.02 0.0 0 10.2 20 20 M M 10 29 20
4 54 48 51 -8 14 0 0.14 0.0 0 6.2 15 130 M M 10 19 140
5 58 50 54 -5 11 0 0.09 0.0 0 6.4 15 80 M M 10 138 22 10
6 69 50 60 0 5 0 0.00 0.0 0 5.7 13 170 M M 8 17 180
7 76 51 64 4 1 0 0.00 0.0 0 20.8 31 140 M M 5 43 150
8 68 57 63 3 2 0 0.02 0.0 0 11.6 31 140 M M 10 3 42 160
9 95 67 81 20 0 16 0.00 0.0 0 17.0 35 170 M M 5 8 47 180
10 87 67 77 16 0 12 0.00 0.0 0 10.4 18 350 M M 6 25 350
11 96 70 83 21 0 18 0.00 0.0 0 16.1 35 170 M M 5 18 46 150
12 97 65 81 19 0 16 0.10 0.0 0 16.8 40 280 M M 6 3 51 280
13 84 62 73 11 0 8 T 0.0 0 6.5 18 140 M M 5 23 300
14 89 55 72 9 0 7 0.02 0.0 0 8.8 24 360 M M 5 3 31 350
15 73 55 64 1 1 0 T 0.0 0 7.1 20 360 M M 6 26 350
16 85 52 69 5 0 4 0.00 0.0 0 6.6 16 270 M M 3 23 240
17 78 63 71 7 0 6 0.89 0.0 0 9.8 36 340 M M 8 138 50 340
18 86 61 74 10 0 9 0.39 0.0 0 7.8 21 150 M M 6 13 25 150
19 93 61 77 12 0 12 0.00 0.0 0 16.1 32 340 M M 7 41 340
20 73 53 63 -2 2 0 T 0.0 0 14.9 29 350 M M 9 38 360
21 63 41 52 -14 13 0 T 0.0 0 12.3 25 330 M M 7 33 320
22 69 37 53 -13 12 0 0.00 0.0 0 8.8 20 340 M M 4 27 310
23 66 51 59 -7 6 0 0.00 0.0 0 8.1 20 150 M M 10 23 120
24 61 51 56 -11 9 0 0.77 0.0 0 10.6 22 40 M M 10 1 29 40
25 54 50 52 -15 13 0 1.11 0.0 0 15.3 29 360 M M 10 1 37 360
26 64 48 56 -12 9 0 0.01 0.0 0 11.6 22 340 M M 7 1 30 340
27 80 44 62 -6 3 0 0.00 0.0 0 8.6 20 160 M M 4 12 27 170
28 89 64 77 9 0 12 0.00 0.0 0 16.8 26 170 M M 7 32 160
29 90 71 81 12 0 16 T 0.0 0 21.6 32 160 M M 8 3 46 170
30 88 63 76 7 0 11 0.66 0.0 0 16.5 37 180 M M 7 138 62 220
31 79 58 69 0 0 4 0.00 0.0 0 10.4 25 350 M M 6 34 350
================================================================================
SM 2324 1686 154 151 5.32 0.0 365.0 M 221
================================================================================
AV 75.0 54.4 11.8 FASTST M M 7 MAX(MPH)
MISC ----> 40 280 62 220
================================================================================
NOTES:
# LAST OF SEVERAL OCCURRENCES
COLUMN 17 PEAK WIND IN M.P.H.
PRELIMINARY LOCAL CLIMATOLOGICAL DATA (WS FORM: F-6) , PAGE 2
STATION: OMAHA NE
MONTH: MAY
YEAR: 2022
LATITUDE: 41 17 N
LONGITUDE: 95 54 W
[TEMPERATURE DATA] [PRECIPITATION DATA] SYMBOLS USED IN COLUMN 16
AVERAGE MONTHLY: 64.7 TOTAL FOR MONTH: 5.32 1 = FOG OR MIST
DPTR FM NORMAL: 1.1 DPTR FM NORMAL: 0.66 2 = FOG REDUCING VISIBILITY
HIGHEST: 97 ON 12 GRTST 24HR 1.28 ON 17-18 TO 1/4 MILE OR LESS
LOWEST: 37 ON 22 3 = THUNDER
SNOW, ICE PELLETS, HAIL 4 = ICE PELLETS
TOTAL MONTH: 0.0 INCH 5 = HAIL
GRTST 24HR 0.0 6 = FREEZING RAIN OR DRIZZLE
GRTST DEPTH: 0 7 = DUSTSTORM OR SANDSTORM:
VSBY 1/2 MILE OR LESS
8 = SMOKE OR HAZE
[NO. OF DAYS WITH] [WEATHER - DAYS WITH] 9 = BLOWING SNOW
X = TORNADO
MAX 32 OR BELOW: 0 0.01 INCH OR MORE: 13
MAX 90 OR ABOVE: 5 0.10 INCH OR MORE: 8
MIN 32 OR BELOW: 0 0.50 INCH OR MORE: 5
MIN 0 OR BELOW: 0 1.00 INCH OR MORE: 2
[HDD (BASE 65) ]
TOTAL THIS MO. 154 CLEAR (SCALE 0-3) 1
DPTR FM NORMAL 22 PTCLDY (SCALE 4-7) 20
TOTAL FM JUL 1 5442 CLOUDY (SCALE 8-10) 10
DPTR FM NORMAL -380
[CDD (BASE 65) ]
TOTAL THIS MO. 151
DPTR FM NORMAL 61 [PRESSURE DATA]
TOTAL FM JAN 1 170 HIGHEST SLP 30.43 ON 22
DPTR FM NORMAL 64 LOWEST SLP 29.22 ON 19
[REMARKS]
#FINAL-05-22#