000
CXUS53 KOAX 011300
CLMOMA
CLIMATE REPORT
NATIONAL WEATHER SERVICE OMAHA/VALLEY NE
800 AM CDT MON MAY 01 2023
...................................
...THE OMAHA NE CLIMATE SUMMARY FOR THE MONTH OF APRIL 2023...
CLIMATE NORMAL PERIOD 1991 TO 2020
CLIMATE RECORD PERIOD 1871 TO 2023
WEATHER OBSERVED NORMAL DEPART
VALUE DATE(S) VALUE FROM
NORMAL
................................................
TEMPERATURE (F)
HIGHEST 88 04/12
LOWEST 21 04/06
AVG. MAXIMUM 66.4 64.1 2.3
AVG. MINIMUM 39.4 41.1 -1.7
MEAN 52.9 52.6 0.3
DAYS MAX >= 90 0
DAYS MAX <= 32 0
DAYS MIN <= 32 6
DAYS MIN <= 0 0
PRECIPITATION (INCHES)
RECORD
MAXIMUM 8.48 1999
MINIMUM 0.23 1936
TOTALS 3.31 3.17 0.14
DAYS >= .01 7
DAYS >= .10 4
DAYS >= .50 2
DAYS >= 1.00 2
GREATEST
24 HR. TOTAL 1.74 04/20 TO 04/20
SNOWFALL (INCHES)
RECORDS
TOTAL 10.0 1992
TOTALS T 1.0 -1.0
SINCE 7/1 13.8
DAYS >= 1.0 0
GREATEST
SNOW DEPTH T 04/01 TO 04/01
04/21 TO 04/21
04/22 TO 04/22
24 HR TOTAL T 04/01 TO 04/01
04/21 TO 04/21
04/22 TO 04/22
DEGREE DAYS
HEATING TOTAL 374 386 -12
SINCE 7/1 5868 5689 179
COOLING TOTAL 21 14 7
SINCE 1/1 21 16 5
................................................
WIND (MPH)
AVERAGE WIND SPEED 13.3
HIGHEST WIND SPEED/DIRECTION 38/320 DATE 04/16
38/320 04/30
HIGHEST GUST SPEED/DIRECTION 57/360 DATE 04/30
SKY COVER
AVERAGE SKY COVER 0.52
WEATHER CONDITIONS. NUMBER OF DAYS WITH
THUNDERSTORM 7 MIXED PRECIP 0
HEAVY RAIN 3 RAIN 2
LIGHT RAIN 9 FREEZING RAIN 0
LT FREEZING RAIN 0 HAIL 0
HEAVY SNOW 0 SNOW 0
LIGHT SNOW 3 SLEET 0
FOG 6 FOG W/VIS <= 1/4 MILE 0
HAZE 0
- INDICATES NEGATIVE NUMBERS.
R INDICATES RECORD WAS SET OR TIED.
MM INDICATES DATA IS MISSING.
T INDICATES TRACE AMOUNT.
&&
APRIL IN OMAHA WAS SLIGHTLY WARMER AND SLIGHTLY WETTER THAN NORMAL.
THE MONTH ENDED UP 0.3 DEGREES ABOVE NORMAL FOR AVERAGE TEMPERATURE
AND 0.14 INCHES ABOVE NORMAL FOR PRECIPITATION. SNOWFALL ONLY
MEASURED A TRACE, WHICH WAS 1 INCH BELOW NORMAL. A NEW DAILY MINIMUM
TEMPERATURE RECORD WAS SET ON APRIL 23.
NEW DAILY RECORDS FOR APRIL 2023
DATE RECORD VALUE PREVIOUS RECORD
APR 23 MINIMUM TEMPERATURE 26 28 IN 2013
$$
DEWALD