000
CXUS56 KOTX 011010
CF6OMK
PRELIMINARY LOCAL CLIMATOLOGICAL DATA (WS FORM: F-6)
STATION: OMAK WA AIRPORT
MONTH: NOVEMBER
YEAR: 2021
LATITUDE: 48 27 N
LONGITUDE: 119 31 W
TEMPERATURE IN F: :PCPN: SNOW: WIND :SUNSHINE: SKY :PK WND
================================================================================
1 2 3 4 5 6A 6B 7 8 9 10 11 12 13 14 15 16 17 18
12Z AVG MX 2MIN
DY MAX MIN AVG DEP HDD CDD WTR SNW DPTH SPD SPD DIR MIN PSBL S-S WX SPD DR
================================================================================
1 48 29 39 -3 26 0 0.00 M M 5.4 14 360 M M 5 18 340
2 48 35 42 1 23 0 0.26 M M 2.5 8 180 M M 9 1 10 150
3 47 40 44 3 21 0 0.05 M M 2.4 7 110 M M 9 1 8 90
4 54 42 48 8 17 0 0.23 M M 8.1 20 170 M M 8 1 24 170
5 51 31 41 1 24 0 0.02 M M 7.1 20 180 M M 3 23 180
6 45 30 38 -1 27 0 0.21 M M 3.6 12 180 M M 5 1 16 190
7 49 32 41 2 24 0 T M M 12.2 23 150 M M 3 29 170
8 47 31 39 0 26 0 0.00 M M 4.9 14 170 M M 2 16 170
9 49 31 40 2 25 0 0.30 M M 6.6 18 150 M M 5 1 24 170
10 49 29 39 1 26 0 0.00 M M 5.7 13 190 M M 1 15 190
11 43 35 39 1 26 0 0.17 M M 3.7 9 180 M M 10 1 12 180
12 45 41 43 6 22 0 0.03 M M 6.2 14 140 M M 10 1 17 190
13 44 36 40 3 25 0 0.22 M M 2.7 12 180 M M 9 1 15 150
14 55 40 48 12 17 0 0.00 M M 8.1 17 350 M M 4 22 350
15 63 39 51 15 14 0 0.02 M M 14.1 31 190 M M 2 43 190
16 51 26 39 3 26 0 0.00 M M 8.6 24 10 M M 2 33 30
17 40 21 31 -4 34 0 0.00 M M 2.5 9 310 M M 0 10 320
18 37 30 34 -1 31 0 0.11 M M 0.3 6 40 M M 8 1 6 360
19 45 27 36 1 29 0 0.01 M M 8.7 20 350 M M 5 1 24 350
20 37 28 33 -1 32 0 0.00 M M 3.3 7 360 M M 9 M M
21 38 34 36 2 29 0 0.00 M M 3.1 10 180 M M 9 14 190
22 41 33 37 3 28 0 0.00 M M 7.0 20 170 M M 10 1 24 160
23 40 26 33 0 32 0 0.02 M M 3.4 13 360 M M 8 18 15 350
24 38 26 32 -1 33 0 0.00 M M 4.8 12 200 M M 9 14 190
25 43 35 39 7 26 0 0.00 M M 9.1 20 220 M M 8 25 220
26 48 31 40 8 25 0 0.00 M M 3.1 14 180 M M 3 8 19 190
27 43 32 38 6 27 0 0.07 M M 5.0 10 170 M M 8 12 13 170
28 62 38 50 18 15 0 0.00 M M 8.1 21 160 M M 4 1 26 170
29 53 35 44 13 21 0 0.00 M M 4.3 14 180 M M 0 17 180
30 59 48 54 23 11 0 0.00 M M 13.4 22 170 M M 7 28 170
================================================================================
SM 1412 991 742 0 1.72 M 178.0 M 175
================================================================================
AV 47.1 33.0 5.9 FASTST M M 6 MAX(MPH)
MISC ----> 31 190 43 190
================================================================================
NOTES:
# LAST OF SEVERAL OCCURRENCES
COLUMN 17 PEAK WIND IN M.P.H.
PRELIMINARY LOCAL CLIMATOLOGICAL DATA (WS FORM: F-6) , PAGE 2
STATION: OMAK WA AIRPORT
MONTH: NOVEMBER
YEAR: 2021
LATITUDE: 48 27 N
LONGITUDE: 119 31 W
[TEMPERATURE DATA] [PRECIPITATION DATA] SYMBOLS USED IN COLUMN 16
AVERAGE MONTHLY: 40.1 TOTAL FOR MONTH: 1.72 1 = FOG OR MIST
DPTR FM NORMAL: 4.1 DPTR FM NORMAL: 0.48 2 = FOG REDUCING VISIBILITY
HIGHEST: 63 ON 15 GRTST 24HR 0.31 ON 2- 3 TO 1/4 MILE OR LESS
LOWEST: 21 ON 17 3 = THUNDER
SNOW, ICE PELLETS, HAIL 4 = ICE PELLETS
TOTAL MONTH: M 5 = HAIL
GRTST 24HR M ON M 6 = FREEZING RAIN OR DRIZZLE
GRTST DEPTH: M ON M 7 = DUSTSTORM OR SANDSTORM:
VSBY 1/2 MILE OR LESS
8 = SMOKE OR HAZE
[NO. OF DAYS WITH] [WEATHER - DAYS WITH] 9 = BLOWING SNOW
X = TORNADO
MAX 32 OR BELOW: 0 0.01 INCH OR MORE: 14
MAX 90 OR ABOVE: 0 0.10 INCH OR MORE: 7
MIN 32 OR BELOW: 16 0.50 INCH OR MORE: 0
MIN 0 OR BELOW: 0 1.00 INCH OR MORE: 0
[HDD (BASE 65) ]
TOTAL THIS MO. 742 CLEAR (SCALE 0-3) 9
DPTR FM NORMAL -130 PTCLDY (SCALE 4-7) 11
TOTAL FM JUL 1 1324 CLOUDY (SCALE 8-10) 10
DPTR FM NORMAL -181
[CDD (BASE 65) ]
TOTAL THIS MO. 0
DPTR FM NORMAL 0 [PRESSURE DATA]
TOTAL FM JAN 1 1173 HIGHEST SLP M ON M
DPTR FM NORMAL 469 LOWEST SLP 29.29 ON 15
[REMARKS]
#FINAL-11-21#