000
CXUS56 KBOI 011002
CF6ONO
PRELIMINARY LOCAL CLIMATOLOGICAL DATA (WS FORM: F-6)
STATION: ONTARIO OR
MONTH: SEPTEMBER
YEAR: 2021
LATITUDE: 44 1 N
LONGITUDE: 117 1 W
TEMPERATURE IN F: :PCPN: SNOW: WIND :SUNSHINE: SKY :PK WND
================================================================================
1 2 3 4 5 6A 6B 7 8 9 10 11 12 13 14 15 16 17 18
12Z AVG MX 2MIN
DY MAX MIN AVG DEP HDD CDD WTR SNW DPTH SPD SPD DIR MIN PSBL S-S WX SPD DR
================================================================================
1 85 55 70 -1 0 5 0.00 M M 8.8 22 340 M M 0 29 330
2 85 56 71 0 0 6 0.00 M M 11.1 23 330 M M 0 29 320
3 85 50 68 -2 0 3 0.00 M M 4.1 18 320 M M 0 8 24 330
4 87 42 65 -5 0 0 0.00 M M 2.0 8 260 M M 0 11 130
5 92 47 70 0 0 5 0.00 M M 2.8 9 260 M M 0 11 120
6 92 47 70 1 0 5 0.00 M M 1.7 8 250 M M 1 8 11 260
7 93 52 73 4 0 8 0.00 M M 1.5 7 220 M M 0 8 8 260
8 90 50 70 1 0 5 0.00 M M 2.2 8 260 M M 2 8 10 270
9 94 54 74 6 0 9 0.00 M M 3.1 13 280 M M 3 8 19 280
10 83 55 69 1 0 4 0.18 M M 6.2 29 240 M M 4 138 41 240
11 80 49 65 -3 0 0 0.00 M M 1.4 9 250 M M 1 128 12 250
12 83 49 66 -1 0 1 0.00 M M 1.8 9 310 M M 0 18 14 340
13 83 56 70 3 0 5 0.00 M M 5.8 15 330 M M 0 21 340
14 84 50 67 0 0 2 0.00 M M 4.1 17 340 M M 0 24 330
15 87 46 67 1 0 2 0.00 M M 5.0 22 330 M M 0 30 330
16 76 47 62 -4 3 0 0.00 M M 11.7 33 320 M M 1 42 320
17 82 36 59 -7 6 0 0.00 M M 2.6 12 220 M M 0 13 230
18 82 44 63 -2 2 0 T M M 5.8 35 310 M M 2 8 46 300
19 72 49 61 -4 4 0 0.00 M M 9.3 26 250 M M 4 34 250
20 71 40 56 -8 9 0 0.00 M M 2.4 12 260 M M 0 15 250
21 78 37 58 -6 7 0 0.00 M M 2.7 10 190 M M 0 17 110
22 80 41 61 -3 4 0 0.00 M M 5.3 20 340 M M 1 8 25 360
23 85 55 70 7 0 5 0.00 M M 6.1 20 300 M M 0 8 26 330
24 83 46 65 2 0 0 0.00 M M 1.8 8 250 M M 0 12 230
25 86 45 66 4 0 1 0.00 M M 2.7 8 270 M M 0 10 270
26 88 46 67 5 0 2 0.00 M M 2.5 9 250 M M 0 11 90
27 87 47 67 5 0 2 0.00 M M 7.1 35 330 M M 0 8 47 330
28 67 45 56 -5 9 0 0.10 M M 8.2 32 340 M M 6 8 43 300
29 69 37 53 -8 12 0 0.00 M M 3.2 9 270 M M 0 12 300
30 73 36 55 -5 10 0 0.00 M M 2.0 7 260 M M 0 9 260
================================================================================
SM 2482 1409 66 70 0.28 M 135.0 M 25
================================================================================
AV 82.7 47.0 4.5 FASTST M M 1 MAX(MPH)
MISC ----> # 35 310 47 330
================================================================================
NOTES:
# LAST OF SEVERAL OCCURRENCES
COLUMN 17 PEAK WIND IN M.P.H.
PRELIMINARY LOCAL CLIMATOLOGICAL DATA (WS FORM: F-6) , PAGE 2
STATION: ONTARIO OR
MONTH: SEPTEMBER
YEAR: 2021
LATITUDE: 44 1 N
LONGITUDE: 117 1 W
[TEMPERATURE DATA] [PRECIPITATION DATA] SYMBOLS USED IN COLUMN 16
AVERAGE MONTHLY: 64.9 TOTAL FOR MONTH: 0.28 1 = FOG OR MIST
DPTR FM NORMAL: -1.2 DPTR FM NORMAL: -0.01 2 = FOG REDUCING VISIBILITY
HIGHEST: 94 ON 9 GRTST 24HR 0.18 ON 10-10 TO 1/4 MILE OR LESS
LOWEST: 36 ON 30,17 3 = THUNDER
SNOW, ICE PELLETS, HAIL 4 = ICE PELLETS
TOTAL MONTH: M 5 = HAIL
GRTST 24HR M ON M 6 = FREEZING RAIN OR DRIZZLE
GRTST DEPTH: M ON M 7 = DUSTSTORM OR SANDSTORM:
VSBY 1/2 MILE OR LESS
8 = SMOKE OR HAZE
[NO. OF DAYS WITH] [WEATHER - DAYS WITH] 9 = BLOWING SNOW
X = TORNADO
MAX 32 OR BELOW: 0 0.01 INCH OR MORE: 2
MAX 90 OR ABOVE: 5 0.10 INCH OR MORE: 2
MIN 32 OR BELOW: 0 0.50 INCH OR MORE: 0
MIN 0 OR BELOW: 0 1.00 INCH OR MORE: 0
[HDD (BASE 65) ]
TOTAL THIS MO. 66 CLEAR (SCALE 0-3) 27
DPTR FM NORMAL -4 PTCLDY (SCALE 4-7) 3
TOTAL FM JUL 1 66 CLOUDY (SCALE 8-10) 0
DPTR FM NORMAL -11
[CDD (BASE 65) ]
TOTAL THIS MO. 70
DPTR FM NORMAL -28 [PRESSURE DATA]
TOTAL FM JAN 1 1485 HIGHEST SLP M ON M
DPTR FM NORMAL 389 LOWEST SLP 29.62 ON 27
[REMARKS]
#FINAL-09-21#