000
CXUS56 KSGX 011045
CF6ONT
PRELIMINARY LOCAL CLIMATOLOGICAL DATA (WS FORM: F-6)
STATION: ONTARIO INTL AIRPORT CA
MONTH: JULY
YEAR: 2021
LATITUDE: 34 2 N
LONGITUDE: 117 37 W
TEMPERATURE IN F: :PCPN: SNOW: WIND :SUNSHINE: SKY :PK WND
================================================================================
1 2 3 4 5 6A 6B 7 8 9 10 11 12 13 14 15 16 17 18
12Z AVG MX 2MIN
DY MAX MIN AVG DEP HDD CDD WTR SNW DPTH SPD SPD DIR MIN PSBL S-S WX SPD DR
================================================================================
1 100 65 83 6 0 18 0.00 M M 7.0 18 270 M M 1 8 24 270
2 99 66 83 5 0 18 0.00 M M 6.9 20 260 M M 2 8 24 270
3 97 69 83 5 0 18 0.00 M M 7.8 17 260 M M 5 8 24 270
4 92 64 78 0 0 13 0.00 M M 7.8 17 270 M M 3 8 22 250
5 94 64 79 1 0 14 0.00 M M 7.3 16 260 M M 1 8 25 260
6 95 63 79 1 0 14 0.00 M M 7.6 17 270 M M 1 8 22 270
7 96 66 81 3 0 16 0.00 M M 7.3 18 250 M M 2 8 26 260
8 99 68 84 5 0 19 0.00 M M 6.7 20 260 M M 4 8 26 250
9 100 72 86 7 0 21 0.00 M M 5.8 17 250 M M 4 24 270
10 98 72 85 6 0 20 0.00 M M 6.9 17 260 M M 3 22 250
11 99 70 85 6 0 20 0.00 M M 6.3 21 270 M M 3 25 300
12 94 67 81 2 0 16 0.00 M M 7.4 17 240 M M 2 8 22 250
13 98 70 84 5 0 19 0.00 M M 7.7 22 270 M M 2 8 28 270
14 97 71 84 4 0 19 0.05 M M 8.1 20 270 M M 3 8 25 270
15 96 68 82 2 0 17 0.00 M M 8.1 17 270 M M 1 24 270
16 95 66 81 1 0 16 0.00 M M 7.4 17 260 M M 2 8 23 260
17 97 67 82 2 0 17 0.00 M M 6.8 17 230 M M 3 24 230
18 100 73 87 7 0 22 0.00 M M 7.5 18 260 M M 6 23 260
19 99 73 86 6 0 21 0.00 M M 7.0 20 270 M M 3 25 270
20 98 70 84 4 0 19 0.00 M M 6.2 18 260 M M 2 24 260
21 100 74 87 7 0 22 0.00 M M 7.1 17 260 M M 5 24 240
22 97 72 85 5 0 20 0.00 M M 8.0 18 260 M M 7 25 260
23 96 68 82 2 0 17 0.00 M M 6.4 17 240 M M 6 8 23 260
24 92 67 80 0 0 15 0.00 M M 5.7 16 260 M M 8 8 20 260
25 91 67 79 -1 0 14 T M M 6.3 18 230 M M 7 8 23 250
26 89 68 79 -1 0 14 0.44 M M 7.2 22 260 M M 6 18 27 270
27 97 68 83 3 0 18 0.00 M M 7.1 18 240 M M 2 8 24 270
28 98 70 84 4 0 19 0.00 M M 7.6 18 240 M M 3 25 250
29 100 71 86 6 0 21 0.00 M M 6.3 20 260 M M 5 25 250
30 102 70 86 6 0 21 0.00 M M 6.2 16 240 M M 7 20 230
31 100 70 85 5 0 20 0.00 M M 6.8 20 250 M M 3 26 240
================================================================================
SM 3005 2129 0 558 0.49 M 218.3 M 112
================================================================================
AV 96.9 68.7 7.0 FASTST M M 4 MAX(MPH)
MISC ----> # 22 270 28 270
================================================================================
NOTES:
# LAST OF SEVERAL OCCURRENCES
COLUMN 17 PEAK WIND IN M.P.H.
PRELIMINARY LOCAL CLIMATOLOGICAL DATA (WS FORM: F-6) , PAGE 2
STATION: ONTARIO INTL AIRPORT CA
MONTH: JULY
YEAR: 2021
LATITUDE: 34 2 N
LONGITUDE: 117 37 W
[TEMPERATURE DATA] [PRECIPITATION DATA] SYMBOLS USED IN COLUMN 16
AVERAGE MONTHLY: 82.8 TOTAL FOR MONTH: 0.49 1 = FOG OR MIST
DPTR FM NORMAL: 3.6 DPTR FM NORMAL: 0.44 2 = FOG REDUCING VISIBILITY
HIGHEST: 102 ON 30 GRTST 24HR 0.44 ON 26-26 TO 1/4 MILE OR LESS
LOWEST: 63 ON 6 3 = THUNDER
SNOW, ICE PELLETS, HAIL 4 = ICE PELLETS
TOTAL MONTH: M 5 = HAIL
GRTST 24HR M ON M 6 = FREEZING RAIN OR DRIZZLE
GRTST DEPTH: M ON M 7 = DUSTSTORM OR SANDSTORM:
VSBY 1/2 MILE OR LESS
8 = SMOKE OR HAZE
[NO. OF DAYS WITH] [WEATHER - DAYS WITH] 9 = BLOWING SNOW
X = TORNADO
MAX 32 OR BELOW: 0 0.01 INCH OR MORE: 2
MAX 90 OR ABOVE: 30 0.10 INCH OR MORE: 1
MIN 32 OR BELOW: 0 0.50 INCH OR MORE: 0
MIN 0 OR BELOW: 0 1.00 INCH OR MORE: 0
[HDD (BASE 65) ]
TOTAL THIS MO. 0 CLEAR (SCALE 0-3) 17
DPTR FM NORMAL 0 PTCLDY (SCALE 4-7) 14
TOTAL FM JUL 1 0 CLOUDY (SCALE 8-10) 0
DPTR FM NORMAL 0
[CDD (BASE 65) ]
TOTAL THIS MO. 558
DPTR FM NORMAL 116 [PRESSURE DATA]
TOTAL FM JAN 1 1178 HIGHEST SLP 30.00 ON 24
DPTR FM NORMAL 272 LOWEST SLP 29.71 ON 7
[REMARKS]
#FINAL-07-21#