000
CXUS51 KAKQ 010710
CF6ORF
PRELIMINARY LOCAL CLIMATOLOGICAL DATA (WS FORM: F-6)
STATION: NORFOLK VA
MONTH: MAY
YEAR: 2023
LATITUDE: 36 54 N
LONGITUDE: 76 12 W
TEMPERATURE IN F: :PCPN: SNOW: WIND :SUNSHINE: SKY :PK WND
================================================================================
1 2 3 4 5 6A 6B 7 8 9 10 11 12 13 14 15 16 17 18
12Z AVG MX 2MIN
DY MAX MIN AVG DEP HDD CDD WTR SNW DPTH SPD SPD DIR MIN PSBL S-S WX SPD DR
================================================================================
1 67 52 60 -5 5 0 T 0.0 0 13.7 26 250 M M 5 36 220
2 69 53 61 -4 4 0 T 0.0 0 11.1 23 240 M M 2 34 240
3 64 50 57 -8 8 0 0.01 0.0 0 6.6 18 250 M M 5 28 280
4 64 50 57 -8 8 0 T 0.0 0 7.4 18 350 M M 5 25 360
5 67 48 58 -8 7 0 0.00 0.0 0 5.5 13 40 M M 1 15 40
6 70 55 63 -3 2 0 0.00 0.0 0 5.6 12 120 M M 4 16 130
7 83 55 69 3 0 4 0.18 0.0 0 9.3 20 220 M M 5 1 28 210
8 85 65 75 9 0 10 0.00 0.0 0 6.3 12 220 M M 0 17 120
9 71 59 65 -1 0 0 0.00 0.0 0 9.9 21 30 M M 3 26 30
10 69 56 63 -4 2 0 0.00 0.0 0 8.3 14 30 M M 0 19 120
11 79 54 67 0 0 2 0.00 0.0 0 7.1 16 210 M M 0 20 200
12 86 63 75 8 0 10 0.00 0.0 0 13.0 20 230 M M 1 24 210
13 85 65 75 7 0 10 0.09 0.0 0 12.5 21 220 M M 5 13 25 220
14 71 58 65 -3 0 0 0.14 0.0 0 8.5 23 30 M M 3 1 27 30
15 73 53 63 -5 2 0 0.00 0.0 0 5.0 12 220 M M 2 16 140
16 82 61 72 4 0 7 0.25 0.0 0 13.5 26 230 M M 7 13 32 210
17 74 60 67 -1 0 2 0.53 0.0 0 10.0 22 30 M M 4 1 26 40
18 66 59 63 -6 2 0 0.00 0.0 0 10.6 18 80 M M 0 25 90
19 69 63 66 -3 0 1 0.13 0.0 0 11.4 18 30 M M 6 1 25 80
20 76 63 70 1 0 5 0.02 0.0 0 7.9 14 30 M M 7 1 18 40
21 71 58 65 -4 0 0 T 0.0 0 8.3 21 10 M M 4 29 20
22 74 56 65 -5 0 0 0.00 0.0 0 8.8 15 70 M M 0 20 60
23 67 59 63 -7 2 0 T 0.0 0 15.5 23 60 M M 4 28 60
24 69 57 63 -7 2 0 0.00 0.0 0 11.8 21 30 M M 1 25 10
25 64 55 60 -10 5 0 T 0.0 0 13.4 24 60 M M 4 31 30
26 67 56 62 -9 3 0 0.00 0.0 0 16.1 24 40 M M 0 31 40
27 66 59 63 -8 2 0 0.01 0.0 0 17.6 28 60 M M 5 36 70
28 65 60 63 -8 2 0 0.64 0.0 0 12.9 22 60 M M 10 1 30 60
29 77 63 70 -2 0 5 0.20 0.0 0 6.3 20 40 M M 9 138 30 20
30 64 59 62 -10 3 0 0.51 0.0 0 14.7 23 60 M M 10 1 32 40
31 70 59 65 -7 0 0 0.00 0.0 0 12.6 18 10 M M 8 1 26 10
================================================================================
SM 2224 1783 59 56 2.71 0.0 321.2 M 120
================================================================================
AV 71.7 57.5 10.4 FASTST M M 4 MAX(MPH)
MISC ----> 28 60 # 36 220
================================================================================
NOTES:
# LAST OF SEVERAL OCCURRENCES
COLUMN 17 PEAK WIND IN M.P.H.
PRELIMINARY LOCAL CLIMATOLOGICAL DATA (WS FORM: F-6) , PAGE 2
STATION: NORFOLK VA
MONTH: MAY
YEAR: 2023
LATITUDE: 36 54 N
LONGITUDE: 76 12 W
[TEMPERATURE DATA] [PRECIPITATION DATA] SYMBOLS USED IN COLUMN 16
AVERAGE MONTHLY: 64.6 TOTAL FOR MONTH: 2.71 1 = FOG OR MIST
DPTR FM NORMAL: -3.7 DPTR FM NORMAL: -1.07 2 = FOG REDUCING VISIBILITY
HIGHEST: 86 ON 12 GRTST 24HR 1.29 ON 30- 1 TO 1/4 MILE OR LESS
LOWEST: 48 ON 5 3 = THUNDER
SNOW, ICE PELLETS, HAIL 4 = ICE PELLETS
TOTAL MONTH: 0.0 INCH 5 = HAIL
GRTST 24HR 0.0 6 = FREEZING RAIN OR DRIZZLE
GRTST DEPTH: 0 7 = DUSTSTORM OR SANDSTORM:
VSBY 1/2 MILE OR LESS
8 = SMOKE OR HAZE
[NO. OF DAYS WITH] [WEATHER - DAYS WITH] 9 = BLOWING SNOW
X = TORNADO
MAX 32 OR BELOW: 0 0.01 INCH OR MORE: 12
MAX 90 OR ABOVE: 0 0.10 INCH OR MORE: 8
MIN 32 OR BELOW: 0 0.50 INCH OR MORE: 3
MIN 0 OR BELOW: 0 1.00 INCH OR MORE: 0
[HDD (BASE 65) ]
TOTAL THIS MO. 59 CLEAR (SCALE 0-3) 13
DPTR FM NORMAL 7 PTCLDY (SCALE 4-7) 14
TOTAL FM JUL 1 2634 CLOUDY (SCALE 8-10) 4
DPTR FM NORMAL -434
[CDD (BASE 65) ]
TOTAL THIS MO. 56
DPTR FM NORMAL -97 [PRESSURE DATA]
TOTAL FM JAN 1 140 HIGHEST SLP M ON M
DPTR FM NORMAL -76 LOWEST SLP 29.39 ON 1
[REMARKS]
#FINAL-05-23#