000
CXUS51 KAKQ 010710
CF6ORF
PRELIMINARY LOCAL CLIMATOLOGICAL DATA (WS FORM: F-6)
STATION: NORFOLK VA
MONTH: APRIL
YEAR: 2023
LATITUDE: 36 54 N
LONGITUDE: 76 12 W
TEMPERATURE IN F: :PCPN: SNOW: WIND :SUNSHINE: SKY :PK WND
================================================================================
1 2 3 4 5 6A 6B 7 8 9 10 11 12 13 14 15 16 17 18
12Z AVG MX 2MIN
DY MAX MIN AVG DEP HDD CDD WTR SNW DPTH SPD SPD DIR MIN PSBL S-S WX SPD DR
================================================================================
1 77 58 68 13 0 3 0.06 0.0 0 25.8 40 220 M M 5 50 220
2 60 45 53 -3 12 0 0.00 0.0 0 9.0 17 350 M M 0 29 350
3 71 43 57 1 8 0 0.00 0.0 0 10.1 20 190 M M 0 24 200
4 77 60 69 13 0 4 0.00 0.0 0 7.6 18 150 M M 6 23 150
5 85 59 72 15 0 7 0.00 0.0 0 11.2 20 210 M M 0 27 200
6 85 66 76 19 0 11 0.00 0.0 0 14.4 23 220 M M 2 28 30
7 66 46 56 -1 9 0 0.54 0.0 0 12.9 24 360 M M 10 1 31 360
8 52 45 49 -9 16 0 0.04 0.0 0 14.1 24 60 M M 10 32 60
9 55 47 51 -7 14 0 T 0.0 0 15.6 23 30 M M 3 30 30
10 55 40 48 -10 17 0 0.00 0.0 0 8.3 16 60 M M 0 21 30
11 72 38 55 -4 10 0 0.00 0.0 0 7.3 15 230 M M 0 23 230
12 81 52 67 8 0 2 0.00 0.0 0 8.5 15 230 M M 0 21 230
13 82 55 69 10 0 4 0.00 0.0 0 8.8 17 220 M M 0 23 200
14 74 57 66 6 0 1 0.03 0.0 0 9.1 17 220 M M 2 1 21 220
15 80 64 72 12 0 7 0.00 0.0 0 8.1 16 230 M M 4 24 230
16 82 60 71 11 0 6 0.02 0.0 0 10.5 18 210 M M 2 1 26 220
17 71 52 62 1 3 0 0.00 0.0 0 9.2 21 240 M M 2 27 230
18 76 49 63 2 2 0 0.00 0.0 0 10.9 22 240 M M 0 27 240
19 69 53 61 0 4 0 0.00 0.0 0 9.5 16 60 M M 0 23 80
20 88 57 73 11 0 8 0.00 0.0 0 9.2 14 220 M M 1 20 190
21 88 62 75 13 0 10 0.00 0.0 0 12.1 24 200 M M 1 31 200
22 80 59 70 8 0 5 1.20 0.0 0 11.2 26 190 M M 4 13 35 170
23 71 55 63 1 2 0 T 0.0 0 6.8 20 10 M M 2 27 10
24 60 50 55 -8 10 0 T 0.0 0 10.7 23 20 M M 7 31 20
25 61 45 53 -10 12 0 0.00 0.0 0 7.0 16 40 M M 0 20 40
26 67 50 59 -4 6 0 0.00 0.0 0 6.4 16 130 M M 1 20 140
27 70 56 63 -1 2 0 0.01 0.0 0 6.3 13 120 M M 8 17 160
28 69 59 64 0 1 0 0.75 0.0 0 8.7 17 130 M M 9 1 26 120
29 71 58 65 1 0 0 0.00 0.0 0 5.7 10 150 M M 4 1 14 140
30 75 61 68 4 0 3 1.30 0.0 0 9.0 29 230 M M 9 13 40 230
================================================================================
SM 2170 1601 128 71 3.95 0.0 304.0 M 92
================================================================================
AV 72.3 53.4 10.1 FASTST M M 3 MAX(MPH)
MISC ----> 40 220 50 220
================================================================================
NOTES:
# LAST OF SEVERAL OCCURRENCES
COLUMN 17 PEAK WIND IN M.P.H.
PRELIMINARY LOCAL CLIMATOLOGICAL DATA (WS FORM: F-6) , PAGE 2
STATION: NORFOLK VA
MONTH: APRIL
YEAR: 2023
LATITUDE: 36 54 N
LONGITUDE: 76 12 W
[TEMPERATURE DATA] [PRECIPITATION DATA] SYMBOLS USED IN COLUMN 16
AVERAGE MONTHLY: 62.9 TOTAL FOR MONTH: 3.95 1 = FOG OR MIST
DPTR FM NORMAL: 2.8 DPTR FM NORMAL: 0.58 2 = FOG REDUCING VISIBILITY
HIGHEST: 88 ON 21,20 GRTST 24HR 1.30 ON 30-30 TO 1/4 MILE OR LESS
LOWEST: 38 ON 11 3 = THUNDER
SNOW, ICE PELLETS, HAIL 4 = ICE PELLETS
TOTAL MONTH: 0.0 INCH 5 = HAIL
GRTST 24HR 0.0 6 = FREEZING RAIN OR DRIZZLE
GRTST DEPTH: 0 7 = DUSTSTORM OR SANDSTORM:
VSBY 1/2 MILE OR LESS
8 = SMOKE OR HAZE
[NO. OF DAYS WITH] [WEATHER - DAYS WITH] 9 = BLOWING SNOW
X = TORNADO
MAX 32 OR BELOW: 0 0.01 INCH OR MORE: 9
MAX 90 OR ABOVE: 0 0.10 INCH OR MORE: 4
MIN 32 OR BELOW: 0 0.50 INCH OR MORE: 4
MIN 0 OR BELOW: 0 1.00 INCH OR MORE: 2
[HDD (BASE 65) ]
TOTAL THIS MO. 128 CLEAR (SCALE 0-3) 19
DPTR FM NORMAL -73 PTCLDY (SCALE 4-7) 7
TOTAL FM JUL 1 2575 CLOUDY (SCALE 8-10) 4
DPTR FM NORMAL -440
[CDD (BASE 65) ]
TOTAL THIS MO. 71
DPTR FM NORMAL 19 [PRESSURE DATA]
TOTAL FM JAN 1 84 HIGHEST SLP M ON M
DPTR FM NORMAL 21 LOWEST SLP 29.07 ON 30
[REMARKS]
#FINAL-04-23#