000
CXUS51 KAKQ 010810
CF6ORF
PRELIMINARY LOCAL CLIMATOLOGICAL DATA (WS FORM: F-6)
STATION: NORFOLK VA
MONTH: JANUARY
YEAR: 2023
LATITUDE: 36 54 N
LONGITUDE: 76 12 W
TEMPERATURE IN F: :PCPN: SNOW: WIND :SUNSHINE: SKY :PK WND
================================================================================
1 2 3 4 5 6A 6B 7 8 9 10 11 12 13 14 15 16 17 18
12Z AVG MX 2MIN
DY MAX MIN AVG DEP HDD CDD WTR SNW DPTH SPD SPD DIR MIN PSBL S-S WX SPD DR
================================================================================
1 64 46 55 12 10 0 0.00 0.0 0 4.1 9 240 M M 2 1 13 230
2 65 46 56 13 9 0 0.00 0.0 0 4.5 9 190 M M 0 12 170
3 71 50 61 18 4 0 0.00 0.0 0 13.6 26 210 M M 0 1 32 200
4 70 64 67 24 0 2 0.05 0.0 0 13.1 25 210 M M 4 1 33 210
5 65 50 58 15 7 0 0.00 0.0 0 8.0 16 210 M M 3 1 20 230
6 57 41 49 6 16 0 0.00 0.0 0 6.3 16 30 M M 2 1 21 310
7 51 37 44 2 21 0 0.00 0.0 0 3.7 10 240 M M 0 14 360
8 45 39 42 0 23 0 0.30 0.0 0 6.9 15 350 M M 5 1 20 350
9 51 33 42 0 23 0 0.06 0.0 0 6.1 20 350 M M 4 1 24 350
10 49 29 39 -3 26 0 0.00 0.0 0 2.6 12 160 M M 0 1 14 180
11 49 30 40 -2 25 0 0.00 0.0 0 4.6 14 70 M M 2 12 19 90
12 67 47 57 15 8 0 0.01 0.0 0 12.4 33 200 M M 7 3 44 200
13 59 41 50 8 15 0 0.26 0.0 0 11.6 21 360 M M 9 13 30 360
14 42 34 38 -4 27 0 0.00 0.0 0 15.7 25 360 M M 10 34 360
15 42 31 37 -5 28 0 0.00 0.0 0 11.2 23 350 M M 4 34 360
16 52 31 42 0 23 0 0.00 0.0 0 6.1 12 280 M M 0 18 320
17 52 34 43 1 22 0 0.05 0.0 0 11.5 21 220 M M 5 27 220
18 61 44 53 11 12 0 0.00 0.0 0 7.6 14 260 M M 0 22 270
19 70 43 57 15 8 0 0.00 0.0 0 12.0 28 200 M M 1 35 200
20 63 42 53 11 12 0 0.00 0.0 0 8.7 16 350 M M 2 23 240
21 47 37 42 0 23 0 0.00 0.0 0 7.0 18 10 M M 0 25 360
22 58 34 46 4 19 0 0.51 0.0 0 6.0 20 140 M M 7 1 27 150
23 52 40 46 4 19 0 0.05 0.0 0 7.8 14 290 M M 8 1 22 280
24 52 34 43 1 22 0 0.00 0.0 0 3.9 13 240 M M 0 17 230
25 62 33 48 6 17 0 1.32 0.0 0 9.6 26 210 M M 6 1 32 210
26 60 40 50 8 15 0 0.07 0.0 0 10.2 23 220 M M 5 1 31 220
27 47 33 40 -2 25 0 0.00 0.0 0 4.7 14 250 M M 2 20 260
28 59 30 45 3 20 0 0.00 0.0 0 7.9 14 210 M M 0 18 240
29 58 35 47 5 18 0 T 0.0 0 7.6 20 230 M M 5 26 240
30 55 44 50 8 15 0 0.42 0.0 0 2.5 9 360 M M 8 12 11 360
31 55 42 49 7 16 0 0.02 0.0 0 11.5 18 30 M M 9 1 22 30
================================================================================
SM 1750 1214 528 2 3.12 0.0 249.0 M 110
================================================================================
AV 56.5 39.2 8.0 FASTST M M 4 MAX(MPH)
MISC ----> 33 200 44 200
================================================================================
NOTES:
# LAST OF SEVERAL OCCURRENCES
COLUMN 17 PEAK WIND IN M.P.H.
PRELIMINARY LOCAL CLIMATOLOGICAL DATA (WS FORM: F-6) , PAGE 2
STATION: NORFOLK VA
MONTH: JANUARY
YEAR: 2023
LATITUDE: 36 54 N
LONGITUDE: 76 12 W
[TEMPERATURE DATA] [PRECIPITATION DATA] SYMBOLS USED IN COLUMN 16
AVERAGE MONTHLY: 47.8 TOTAL FOR MONTH: 3.12 1 = FOG OR MIST
DPTR FM NORMAL: 5.6 DPTR FM NORMAL: -0.29 2 = FOG REDUCING VISIBILITY
HIGHEST: 71 ON 3 GRTST 24HR 1.42 ON 25-26 TO 1/4 MILE OR LESS
LOWEST: 29 ON 10 3 = THUNDER
SNOW, ICE PELLETS, HAIL 4 = ICE PELLETS
TOTAL MONTH: 0.0 INCH 5 = HAIL
GRTST 24HR 0.0 6 = FREEZING RAIN OR DRIZZLE
GRTST DEPTH: 0 7 = DUSTSTORM OR SANDSTORM:
VSBY 1/2 MILE OR LESS
8 = SMOKE OR HAZE
[NO. OF DAYS WITH] [WEATHER - DAYS WITH] 9 = BLOWING SNOW
X = TORNADO
MAX 32 OR BELOW: 0 0.01 INCH OR MORE: 12
MAX 90 OR ABOVE: 0 0.10 INCH OR MORE: 5
MIN 32 OR BELOW: 5 0.50 INCH OR MORE: 2
MIN 0 OR BELOW: 0 1.00 INCH OR MORE: 1
[HDD (BASE 65) ]
TOTAL THIS MO. 528 CLEAR (SCALE 0-3) 16
DPTR FM NORMAL -181 PTCLDY (SCALE 4-7) 11
TOTAL FM JUL 1 1643 CLOUDY (SCALE 8-10) 4
DPTR FM NORMAL -132
[CDD (BASE 65) ]
TOTAL THIS MO. 2
DPTR FM NORMAL 1 [PRESSURE DATA]
TOTAL FM JAN 1 2 HIGHEST SLP 30.39 ON 28
DPTR FM NORMAL 1 LOWEST SLP 29.56 ON 23
[REMARKS]
#FINAL-01-23#